{"id":185,"date":"2025-03-18T10:47:49","date_gmt":"2025-03-18T09:47:49","guid":{"rendered":"https:\/\/www.blakors.no\/arbeid-og-inkludering\/?page_id=185"},"modified":"2025-03-18T10:47:50","modified_gmt":"2025-03-18T09:47:50","slug":"lese-og-skrivetrening","status":"publish","type":"page","link":"https:\/\/www.blakors.no\/arbeid-og-inkludering\/lese-og-skrivetrening\/","title":{"rendered":"Lese- og skrivetrening"},"content":{"rendered":"\n\t<div style=\"--t2-hero-dim:0;\" class=\"t2-hero t2-hero-content-position-center-left t2-hero-has-dim-0 alignfull wp-block-t2-hero has-background has-brown-light-background-color\">\n\t\t\n\t\t<div class=\"t2-hero__header\"><div class=\"t2-hero__header__content\">\n\n<h1 id=\"lese-og-skrivetrening\"  class=\"wp-block-heading\" >Lese- og skrivetrening<\/h1>\n\n\n\n<p>Pedagogen foretar kartlegginger av lese- skrive og tallferdigheter og tilbyr basisoppl\u00e6ring som er viktig i arbeidslivet.<\/p>\n\n<\/div><\/div>\n\t<\/div>\n\n\n<p>I AFT har vi en egen <strong>pedagog<\/strong> som\u00a0foretar grundige kartlegginger av lese-, skrive-, og tallferdigheter. Vi gir individuelt tilpasset oppl\u00e6ring i grunnleggende basiskompetanse.<\/p>\n\n\n\n<p>Pedagogen kan bidra med viktig lese- og skrivetrening, samt bistand til studieforberedelser. Deres kartlegging og veiledning kan utl\u00f8se rettigheter til st\u00f8tte i undervisning og p\u00e5 eksamen.<\/p>\n\n\n\n<h2 class=\"wp-block-heading\" id=\"h-hva-er-basiskompetanse\"><strong>Hva er basiskompetanse?<\/strong> <\/h2>\n\n\n\n<p>Basiskompetanse er de grunnleggende ferdighetene som de fleste arbeidsgivere forventer at vi besitter n\u00e5r vi s\u00f8ker jobb. Definert som f\u00f8lger:<\/p>\n\n\n\n<ul class=\"wp-block-list\">\n<li>leseferdigheter<\/li>\n\n\n\n<li>skriveferdigheter<\/li>\n\n\n\n<li>tallferdigheter<\/li>\n\n\n\n<li>digitale ferdigheter <\/li>\n<\/ul>\n\n\n\n<div class=\"wp-block-media-text alignwide is-stacked-on-mobile\"><figure class=\"wp-block-media-text__media\"><img decoding=\"async\" src=\"https:\/\/www.blakors.no\/content\/uploads\/sites\/29\/2022\/04\/Viser-noe-pa\u030a-PC-1024x683.jpg\" alt=\"\" class=\"wp-image-110 size-full\"\/><\/figure><div class=\"wp-block-media-text__content\">\n<h2 id=\"arbeidsrettet-norskopplaering\"  class=\"wp-block-heading\" >Arbeidsrettet norskoppl\u00e6ring <\/h2>\n\n\n\n<p>I Arbeidsforberedende Trening tilbyr vi arbeidsrettet norskoppl\u00e6ring for minoritetsspr\u00e5klige p\u00e5 A1 og A2 niv\u00e5. <\/p>\n\n\n\n<p>Pedagogen gir jobbs\u00f8kerne veiledning og bistand til forberedelser til studier, eksamener, sertifikat, og norskpr\u00f8ver. <\/p>\n<\/div><\/div>\n\n\n\n<div class=\"wp-block-media-text alignwide has-media-on-the-right is-stacked-on-mobile\" id=\"tilrettelegging_leseskrive\"><div class=\"wp-block-media-text__content\">\n<h2 id=\"lese-skrive-og-tallvansker\"  class=\"wp-block-heading\" ><strong>Lese-, skrive- og tallvansker  <\/strong><\/h2>\n\n\n\n<p>Pedagogen samarbeider med spesialpedagog i tilfeller der jobbs\u00f8kere trenger utredning eller hjelp og veiledning med lese-, skrive-, og tallvansker.  <\/p>\n<\/div><figure class=\"wp-block-media-text__media\"><img decoding=\"async\" src=\"https:\/\/www.blakors.no\/content\/uploads\/sites\/29\/2022\/04\/Veileder-1024x683.jpg\" alt=\"\" class=\"wp-image-109 size-full\"\/><\/figure><\/div>\n","protected":false},"excerpt":{"rendered":"<p>I AFT har vi en egen pedagog som\u00a0foretar grundige kartlegginger av lese-, skrive-, og tallferdigheter. Vi gir individuelt tilpasset oppl\u00e6ring i grunnleggende basiskompetanse. Pedagogen kan bidra med viktig lese- og skrivetrening, samt bistand til studieforberedelser. Deres kartlegging og veiledning kan utl\u00f8se rettigheter til st\u00f8tte i undervisning og p\u00e5 eksamen. Hva er basiskompetanse? Basiskompetanse er de [&hellip;]<\/p>\n","protected":false},"author":86,"featured_media":0,"parent":0,"menu_order":0,"comment_status":"closed","ping_status":"closed","template":"","meta":{"_acf_changed":false,"_relevanssi_hide_post":"","_relevanssi_hide_content":"","_relevanssi_pin_for_all":"","_relevanssi_pin_keywords":"","_relevanssi_unpin_keywords":"","_relevanssi_related_keywords":"","_relevanssi_related_include_ids":"","_relevanssi_related_exclude_ids":"","_relevanssi_related_no_append":"","_relevanssi_related_not_related":"","_relevanssi_related_posts":"1","_relevanssi_noindex_reason":"","_custom_cards_description":"","footnotes":""},"class_list":["post-185","page","type-page","status-publish","hentry"],"acf":[],"_links":{"self":[{"href":"https:\/\/www.blakors.no\/arbeid-og-inkludering\/wp-json\/wp\/v2\/pages\/185","targetHints":{"allow":["GET"]}}],"collection":[{"href":"https:\/\/www.blakors.no\/arbeid-og-inkludering\/wp-json\/wp\/v2\/pages"}],"about":[{"href":"https:\/\/www.blakors.no\/arbeid-og-inkludering\/wp-json\/wp\/v2\/types\/page"}],"author":[{"embeddable":true,"href":"https:\/\/www.blakors.no\/arbeid-og-inkludering\/wp-json\/wp\/v2\/users\/86"}],"replies":[{"embeddable":true,"href":"https:\/\/www.blakors.no\/arbeid-og-inkludering\/wp-json\/wp\/v2\/comments?post=185"}],"version-history":[{"count":1,"href":"https:\/\/www.blakors.no\/arbeid-og-inkludering\/wp-json\/wp\/v2\/pages\/185\/revisions"}],"predecessor-version":[{"id":186,"href":"https:\/\/www.blakors.no\/arbeid-og-inkludering\/wp-json\/wp\/v2\/pages\/185\/revisions\/186"}],"wp:attachment":[{"href":"https:\/\/www.blakors.no\/arbeid-og-inkludering\/wp-json\/wp\/v2\/media?parent=185"}],"curies":[{"name":"wp","href":"https:\/\/api.w.org\/{rel}","templated":true}]}}

<div style="--t2-hero-dim:0;" class="t2-hero t2-hero-content-position-center-left t2-hero-has-dim-0 alignfull wp-block-t2-hero has-background has-brown-light-background-color">
		
		<div class="t2-hero__header"><div class="t2-hero__header__content">

<h1 id="lese-og-skrivetrening"  class="wp-block-heading" >Lese- og skrivetrening</h1>



<p>Pedagogen foretar kartlegginger av lese- skrive og tallferdigheter og tilbyr basisopplæring som er viktig i arbeidslivet.</p>

</div></div>
	</div>


<p>I AFT har vi en egen <strong>pedagog</strong> som foretar grundige kartlegginger av lese-, skrive-, og tallferdigheter. Vi gir individuelt tilpasset opplæring i grunnleggende basiskompetanse.</p>



<p>Pedagogen kan bidra med viktig lese- og skrivetrening, samt bistand til studieforberedelser. Deres kartlegging og veiledning kan utløse rettigheter til støtte i undervisning og på eksamen.</p>



<h2 class="wp-block-heading" id="h-hva-er-basiskompetanse"><strong>Hva er basiskompetanse?</strong> </h2>



<p>Basiskompetanse er de grunnleggende ferdighetene som de fleste arbeidsgivere forventer at vi besitter når vi søker jobb. Definert som følger:</p>



<ul class="wp-block-list">
<li>leseferdigheter</li>



<li>skriveferdigheter</li>



<li>tallferdigheter</li>



<li>digitale ferdigheter </li>
</ul>



<div class="wp-block-media-text alignwide is-stacked-on-mobile"><figure class="wp-block-media-text__media"><img decoding="async" src="https://www.blakors.no/content/uploads/sites/29/2022/04/Viser-noe-på-PC-1024x683.jpg" alt="" class="wp-image-110 size-full"/></figure><div class="wp-block-media-text__content">
<h2 id="arbeidsrettet-norskopplaering"  class="wp-block-heading" >Arbeidsrettet norskopplæring </h2>



<p>I Arbeidsforberedende Trening tilbyr vi arbeidsrettet norskopplæring for minoritetsspråklige på A1 og A2 nivå. </p>



<p>Pedagogen gir jobbsøkerne veiledning og bistand til forberedelser til studier, eksamener, sertifikat, og norskprøver. </p>
</div></div>



<div class="wp-block-media-text alignwide has-media-on-the-right is-stacked-on-mobile" id="tilrettelegging_leseskrive"><div class="wp-block-media-text__content">
<h2 id="lese-skrive-og-tallvansker"  class="wp-block-heading" ><strong>Lese-, skrive- og tallvansker  </strong></h2>



<p>Pedagogen samarbeider med spesialpedagog i tilfeller der jobbsøkere trenger utredning eller hjelp og veiledning med lese-, skrive-, og tallvansker.  </p>
</div><figure class="wp-block-media-text__media"><img decoding="async" src="https://www.blakors.no/content/uploads/sites/29/2022/04/Veileder-1024x683.jpg" alt="" class="wp-image-109 size-full"/></figure></div>

<p>I AFT har vi en egen pedagog som foretar grundige kartlegginger av lese-, skrive-, og tallferdigheter. Vi gir individuelt tilpasset opplæring i grunnleggende basiskompetanse. Pedagogen kan bidra med viktig lese- og skrivetrening, samt bistand til studieforberedelser. Deres kartlegging og veiledning kan utløse rettigheter til støtte i undervisning og på eksamen. Hva er basiskompetanse? Basiskompetanse er de [&hellip;]</p>
