{"id":23,"date":"2025-01-23T21:01:32","date_gmt":"2025-01-23T20:01:32","guid":{"rendered":"https:\/\/www.blakors.no\/arbeid-og-inkludering\/?page_id=23"},"modified":"2026-03-16T15:02:52","modified_gmt":"2026-03-16T14:02:52","slug":"aft","status":"publish","type":"page","link":"https:\/\/www.blakors.no\/arbeid-og-inkludering\/tiltak\/aft\/","title":{"rendered":"Arbeidsforberende trening"},"content":{"rendered":"\n\t<div style=\"--t2-hero-dim:0;\" class=\"t2-hero t2-hero-content-position-center-left t2-hero-has-dim-0 t2-hero-has-fullsize-image alignfull  t2-hero-has-white-gradient-overlay wp-block-t2-hero has-text-color has-blue-dark-color\">\n\t\t<img decoding=\"async\" width=\"1200\" height=\"800\" src=\"https:\/\/v.imgi.no\/blakors-3046-37a77c6eb97f87b19e480bd6ae35fa78-1200x800\/2026_03_bilde-3.webp\" class=\"t2-hero__image\" alt=\"\" style=\"object-position: 50% 50%;\" loading=\"eager\" fetchpriority=\"high\" srcset=\"https:\/\/v.imgi.no\/blakors-3046-37a77c6eb97f87b19e480bd6ae35fa78-150x100\/2026_03_bilde-3.webp 150w, https:\/\/v.imgi.no\/blakors-3046-37a77c6eb97f87b19e480bd6ae35fa78-300x200\/2026_03_bilde-3.webp 300w, https:\/\/v.imgi.no\/blakors-3046-37a77c6eb97f87b19e480bd6ae35fa78-768x512\/2026_03_bilde-3.webp 768w, https:\/\/v.imgi.no\/blakors-3046-37a77c6eb97f87b19e480bd6ae35fa78-1024x683\/2026_03_bilde-3.webp 1024w, https:\/\/v.imgi.no\/blakors-3046-37a77c6eb97f87b19e480bd6ae35fa78-1200x800\/2026_03_bilde-3.webp 1200w, https:\/\/v.imgi.no\/blakors-3046-37a77c6eb97f87b19e480bd6ae35fa78-1200x800\/2026_03_bilde-3.webp 1200w, https:\/\/v.imgi.no\/blakors-3046-37a77c6eb97f87b19e480bd6ae35fa78-300x200\/2026_03_bilde-3.webp 300w, https:\/\/v.imgi.no\/blakors-3046-37a77c6eb97f87b19e480bd6ae35fa78-450x300\/2026_03_bilde-3.webp 450w, https:\/\/v.imgi.no\/blakors-3046-37a77c6eb97f87b19e480bd6ae35fa78-200x133\/2026_03_bilde-3.webp 200w, https:\/\/v.imgi.no\/blakors-3046-37a77c6eb97f87b19e480bd6ae35fa78-1200x800\/2026_03_bilde-3.webp 1200w, https:\/\/v.imgi.no\/blakors-3046-37a77c6eb97f87b19e480bd6ae35fa78-300x200\/2026_03_bilde-3.webp 300w, https:\/\/v.imgi.no\/blakors-3046-37a77c6eb97f87b19e480bd6ae35fa78-400x267\/2026_03_bilde-3.webp 400w, https:\/\/v.imgi.no\/blakors-3046-37a77c6eb97f87b19e480bd6ae35fa78-600x400\/2026_03_bilde-3.webp 600w, https:\/\/v.imgi.no\/blakors-3046-37a77c6eb97f87b19e480bd6ae35fa78-1200x800\/2026_03_bilde-3.webp 1200w, https:\/\/v.imgi.no\/blakors-3046-37a77c6eb97f87b19e480bd6ae35fa78-1200x800\/2026_03_bilde-3.webp 1200w\" sizes=\"(max-width: 1200px) 100vw, 1200px\" \/>\n\t\t<div class=\"t2-hero__header\"><div class=\"t2-hero__header__content\">\n\n<h2 id=\"arbeidsforberende-trening\"  class=\"wp-block-heading\" >Arbeidsforberende trening<\/h2>\n\n\n\n<p>Arbeidsforberedende trening (AFT) er et tiltak med 12 m\u00e5neders varighet som drives av Bl\u00e5 Kors arbeid og inkludering, og s\u00f8kes inn via NAV lokalt. Det overordnede m\u00e5let med tiltaket er at jobbs\u00f8kere i AFT skal ut i jobb eller utdanning.<\/p>\n\n<\/div><\/div>\n\t<\/div>\n\n\n<p>Hos oss kan alle jobbs\u00f8kere f\u00e5 bistand til \u00e5 finne veien til arbeid og utdanning. Vi har et n\u00e6rt samarbeid med eksterne bedrifter og kan tilby arbeidsutpr\u00f8ving, arbeidstrening og oppl\u00e6ring i henhold til jobbs\u00f8kerens egne \u00f8nsker og behov.&nbsp;<\/p>\n\n\n\n<figure class=\"wp-block-embed dekode-gtm-iframe-preview is-type-video is-provider-youtube wp-block-embed-youtube wp-embed-aspect-16-9 wp-has-aspect-ratio\"><div class=\"wp-block-embed__wrapper\">\n<iframe title=\"Bl\u00e5 Kors arbeid og inkludering Oslo   Karriereveiledning\" width=\"500\" height=\"281\" data-cookieconsent=\"marketing\" data-cookieblock-src=\"https:\/\/www.youtube.com\/embed\/b-FgbFra9uI?feature=oembed\"  allow=\"accelerometer; autoplay; clipboard-write; encrypted-media; gyroscope; picture-in-picture; web-share\" referrerpolicy=\"strict-origin-when-cross-origin\" allowfullscreen sandbox=\"allow-scripts allow-same-origin allow-popups allow-presentation allow-popups-to-escape-sandbox\"><\/iframe>\n\t\t<div class=\"cookieconsent-optout-marketing dekode-gtm-cookie-consent-video-placeholder\">\n\t\t\t<div class=\"dekode-gtm-cookie-consent is-block-core-embed is-provider-youtube\">\n\t\t\t\t\n\t\t\t<img decoding=\"async\" src=\"https:\/\/i.ytimg.com\/vi\/b-FgbFra9uI\/hqdefault.jpg\" alt=\"youtube\" \/>\n\t\t\t\t<div class=\"overlay\">\n\t\t\t\t\t<div class=\"cookie-info\">\n\t\t\t\t\t\t<h2 id=\"her-ligger-det-medieinnhold-fra-en-ekstern-kilde\"  >Her ligger det medieinnhold fra en ekstern kilde. <\/h2> \n\n<p>For \u00e5 se innholdet, m\u00e5 du endre samtykket ditt.<\/p>\n\n<p>Les mer om hvordan dataen din blir behandlet av eksterne kilder i personvernerkl\u00e6ringen v\u00e5r.<\/p>\n\t\t\t\t\t\t<p>\n\t\t\t\t\t\t\t<a title=\"Endre samtykke\" class=\"dekode-gtm-cookiebot-renew\" href=\"#\">Endre samtykke<\/a>\n\t\t\t\t\t\t\t\n\t\t\t\t\t\t<\/p>\n\t\t\t\t\t<\/div>\n\t\t\t\t<\/div>\n\t\t\t<\/div>\n\t\t<\/div>\n<\/div><\/figure>\n\n\n\n<h2 id=\"hva-gar-det-ut-pa\"  class=\"wp-block-heading\" >Hva g\u00e5r det ut p\u00e5?<\/h2>\n\n\n\n<p id=\"block-0fa64e5d-b0d3-40a6-b07b-97b15bd30fb0\">Veilederne hjelper deg \u00e5 kartlegge dine ressurser, interesser og m\u00e5l, og se hvilke muligheter som finnes for deg.<\/p>\n\n\n\n<p id=\"block-0fa64e5d-b0d3-40a6-b07b-97b15bd30fb0\">Vi bist\u00e5r deg med \u00e5 styrke ditt nettverk til jobbmuligheter gjennom veiledning, utvikling av ny kompetanse, arbeidstrening og oppf\u00f8lging.<\/p>\n\n\n\n<p id=\"block-1564b4d5-43e9-445d-85c6-c98c77e5ac82\">Du og din veileder vurderer sammen med NAV om kompetanseheving eller utdanning er riktig, for \u00e5 styrke jobbmulighetene og velge bedre tilpassede yrker.<\/p>\n\n\n\n\t\t<div class=\"wp-block-lib-accentuated-link\">\n\t\t\t<a\n\t\t\t\tclass=\"lib-link__link\"\n\t\t\t\thref=\"https:\/\/www.blakors.no\/arbeid-og-inkludering\/utdanning\/\"\n\t\t\t\ttarget=\"\"\n\t\t\t\trel=\"\"\n\t\t\t>\n\t\t\t\t\n\t\t\t\t<div class=\"lib-link__text-content\">\n\t\t\t\t\t<span class=\"lib-link__tagline\">\n\t\t\t\t\t\tLes ogs\u00e5\n\t\t\t\t\t<\/span>\n\n\t\t\t\t\t<h3 class=\"lib-link__title\">\n\t\t\t\t\t\tUtdanning i arbeid og inkludering\n\t\t\t\t\t<\/h3>\n\n\t\t\t\t\t\n\t\t\t\t<\/div>\n\t\t\t<\/a>\n\t\t<\/div>\n\n\n<h2 id=\"hvordan-hjelper-vi-folk-ut-i-jobb-og-utdanning\"  class=\"wp-block-heading\" >Hvordan hjelper vi folk ut i jobb og utdanning?<\/h2>\n\n\n\n<p>Bl\u00e5 Kors arbeid og inkludering er en kunnskapsbedrift hvor de ansatte har h\u00f8y kompetanse, b\u00e5de yrkesfaglig og utdanningsmessig. Veilederne har lang erfaring med tilrettelegging og inkludering i arbeidslivet.<\/p>\n\n\n\n<p>AFT veiledere har variert bakgrunn og b\u00e5de sosialfaglig, yrkesfaglig, pedagogisk, og helsefaglig utdanning. I tillegg har vi veiledere med erfaring fra ledelse, rekruttering og markedsarbeid. Vi har en solid tverrfaglig plattform og sterk inkluderingskompetanse.<\/p>\n\n\n\n<div class=\"wp-block-group is-layout-constrained wp-block-group-is-layout-constrained\">\n<div class=\"wp-block-columns is-layout-flex wp-container-core-columns-is-layout-9d6595d7 wp-block-columns-is-layout-flex\">\n<div class=\"wp-block-column is-layout-flow wp-block-column-is-layout-flow\">\n<div class=\"wp-block-cover is-light has-custom-content-position is-position-top-center\"><span aria-hidden=\"true\" class=\"wp-block-cover__background has-lila-light-background-color has-background-dim-100 has-background-dim\"><\/span><div class=\"wp-block-cover__inner-container is-layout-constrained wp-block-cover-is-layout-constrained\">\n<h4 id=\"kontakt-med-nav\"  class=\"wp-block-heading has-text-align-center\" ><strong>Kontakt <\/strong><br><strong>med NAV<\/strong><\/h4>\n\n\n\n<p>Du vil sammen med din veileder i NAV ta kontakt med oss.<\/p>\n<\/div><\/div>\n<\/div>\n\n\n\n<div class=\"wp-block-column is-layout-flow wp-block-column-is-layout-flow\">\n<div class=\"wp-block-cover is-light has-custom-content-position is-position-top-center\"><span aria-hidden=\"true\" class=\"wp-block-cover__background has-lila-light-background-color has-background-dim-100 has-background-dim\"><\/span><div class=\"wp-block-cover__inner-container is-layout-constrained wp-block-cover-is-layout-constrained\">\n<h4 id=\"oppstart-og-kartlegging\"  class=\"wp-block-heading has-text-align-center\" ><strong>Oppstart og <\/strong><br><strong>kartlegging<\/strong><\/h4>\n\n\n\n<p>I f\u00f8rste samtale blir vi kjent og lage en plan. <br>Vi vil deretter kartlegge dine ferdigheter og interesser og bist\u00e5 med karriereveiledning.<\/p>\n<\/div><\/div>\n<\/div>\n\n\n\n<div class=\"wp-block-column is-layout-flow wp-block-column-is-layout-flow\">\n<div class=\"wp-block-cover is-light has-custom-content-position is-position-top-center\"><span aria-hidden=\"true\" class=\"wp-block-cover__background has-lila-light-background-color has-background-dim-100 has-background-dim\"><\/span><div class=\"wp-block-cover__inner-container is-layout-constrained wp-block-cover-is-layout-constrained\">\n<h4 id=\"arbeidstrening-internt\"  class=\"wp-block-heading has-text-align-center\" ><strong>Arbeidstrening <\/strong><br><strong>internt<\/strong><\/h4>\n\n\n\n<p>F\u00f8rste steg ut i arbeid kan v\u00e6re i en intern avdeling, med fagveiledere som tilrettelegger arbeidet. Alle avdelinger er godkjente l\u00e6rebedrifter.<\/p>\n<\/div><\/div>\n<\/div>\n<\/div>\n<\/div>\n\n\n\n<div class=\"wp-block-group is-layout-constrained wp-block-group-is-layout-constrained\">\n<div class=\"wp-block-columns is-layout-flex wp-container-core-columns-is-layout-9d6595d7 wp-block-columns-is-layout-flex\">\n<div class=\"wp-block-column is-layout-flow wp-block-column-is-layout-flow\">\n<div class=\"wp-block-cover is-light has-custom-content-position is-position-top-center\"><span aria-hidden=\"true\" class=\"wp-block-cover__background has-lila-light-background-color has-background-dim-100 has-background-dim\"><\/span><div class=\"wp-block-cover__inner-container is-layout-constrained wp-block-cover-is-layout-constrained\">\n<h4 id=\"tilrettelagt-opplaering\"  class=\"wp-block-heading has-text-align-center\" ><strong>Tilrettelagt <\/strong><br><strong>oppl\u00e6ring<\/strong><\/h4>\n\n\n\n<p>Du vil f\u00e5 god oppl\u00e6ring tilpasset til deg<\/p>\n<\/div><\/div>\n<\/div>\n\n\n\n<div class=\"wp-block-column is-layout-flow wp-block-column-is-layout-flow\">\n<div class=\"wp-block-cover is-light has-custom-content-position is-position-top-center\"><span aria-hidden=\"true\" class=\"wp-block-cover__background has-lila-light-background-color has-background-dim-100 has-background-dim\"><\/span><div class=\"wp-block-cover__inner-container is-layout-constrained wp-block-cover-is-layout-constrained\">\n<h4 id=\"arbeidstrening-eksternt\"  class=\"wp-block-heading has-text-align-center\" ><strong>Arbeidstrening <\/strong><br><strong>eksternt<\/strong><\/h4>\n\n\n\n<p>Videre arbeidstrening skjer i ordin\u00e6rt arbeidsliv. Vi vil f\u00f8lge deg opp og gi bistand i overgang til ordin\u00e6rt arbeid.<\/p>\n<\/div><\/div>\n<\/div>\n\n\n\n<div class=\"wp-block-column is-layout-flow wp-block-column-is-layout-flow\">\n<div class=\"wp-block-cover is-light has-custom-content-position is-position-top-center\"><span aria-hidden=\"true\" class=\"wp-block-cover__background has-lila-light-background-color has-background-dim-100 has-background-dim\"><\/span><div class=\"wp-block-cover__inner-container is-layout-constrained wp-block-cover-is-layout-constrained\">\n<h4 id=\"avslutning-og-plan-videre\"  class=\"wp-block-heading has-text-align-center\" ><strong>Avslutning <\/strong><br><strong>og plan videre<\/strong><\/h4>\n\n\n\n<p>Etter 12 m\u00e5neder vil vi sammen med deg og NAV gi en anbefaling for videre oppf\u00f8lging<\/p>\n<\/div><\/div>\n<\/div>\n<\/div>\n<\/div>\n\n\n\n<div class=\"wp-block-buttons is-layout-flex wp-block-buttons-is-layout-flex\">\n<div class=\"wp-block-button\"><a class=\"wp-block-button__link wp-element-button\" href=\"https:\/\/www.nav.no\/sok-nav-kontor\" target=\"_blank\" rel=\"noopener\"><strong>Ta kontakt med ditt lokale NAV-kontor for mer informasjon om hvordan du kan s\u00f8ke til <\/strong>AFT<\/a><\/div>\n<\/div>\n\n\n\n<div class=\"wp-block-media-text alignwide is-stacked-on-mobile\"><figure class=\"wp-block-media-text__media\"><img decoding=\"async\" srcset=\"https:\/\/v.imgi.no\/blakors-2887-50509d59730a8f65d963f77928c9492d-150x130\/2026_03_sbs-logo-positive-1.webp 150w, https:\/\/v.imgi.no\/blakors-2887-50509d59730a8f65d963f77928c9492d-300x260\/2026_03_sbs-logo-positive-1.webp 300w, https:\/\/v.imgi.no\/blakors-2887-50509d59730a8f65d963f77928c9492d-768x666\/2026_03_sbs-logo-positive-1.webp 768w, https:\/\/v.imgi.no\/blakors-2887-50509d59730a8f65d963f77928c9492d-1024x889\/2026_03_sbs-logo-positive-1.webp 1024w, https:\/\/v.imgi.no\/blakors-2887-50509d59730a8f65d963f77928c9492d-1536x1333\/2026_03_sbs-logo-positive-1.webp 1536w, https:\/\/v.imgi.no\/blakors-2887-50509d59730a8f65d963f77928c9492d-1820x1580\/2026_03_sbs-logo-positive-1.webp 1820w, https:\/\/v.imgi.no\/blakors-2887-50509d59730a8f65d963f77928c9492d-300x260\/2026_03_sbs-logo-positive-1.webp 300w, https:\/\/v.imgi.no\/blakors-2887-50509d59730a8f65d963f77928c9492d-415x360\/2026_03_sbs-logo-positive-1.webp 415w, https:\/\/v.imgi.no\/blakors-2887-50509d59730a8f65d963f77928c9492d-200x174\/2026_03_sbs-logo-positive-1.webp 200w, https:\/\/v.imgi.no\/blakors-2887-50509d59730a8f65d963f77928c9492d-1659x1440\/2026_03_sbs-logo-positive-1.webp 1659w, https:\/\/v.imgi.no\/blakors-2887-50509d59730a8f65d963f77928c9492d-300x260\/2026_03_sbs-logo-positive-1.webp 300w, https:\/\/v.imgi.no\/blakors-2887-50509d59730a8f65d963f77928c9492d-400x347\/2026_03_sbs-logo-positive-1.webp 400w, https:\/\/v.imgi.no\/blakors-2887-50509d59730a8f65d963f77928c9492d-600x521\/2026_03_sbs-logo-positive-1.webp 600w, https:\/\/v.imgi.no\/blakors-2887-50509d59730a8f65d963f77928c9492d-1820x1580\/2026_03_sbs-logo-positive-1.webp 1820w, https:\/\/v.imgi.no\/blakors-2887-50509d59730a8f65d963f77928c9492d-1820x1580\/2026_03_sbs-logo-positive-1.webp 1820w\" sizes=\"(max-width: 1820px) 100vw, 1820px\" src=\"https:\/\/www.blakors.no\/content\/uploads\/sites\/29\/2023\/04\/JY1A4384-1024x690.jpg\" alt=\"\" class=\"imageshop-document-id-8452434 wp-image-2887 size-full\"\/><\/figure><div class=\"wp-block-media-text__content\">\n<p class=\"has-large-font-size\">Karriereveiledere<\/p>\n\n\n\n<p>Jobbs\u00f8keren lager f\u00f8rst en individuelt tilpasset plan for tiltaket sammen med sin karriereveileder, og NAV involveres i planen. Karriereveilederne f\u00f8lger sine jobbs\u00f8kere tett opp frem til m\u00e5let om jobb eller utdanning.<\/p>\n<\/div><\/div>\n\n\n\n<div class=\"wp-block-media-text alignwide is-stacked-on-mobile\"><figure class=\"wp-block-media-text__media\"><img decoding=\"async\" src=\"https:\/\/www.blakors.no\/content\/uploads\/sites\/29\/2022\/04\/Snekrer-1024x705.jpg\" alt=\"\" class=\"wp-image-106 size-full\"\/><\/figure><div class=\"wp-block-media-text__content\">\n<p class=\"has-large-font-size\">Fagveiledere<\/p>\n\n\n\n<p>Vi har spesialkompetanse innen fagoppl\u00e6ring til maler, ern\u00e6ringskokk, konditor, bilpleier og kontor- og administrasjonsfaget, og arbeidstrening skjer p\u00e5 v\u00e5re interne produksjonsavdelinger.<\/p>\n\n\n\n<p class=\"has-text-align-left\">Fagveilederne gir oppl\u00e6ring og oppf\u00f8lging under intern arbeidstrening, f\u00f8r jobbs\u00f8kerne skal ut i det ordin\u00e6re arbeidsliv. <\/p>\n<\/div><\/div>\n\n\n\n<div class=\"wp-block-group alignfull has-lila-light-background-color has-background is-layout-constrained wp-block-group-is-layout-constrained\">\n<p><span class=\"is-style-h2\">De ansatte er sertifiserte innen<\/span><\/p>\n\n\n\n<ul class=\"wp-block-list\">\n<li>Karriereveiledning<\/li>\n\n\n\n<li>Veilederen Basis<\/li>\n\n\n\n<li>Motiverende intervju<\/li>\n\n\n\n<li>Supported employment<\/li>\n<\/ul>\n<\/div>\n","protected":false},"excerpt":{"rendered":"<p>Hos oss kan alle jobbs\u00f8kere f\u00e5 bistand til \u00e5 finne veien til arbeid og utdanning. Vi har et n\u00e6rt samarbeid med eksterne bedrifter og kan tilby arbeidsutpr\u00f8ving, arbeidstrening og oppl\u00e6ring i henhold til jobbs\u00f8kerens egne \u00f8nsker og behov.&nbsp; Hva g\u00e5r det ut p\u00e5? Veilederne hjelper deg \u00e5 kartlegge dine ressurser, interesser og m\u00e5l, og se [&hellip;]<\/p>\n","protected":false},"author":86,"featured_media":0,"parent":159,"menu_order":0,"comment_status":"closed","ping_status":"closed","template":"","meta":{"_acf_changed":false,"_relevanssi_hide_post":"off","_relevanssi_hide_content":"","_relevanssi_pin_for_all":"","_relevanssi_pin_keywords":"","_relevanssi_unpin_keywords":"","_relevanssi_related_keywords":"","_relevanssi_related_include_ids":"","_relevanssi_related_exclude_ids":"","_relevanssi_related_no_append":"","_relevanssi_related_not_related":"","_relevanssi_related_posts":"1","_relevanssi_noindex_reason":"","_custom_cards_description":"","footnotes":""},"class_list":["post-23","page","type-page","status-publish","hentry"],"acf":[],"_links":{"self":[{"href":"https:\/\/www.blakors.no\/arbeid-og-inkludering\/wp-json\/wp\/v2\/pages\/23","targetHints":{"allow":["GET"]}}],"collection":[{"href":"https:\/\/www.blakors.no\/arbeid-og-inkludering\/wp-json\/wp\/v2\/pages"}],"about":[{"href":"https:\/\/www.blakors.no\/arbeid-og-inkludering\/wp-json\/wp\/v2\/types\/page"}],"author":[{"embeddable":true,"href":"https:\/\/www.blakors.no\/arbeid-og-inkludering\/wp-json\/wp\/v2\/users\/86"}],"replies":[{"embeddable":true,"href":"https:\/\/www.blakors.no\/arbeid-og-inkludering\/wp-json\/wp\/v2\/comments?post=23"}],"version-history":[{"count":4,"href":"https:\/\/www.blakors.no\/arbeid-og-inkludering\/wp-json\/wp\/v2\/pages\/23\/revisions"}],"predecessor-version":[{"id":3047,"href":"https:\/\/www.blakors.no\/arbeid-og-inkludering\/wp-json\/wp\/v2\/pages\/23\/revisions\/3047"}],"up":[{"embeddable":true,"href":"https:\/\/www.blakors.no\/arbeid-og-inkludering\/wp-json\/wp\/v2\/pages\/159"}],"wp:attachment":[{"href":"https:\/\/www.blakors.no\/arbeid-og-inkludering\/wp-json\/wp\/v2\/media?parent=23"}],"curies":[{"name":"wp","href":"https:\/\/api.w.org\/{rel}","templated":true}]}}