{"id":3396,"date":"2026-05-03T20:43:56","date_gmt":"2026-05-03T18:43:56","guid":{"rendered":"https:\/\/www.blakors.no\/arbeid-og-inkludering\/?page_id=3396"},"modified":"2026-05-05T13:43:07","modified_gmt":"2026-05-05T11:43:07","slug":"nyttige-tips","status":"publish","type":"page","link":"https:\/\/www.blakors.no\/arbeid-og-inkludering\/arbeidsgiver\/nyttige-tips\/","title":{"rendered":"Nyttige tips"},"content":{"rendered":"\n<div class=\"wp-block-media-text is-stacked-on-mobile\"><figure class=\"wp-block-media-text__media\"><img loading=\"lazy\" decoding=\"async\" width=\"1333\" height=\"2000\" src=\"https:\/\/www.blakors.no\/content\/uploads\/sites\/55\/2026\/05\/freepik__photo-a-white-tote-bag-with-blue-handles-hangs-aga__40172.png\" alt=\"\" class=\"wp-image-3397 size-full\" srcset=\"https:\/\/www.blakors.no\/content\/uploads\/sites\/55\/2026\/05\/freepik__photo-a-white-tote-bag-with-blue-handles-hangs-aga__40172.png 1333w, https:\/\/www.blakors.no\/content\/uploads\/sites\/55\/2026\/05\/freepik__photo-a-white-tote-bag-with-blue-handles-hangs-aga__40172-200x300.png 200w, https:\/\/www.blakors.no\/content\/uploads\/sites\/55\/2026\/05\/freepik__photo-a-white-tote-bag-with-blue-handles-hangs-aga__40172-682x1024.png 682w, https:\/\/www.blakors.no\/content\/uploads\/sites\/55\/2026\/05\/freepik__photo-a-white-tote-bag-with-blue-handles-hangs-aga__40172-768x1152.png 768w, https:\/\/www.blakors.no\/content\/uploads\/sites\/55\/2026\/05\/freepik__photo-a-white-tote-bag-with-blue-handles-hangs-aga__40172-1024x1536.png 1024w, https:\/\/www.blakors.no\/content\/uploads\/sites\/55\/2026\/05\/freepik__photo-a-white-tote-bag-with-blue-handles-hangs-aga__40172-960x1440.png 960w\" sizes=\"auto, (max-width: 1333px) 100vw, 1333px\" \/><\/figure><div class=\"wp-block-media-text__content\">\n<p>Her har du en liten digital &laquo;Goodie Bag&raquo; med lenker og tips for \u00e5 l\u00e6re mer om kunstig intelligens og arbeidsinkludering.<\/p>\n<\/div><\/div>\n\n\n\n<h2 id=\"presentasjon-ansvarlig-ki\"  class=\"wp-block-heading\" >Presentasjon Ansvarlig KI<\/h2>\n\n\n\n<p><em>Klara.ai &#8211; KI-basert beslutningsst\u00f8tte for inkluderende rekruttering<\/em><\/p>\n\n\n\n<div data-wp-interactive=\"core\/file\" class=\"wp-block-file\"><object data-wp-bind--hidden=\"!state.hasPdfPreview\" hidden class=\"wp-block-file__embed\" data=\"https:\/\/www.blakors.no\/content\/uploads\/sites\/55\/2026\/05\/Klara-presentasjon-Bla-Kors-05.05.26.pdf\" type=\"application\/pdf\" style=\"width:100%;height:600px\" aria-label=\"Innbygging av Klara presentasjon Bla Kors 05.05.26\"><\/object><a id=\"wp-block-file--media-8c064879-6284-4d55-924d-faa793bc0753\" href=\"https:\/\/www.blakors.no\/content\/uploads\/sites\/55\/2026\/05\/Klara-presentasjon-Bla-Kors-05.05.26.pdf\">Klara presentasjon Bla Kors 05.05.26<\/a><a href=\"https:\/\/www.blakors.no\/content\/uploads\/sites\/55\/2026\/05\/Klara-presentasjon-Bla-Kors-05.05.26.pdf\" class=\"wp-block-file__button wp-element-button\" download aria-describedby=\"wp-block-file--media-8c064879-6284-4d55-924d-faa793bc0753\">Last ned<\/a><\/div>\n\n\n\n<div data-wp-interactive=\"core\/file\" class=\"wp-block-file\"><object data-wp-bind--hidden=\"!state.hasPdfPreview\" hidden class=\"wp-block-file__embed\" data=\"https:\/\/www.blakors.no\/content\/uploads\/sites\/55\/2026\/05\/Frokostmote-5-mai-Kunstig-intelligens-Live-versjon.pdf\" type=\"application\/pdf\" style=\"width:100%;height:600px\" aria-label=\"Innbygging av Frokostm\u00f8te 5 mai Kunstig intelligens - Live versjon\"><\/object><a id=\"wp-block-file--media-45ccaf5f-a226-4cab-856b-46a9bab15136\" href=\"https:\/\/www.blakors.no\/content\/uploads\/sites\/55\/2026\/05\/Frokostmote-5-mai-Kunstig-intelligens-Live-versjon.pdf\">Frokostm\u00f8te 5 mai Kunstig intelligens &#8211; Live versjon<\/a><a href=\"https:\/\/www.blakors.no\/content\/uploads\/sites\/55\/2026\/05\/Frokostmote-5-mai-Kunstig-intelligens-Live-versjon.pdf\" class=\"wp-block-file__button wp-element-button\" download aria-describedby=\"wp-block-file--media-45ccaf5f-a226-4cab-856b-46a9bab15136\">Last ned<\/a><\/div>\n\n\n\n<h3 class=\"wp-block-heading\" id=\"g\">Er du interessert i \u00e5 vite mer om Klara.ai og bruk av KI i arbeidsinkludering?<br>Ta kontakt!<\/h3>\n\n\n\n<p><strong>Modolf Moen<\/strong><br>Digitaliserings- og kommunikasjonssjef<br>Arbeid &amp; Inkludering i NHO Service og Handel<br>482 05 607 <a href=\"mailto:modolf.moen@nhosh.no\">modolf.moen@nhosh.no<\/a><\/p>\n\n\n\n<p><strong>Truls Rogstad<br><\/strong>Karriereveileder\/markedskoordinator<br>Bl\u00e5 Kors arbeid og inkludering Oslo<br>922 05 592  <a href=\"mailto:truls.rogstad@blakors.no\">truls.rogstad@blakors.no<\/a><\/p>\n\n\n\n<h2 class=\"wp-block-heading\" id=\"maling-av-mobler\">Nyttige lenker om KI<\/h2>\n\n\n\n<div class=\"wp-block-columns is-layout-flex wp-container-core-columns-is-layout-9d6595d7 wp-block-columns-is-layout-flex\">\n<div class=\"wp-block-column is-layout-flow wp-block-column-is-layout-flow\">\n\t\t<div class=\"wp-block-lib-accentuated-link\">\n\t\t\t<a class=\"lib-link__link\" href=\"https:\/\/artificialintelligenceact.eu\/\" target=\"\" rel=\"noopener\">\n\t\t\t\t\n\t\t\t\t<div class=\"lib-link__text-content\">\n\t\t\t\t\t<span class=\"lib-link__tagline\">\n\t\t\t\t\t\tEuropas KI forordning\n\t\t\t\t\t<\/span>\n\n\t\t\t\t\t<h3 class=\"lib-link__title\">\n\t\t\t\t\t\tEUs Artificial Intelligence Act\n\t\t\t\t\t<\/h3>\n\n\t\t\t\t\t\n\t\t\t<span class=\"lib-link__link-source\">\n\t\t\t\tartificialintelligenceact.eu\n\t\t\t\t<svg xmlns=\"http:\/\/www.w3.org\/2000\/svg\" viewBox=\"0 0 24 24\" height=\"24\" width=\"24\" class=\"t2-icon t2-icon-linkexternal\" aria-hidden=\"true\" focusable=\"false\"><path d=\"M5 21c-.5 0-1-.2-1.4-.6S3 19.6 3 19V5c0-.6.2-1 .6-1.4S4.5 3 5 3h6c.3 0 .5.1.7.3.2.2.3.4.3.7 0 .3-.1.5-.3.7-.2.2-.4.3-.7.3H5v14h14v-6c0-.3.1-.5.3-.7.2-.2.4-.3.7-.3s.5.1.7.3c.2.2.3.4.3.7v6c0 .6-.2 1-.6 1.4s-.8.6-1.4.6H5zm4-6c-.2-.2-.3-.4-.3-.7s.1-.5.3-.7L17.6 5H15c-.3 0-.5-.1-.7-.3-.2-.2-.3-.4-.3-.7 0-.3.1-.5.3-.7.2-.2.4-.3.7-.3h5c.3 0 .5.1.7.3.2.2.3.4.3.7v5c0 .3-.1.5-.3.7-.2.2-.4.3-.7.3s-.5-.1-.7-.3c-.2-.2-.3-.4-.3-.7V6.4L10.4 15c-.2.2-.4.3-.7.3s-.5-.1-.7-.3z\" fill=\"currentColor\" \/><\/svg>\n\t\t\t<\/span>\n\t\t\t\t<\/div>\n\t\t\t<\/a>\n\t\t<\/div><\/div>\n\n\n\n<div class=\"wp-block-column is-layout-flow wp-block-column-is-layout-flow\">\n\t\t<div class=\"wp-block-lib-accentuated-link\">\n\t\t\t<a class=\"lib-link__link\" href=\"https:\/\/www.regjeringen.no\/no\/sub\/eos-notatbasen\/notatene\/2021\/juni\/forslag-til-forordning-om-kunstig-intelligens-ki-forordningen\/id2884935\/\" target=\"\" rel=\"noopener\">\n\t\t\t\t\n\t\t\t\t<div class=\"lib-link__text-content\">\n\t\t\t\t\t<span class=\"lib-link__tagline\">\n\t\t\t\t\t\tDig.- og forv. departementet\n\t\t\t\t\t<\/span>\n\n\t\t\t\t\t<h3 class=\"lib-link__title\">\n\t\t\t\t\t\tKI Forordningen i Norge\n\t\t\t\t\t<\/h3>\n\n\t\t\t\t\t\n\t\t\t<span class=\"lib-link__link-source\">\n\t\t\t\twww.regjeringen.no\n\t\t\t\t<svg xmlns=\"http:\/\/www.w3.org\/2000\/svg\" viewBox=\"0 0 24 24\" height=\"24\" width=\"24\" class=\"t2-icon t2-icon-linkexternal\" aria-hidden=\"true\" focusable=\"false\"><path d=\"M5 21c-.5 0-1-.2-1.4-.6S3 19.6 3 19V5c0-.6.2-1 .6-1.4S4.5 3 5 3h6c.3 0 .5.1.7.3.2.2.3.4.3.7 0 .3-.1.5-.3.7-.2.2-.4.3-.7.3H5v14h14v-6c0-.3.1-.5.3-.7.2-.2.4-.3.7-.3s.5.1.7.3c.2.2.3.4.3.7v6c0 .6-.2 1-.6 1.4s-.8.6-1.4.6H5zm4-6c-.2-.2-.3-.4-.3-.7s.1-.5.3-.7L17.6 5H15c-.3 0-.5-.1-.7-.3-.2-.2-.3-.4-.3-.7 0-.3.1-.5.3-.7.2-.2.4-.3.7-.3h5c.3 0 .5.1.7.3.2.2.3.4.3.7v5c0 .3-.1.5-.3.7-.2.2-.4.3-.7.3s-.5-.1-.7-.3c-.2-.2-.3-.4-.3-.7V6.4L10.4 15c-.2.2-.4.3-.7.3s-.5-.1-.7-.3z\" fill=\"currentColor\" \/><\/svg>\n\t\t\t<\/span>\n\t\t\t\t<\/div>\n\t\t\t<\/a>\n\t\t<\/div><\/div>\n<\/div>\n\n\n\n<div class=\"wp-block-columns is-layout-flex wp-container-core-columns-is-layout-9d6595d7 wp-block-columns-is-layout-flex\">\n<div class=\"wp-block-column is-layout-flow wp-block-column-is-layout-flow\">\n\t\t<div class=\"wp-block-lib-accentuated-link\">\n\t\t\t<a class=\"lib-link__link\" href=\"https:\/\/www.digdir.no\/kunstig-intelligens\/digdir-etablerer-ki-norge\/7412\" target=\"\" rel=\"noopener\">\n\t\t\t\t\n\t\t\t\t<div class=\"lib-link__text-content\">\n\t\t\t\t\t<span class=\"lib-link__tagline\">\n\t\t\t\t\t\tDIGITALISERINGSDIREKTORATET\n\t\t\t\t\t<\/span>\n\n\t\t\t\t\t<h3 class=\"lib-link__title\">\n\t\t\t\t\t\tDigDir etablerer KI Norge\n\t\t\t\t\t<\/h3>\n\n\t\t\t\t\t\n\t\t\t<span class=\"lib-link__link-source\">\n\t\t\t\twww.digdir.no\n\t\t\t\t<svg xmlns=\"http:\/\/www.w3.org\/2000\/svg\" viewBox=\"0 0 24 24\" height=\"24\" width=\"24\" class=\"t2-icon t2-icon-linkexternal\" aria-hidden=\"true\" focusable=\"false\"><path d=\"M5 21c-.5 0-1-.2-1.4-.6S3 19.6 3 19V5c0-.6.2-1 .6-1.4S4.5 3 5 3h6c.3 0 .5.1.7.3.2.2.3.4.3.7 0 .3-.1.5-.3.7-.2.2-.4.3-.7.3H5v14h14v-6c0-.3.1-.5.3-.7.2-.2.4-.3.7-.3s.5.1.7.3c.2.2.3.4.3.7v6c0 .6-.2 1-.6 1.4s-.8.6-1.4.6H5zm4-6c-.2-.2-.3-.4-.3-.7s.1-.5.3-.7L17.6 5H15c-.3 0-.5-.1-.7-.3-.2-.2-.3-.4-.3-.7 0-.3.1-.5.3-.7.2-.2.4-.3.7-.3h5c.3 0 .5.1.7.3.2.2.3.4.3.7v5c0 .3-.1.5-.3.7-.2.2-.4.3-.7.3s-.5-.1-.7-.3c-.2-.2-.3-.4-.3-.7V6.4L10.4 15c-.2.2-.4.3-.7.3s-.5-.1-.7-.3z\" fill=\"currentColor\" \/><\/svg>\n\t\t\t<\/span>\n\t\t\t\t<\/div>\n\t\t\t<\/a>\n\t\t<\/div><\/div>\n\n\n\n<div class=\"wp-block-column is-layout-flow wp-block-column-is-layout-flow\">\n\t\t<div class=\"wp-block-lib-accentuated-link\">\n\t\t\t<a class=\"lib-link__link\" href=\"https:\/\/digitalnorway.com\/\" target=\"\" rel=\"noopener\">\n\t\t\t\t\n\t\t\t\t<div class=\"lib-link__text-content\">\n\t\t\t\t\t<span class=\"lib-link__tagline\">\n\t\t\t\t\t\tDIGITAL NORWAY &#8211; GRATIS KI Kurs\n\t\t\t\t\t<\/span>\n\n\t\t\t\t\t<h3 class=\"lib-link__title\">\n\t\t\t\t\t\tDigital Norway\n\t\t\t\t\t<\/h3>\n\n\t\t\t\t\t\n\t\t\t<span class=\"lib-link__link-source\">\n\t\t\t\tdigitalnorway.com\n\t\t\t\t<svg xmlns=\"http:\/\/www.w3.org\/2000\/svg\" viewBox=\"0 0 24 24\" height=\"24\" width=\"24\" class=\"t2-icon t2-icon-linkexternal\" aria-hidden=\"true\" focusable=\"false\"><path d=\"M5 21c-.5 0-1-.2-1.4-.6S3 19.6 3 19V5c0-.6.2-1 .6-1.4S4.5 3 5 3h6c.3 0 .5.1.7.3.2.2.3.4.3.7 0 .3-.1.5-.3.7-.2.2-.4.3-.7.3H5v14h14v-6c0-.3.1-.5.3-.7.2-.2.4-.3.7-.3s.5.1.7.3c.2.2.3.4.3.7v6c0 .6-.2 1-.6 1.4s-.8.6-1.4.6H5zm4-6c-.2-.2-.3-.4-.3-.7s.1-.5.3-.7L17.6 5H15c-.3 0-.5-.1-.7-.3-.2-.2-.3-.4-.3-.7 0-.3.1-.5.3-.7.2-.2.4-.3.7-.3h5c.3 0 .5.1.7.3.2.2.3.4.3.7v5c0 .3-.1.5-.3.7-.2.2-.4.3-.7.3s-.5-.1-.7-.3c-.2-.2-.3-.4-.3-.7V6.4L10.4 15c-.2.2-.4.3-.7.3s-.5-.1-.7-.3z\" fill=\"currentColor\" \/><\/svg>\n\t\t\t<\/span>\n\t\t\t\t<\/div>\n\t\t\t<\/a>\n\t\t<\/div><\/div>\n<\/div>\n\n\n\n<div class=\"wp-block-columns is-layout-flex wp-container-core-columns-is-layout-9d6595d7 wp-block-columns-is-layout-flex\">\n<div class=\"wp-block-column is-layout-flow wp-block-column-is-layout-flow\">\n\t\t<div class=\"wp-block-lib-accentuated-link\">\n\t\t\t<a class=\"lib-link__link\" href=\"https:\/\/nkom.no\/ki\" target=\"\" rel=\"noopener\">\n\t\t\t\t\n\t\t\t\t<div class=\"lib-link__text-content\">\n\t\t\t\t\t<span class=\"lib-link__tagline\">\n\t\t\t\t\t\tNASJONAL KOMMUNIKASJONSMYNDIGHET \n\t\t\t\t\t<\/span>\n\n\t\t\t\t\t<h3 class=\"lib-link__title\">\n\t\t\t\t\t\tNKOM\n\t\t\t\t\t<\/h3>\n\n\t\t\t\t\t\n\t\t\t<span class=\"lib-link__link-source\">\n\t\t\t\tnkom.no\n\t\t\t\t<svg xmlns=\"http:\/\/www.w3.org\/2000\/svg\" viewBox=\"0 0 24 24\" height=\"24\" width=\"24\" class=\"t2-icon t2-icon-linkexternal\" aria-hidden=\"true\" focusable=\"false\"><path d=\"M5 21c-.5 0-1-.2-1.4-.6S3 19.6 3 19V5c0-.6.2-1 .6-1.4S4.5 3 5 3h6c.3 0 .5.1.7.3.2.2.3.4.3.7 0 .3-.1.5-.3.7-.2.2-.4.3-.7.3H5v14h14v-6c0-.3.1-.5.3-.7.2-.2.4-.3.7-.3s.5.1.7.3c.2.2.3.4.3.7v6c0 .6-.2 1-.6 1.4s-.8.6-1.4.6H5zm4-6c-.2-.2-.3-.4-.3-.7s.1-.5.3-.7L17.6 5H15c-.3 0-.5-.1-.7-.3-.2-.2-.3-.4-.3-.7 0-.3.1-.5.3-.7.2-.2.4-.3.7-.3h5c.3 0 .5.1.7.3.2.2.3.4.3.7v5c0 .3-.1.5-.3.7-.2.2-.4.3-.7.3s-.5-.1-.7-.3c-.2-.2-.3-.4-.3-.7V6.4L10.4 15c-.2.2-.4.3-.7.3s-.5-.1-.7-.3z\" fill=\"currentColor\" \/><\/svg>\n\t\t\t<\/span>\n\t\t\t\t<\/div>\n\t\t\t<\/a>\n\t\t<\/div><\/div>\n\n\n\n<div class=\"wp-block-column is-layout-flow wp-block-column-is-layout-flow\">\n\t\t<div class=\"wp-block-lib-accentuated-link\">\n\t\t\t<a class=\"lib-link__link\" href=\"https:\/\/www.datatilsynet.no\/aktuelt\/aktuelle-nyheter-2025\/bruk-og-handheving-av-kunstig-intelligens\/\" target=\"\" rel=\"noopener\">\n\t\t\t\t\n\t\t\t\t<div class=\"lib-link__text-content\">\n\t\t\t\t\t<span class=\"lib-link__tagline\">\n\t\t\t\t\t\tDATATILSYNET \n\t\t\t\t\t<\/span>\n\n\t\t\t\t\t<h3 class=\"lib-link__title\">\n\t\t\t\t\t\tDatatilsynet\n\t\t\t\t\t<\/h3>\n\n\t\t\t\t\t\n\t\t\t<span class=\"lib-link__link-source\">\n\t\t\t\twww.datatilsynet.no\n\t\t\t\t<svg xmlns=\"http:\/\/www.w3.org\/2000\/svg\" viewBox=\"0 0 24 24\" height=\"24\" width=\"24\" class=\"t2-icon t2-icon-linkexternal\" aria-hidden=\"true\" focusable=\"false\"><path d=\"M5 21c-.5 0-1-.2-1.4-.6S3 19.6 3 19V5c0-.6.2-1 .6-1.4S4.5 3 5 3h6c.3 0 .5.1.7.3.2.2.3.4.3.7 0 .3-.1.5-.3.7-.2.2-.4.3-.7.3H5v14h14v-6c0-.3.1-.5.3-.7.2-.2.4-.3.7-.3s.5.1.7.3c.2.2.3.4.3.7v6c0 .6-.2 1-.6 1.4s-.8.6-1.4.6H5zm4-6c-.2-.2-.3-.4-.3-.7s.1-.5.3-.7L17.6 5H15c-.3 0-.5-.1-.7-.3-.2-.2-.3-.4-.3-.7 0-.3.1-.5.3-.7.2-.2.4-.3.7-.3h5c.3 0 .5.1.7.3.2.2.3.4.3.7v5c0 .3-.1.5-.3.7-.2.2-.4.3-.7.3s-.5-.1-.7-.3c-.2-.2-.3-.4-.3-.7V6.4L10.4 15c-.2.2-.4.3-.7.3s-.5-.1-.7-.3z\" fill=\"currentColor\" \/><\/svg>\n\t\t\t<\/span>\n\t\t\t\t<\/div>\n\t\t\t<\/a>\n\t\t<\/div><\/div>\n<\/div>\n\n\n\n<h2 id=\"anbefalt-ki-litteratur\"  class=\"wp-block-heading\" >Anbefalt KI Litteratur<\/h2>\n\n\n\n<p><strong><a href=\"https:\/\/www.norli.no\/boker\/dokumentar-og-fakta\/historie-og-dokumentar\/debatt-og-samfunn\/kunstig-intelligens-5\" data-type=\"link\" data-id=\"https:\/\/www.norli.no\/boker\/dokumentar-og-fakta\/historie-og-dokumentar\/debatt-og-samfunn\/kunstig-intelligens-5\" target=\"_blank\" rel=\"noopener\">Maskiner som tenker &#8211; Inga Str\u00fcmke, 2023<\/a><\/strong><br><strong>Inga Str\u00fcmke<\/strong> er en av Norges fremste forskere innen KI og har gitt ut bok om algoritmenes hemmeligheter og veien til kunstig intelligens. Hun forteller om hvordan KI ble f\u00f8dt, begravet og gjenf\u00f8dt flere ganger gjennom historien, og inviterer oss med p\u00e5 en reise der hun viser p\u00e5 en vitenskapelig &#8211; men forst\u00e5elig &#8211; m\u00e5te hvordan maskiner kan tenke. Lytt ogs\u00e5 p\u00e5 podcasten hennes <a href=\"https:\/\/www.youtube.com\/@aiki-dz1bd\" data-type=\"link\" data-id=\"https:\/\/www.youtube.com\/@aiki-dz1bd\" target=\"_blank\" rel=\"noopener\">AIKI<\/a> p\u00e5 alle str\u00f8mmetjenester.<\/p>\n\n\n\n<p><strong><a href=\"https:\/\/www.ark.no\/produkt\/boker\/dokumentar-og-faktaboker\/mennesket-vs-maskinen-9788230029992\" data-type=\"link\" data-id=\"https:\/\/www.ark.no\/produkt\/boker\/dokumentar-og-faktaboker\/mennesket-vs-maskinen-9788230029992\" target=\"_blank\" rel=\"noopener\">Menneske vs. Maskin &#8211; Hans Petter Nyg\u00e5rd Hansen, 2025<\/a><br>Hans Petter Nyg\u00e5rd Hansen<\/strong> er IT ekspert og har v\u00e6rt med p\u00e5 \u00e5 bygge infrastrukturen til internett i Norge tilbake i 1990 tallet. Hans bok tar for seg utviklingen av KI p\u00e5 godt og vondt, filosofiske betraktninger, og viktigheten en viktig advarsel om at menneskene m\u00e5 bruke KI p\u00e5 en m\u00e5te som gagner menneskeheten.<\/p>\n\n\n\n<p><strong><a href=\"https:\/\/www.norli.no\/boker\/dokumentar-og-fakta\/historie-og-dokumentar\/okonomi-og-arbeidsliv\/knekk-chatgpt-koden-2\" data-type=\"link\" data-id=\"https:\/\/www.norli.no\/boker\/dokumentar-og-fakta\/historie-og-dokumentar\/okonomi-og-arbeidsliv\/knekk-chatgpt-koden-2\" target=\"_blank\" rel=\"noopener\">Knekk ChatGPT koden &#8211; Per Kristian Bj\u00f8rkeng, 2024<\/a><br>Per Kristian Bj\u00f8rkeng<\/strong> er tidligere journalist og har utforsket hvordan Chat GPT kan hjelpe deg med ting du ikke har kompetanse p\u00e5, som for eksempel \u00e5 skrive datakode. Han gir tips til praktisk bruk av Chat GPT og hvordan du kan skrive gode prompts for \u00e5 f\u00e5 gode svar.<\/p>\n\n\n\n<p><strong><a href=\"https:\/\/www.norli.no\/boker\/dokumentar-og-fakta\/historie-og-dokumentar\/debatt-og-samfunn\/nexus-5\" data-type=\"link\" data-id=\"https:\/\/www.norli.no\/boker\/dokumentar-og-fakta\/historie-og-dokumentar\/debatt-og-samfunn\/nexus-5\" target=\"_blank\" rel=\"noopener\">Nexus &#8211; Yuval Noah Harari, 2024<\/a><\/strong><br><strong>Yuval Noah Harari<\/strong> er historiker og anerkjent forfatter blandt annet av bestselgeren Sapiens. Han tar for seg hele utviklingen av informasjonsteknologi fra steinalderen og frem til dagens kunstig intelligens.<\/p>\n\n\n\n<p><strong><a href=\"https:\/\/www.ark.no\/produkt\/boker\/fagboker\/co-intelligence-9780753560778\" data-type=\"link\" data-id=\"https:\/\/www.ark.no\/produkt\/boker\/fagboker\/co-intelligence-9780753560778\" target=\"_blank\" rel=\"noopener\">Cointelligence &#8211; Ethan Mollick, 2024<\/a><br>Ethan Mollick<\/strong> er anerkjent KI ekspert i USA. Han er opptatt av utviklingen i arbeidslivet og skriver om hvordan KI kan brukes ko-intelligent i samarbeid med mennesker og ikke som erstatning for menneskelig arbeidskraft.<\/p>\n\n\n\n<p><strong><a href=\"https:\/\/www.ark.no\/produkt\/boker\/dokumentar-og-faktaboker\/god-human-animal-machine-9780525562719\" data-type=\"link\" data-id=\"https:\/\/www.ark.no\/produkt\/boker\/dokumentar-og-faktaboker\/god-human-animal-machine-9780525562719\" target=\"_blank\" rel=\"noopener\">God Human Animal Machine &#8211; Meghan O&#8217;Gieblyn, 2022<\/a><br>Meghan O&#8217;Gieblyn<\/strong> er professor, filosof og teolog. Hun er opptatt av hvordan mennesker tillegger maskiner menneskelige trekk, og mener at vi ogs\u00e5 kan f\u00e5 et spirituelt forhold til kunstig intelligens.<\/p>\n\n\n\n<p><\/p>\n","protected":false},"excerpt":{"rendered":"<p>Her har du en liten digital &laquo;Goodie Bag&raquo; med lenker og tips for \u00e5 l\u00e6re mer om kunstig intelligens og arbeidsinkludering. Presentasjon Ansvarlig KI Klara.ai &#8211; KI-basert beslutningsst\u00f8tte for inkluderende rekruttering Er du interessert i \u00e5 vite mer om Klara.ai og bruk av KI i arbeidsinkludering?Ta kontakt! Modolf MoenDigitaliserings- og kommunikasjonssjefArbeid &amp; Inkludering i NHO [&hellip;]<\/p>\n","protected":false},"author":57,"featured_media":0,"parent":16,"menu_order":0,"comment_status":"closed","ping_status":"closed","template":"","meta":{"_acf_changed":false,"_relevanssi_hide_post":"","_relevanssi_hide_content":"","_relevanssi_pin_for_all":"","_relevanssi_pin_keywords":"","_relevanssi_unpin_keywords":"","_relevanssi_related_keywords":"","_relevanssi_related_include_ids":"","_relevanssi_related_exclude_ids":"","_relevanssi_related_no_append":"","_relevanssi_related_not_related":"","_relevanssi_related_posts":"1","_relevanssi_noindex_reason":"","_custom_cards_description":"","footnotes":""},"class_list":["post-3396","page","type-page","status-publish","hentry"],"acf":[],"_links":{"self":[{"href":"https:\/\/www.blakors.no\/arbeid-og-inkludering\/wp-json\/wp\/v2\/pages\/3396","targetHints":{"allow":["GET"]}}],"collection":[{"href":"https:\/\/www.blakors.no\/arbeid-og-inkludering\/wp-json\/wp\/v2\/pages"}],"about":[{"href":"https:\/\/www.blakors.no\/arbeid-og-inkludering\/wp-json\/wp\/v2\/types\/page"}],"author":[{"embeddable":true,"href":"https:\/\/www.blakors.no\/arbeid-og-inkludering\/wp-json\/wp\/v2\/users\/57"}],"replies":[{"embeddable":true,"href":"https:\/\/www.blakors.no\/arbeid-og-inkludering\/wp-json\/wp\/v2\/comments?post=3396"}],"version-history":[{"count":5,"href":"https:\/\/www.blakors.no\/arbeid-og-inkludering\/wp-json\/wp\/v2\/pages\/3396\/revisions"}],"predecessor-version":[{"id":3461,"href":"https:\/\/www.blakors.no\/arbeid-og-inkludering\/wp-json\/wp\/v2\/pages\/3396\/revisions\/3461"}],"up":[{"embeddable":true,"href":"https:\/\/www.blakors.no\/arbeid-og-inkludering\/wp-json\/wp\/v2\/pages\/16"}],"wp:attachment":[{"href":"https:\/\/www.blakors.no\/arbeid-og-inkludering\/wp-json\/wp\/v2\/media?parent=3396"}],"curies":[{"name":"wp","href":"https:\/\/api.w.org\/{rel}","templated":true}]}}