{"id":401,"date":"2025-04-11T12:38:26","date_gmt":"2025-04-11T10:38:26","guid":{"rendered":"https:\/\/www.blakors.no\/arbeid-og-inkludering\/?page_id=401"},"modified":"2026-03-05T17:45:52","modified_gmt":"2026-03-05T16:45:52","slug":"baguetter-og-rundstykker","status":"publish","type":"page","link":"https:\/\/www.blakors.no\/arbeid-og-inkludering\/vare-produksjoner\/cafe-og-catering\/catering-ringerike\/baguetter-og-rundstykker\/","title":{"rendered":"Baguetter, wraps og rundstykker"},"content":{"rendered":"\n\t<div style=\"--t2-hero-dim:0;\" class=\"t2-hero t2-hero-content-position-center-left t2-hero-has-dim-0 t2-hero-has-fullsize-image alignfull  t2-hero-has-white-gradient-overlay wp-block-t2-hero\">\n\t\t<img decoding=\"async\" width=\"2048\" height=\"1394\" src=\"https:\/\/www.blakors.no\/content\/uploads\/sites\/55\/2025\/04\/Baguett-scaled-1.jpg\" class=\"t2-hero__image\" alt=\"p\u00e5smurte baguetter p\u00e5 et fat\" style=\"object-position: 50% 50%;\" loading=\"eager\" fetchpriority=\"high\" srcset=\"https:\/\/www.blakors.no\/content\/uploads\/sites\/55\/2025\/04\/Baguett-scaled-1.jpg 2048w, https:\/\/www.blakors.no\/content\/uploads\/sites\/55\/2025\/04\/Baguett-scaled-1-300x204.jpg 300w, https:\/\/www.blakors.no\/content\/uploads\/sites\/55\/2025\/04\/Baguett-scaled-1-1024x697.jpg 1024w, https:\/\/www.blakors.no\/content\/uploads\/sites\/55\/2025\/04\/Baguett-scaled-1-768x523.jpg 768w, https:\/\/www.blakors.no\/content\/uploads\/sites\/55\/2025\/04\/Baguett-scaled-1-1536x1046.jpg 1536w\" sizes=\"(max-width: 2048px) 100vw, 2048px\" \/>\n\t\t<div class=\"t2-hero__header\"><div class=\"t2-hero__header__content\">\n\n<h1 id=\"baguetter-wraps-og-rundstykker\"  class=\"wp-block-heading\" >Baguetter, wraps og rundstykker<\/h1>\n\n\n\n<p>Kanskje det beh\u00f8ves lunsj til et m\u00f8te? Vi danderer og gj\u00f8r alt klart.<\/p>\n\n<\/div><\/div>\n\t<\/div>\n\n\n<p>Ved bestilling av catering, ta kontakt med oss p\u00e5 telefon <a href=\"tel:32126514\">32 12 65 14<\/a>. Eller send mail til: <a href=\"mailto:cateringringerike@blakors.no\">cateringringerike@blakors.no<\/a>.<\/p>\n\n\n\n<p>V\u00e5re \u00e5pningstider er hverdager Kl.0800-1530.<\/p>\n\n\n\n<figure class=\"wp-block-table\"><table class=\"has-black-color has-pink-light-background-color has-text-color has-background has-fixed-layout\"><tbody><tr><td><strong>Baguetter<\/strong><\/td><td><strong>Pris<\/strong><\/td><td><strong>Allergener (se tallkode)<\/strong><\/td><\/tr><tr><td>Ost og skinke<\/td><td>kr. 90,-<\/td><td>1, 3, 12, 16, 17<\/td><\/tr><tr><td>Egg og tomat<\/td><td>kr. 90,-<\/td><td>1, 2, 12, 16, 17<\/td><\/tr><tr><td>Brie\/spekeskinke<\/td><td>kr. 110,-<\/td><td>1, 3, 16, 17<\/td><\/tr><tr><td>Reke\/majones<\/td><td>kr. 135,-<\/td><td>1, 2, 8, 12, 16, 17<\/td><\/tr><tr><td>Laks og egger\u00f8re<\/td><td>kr. 110,-<\/td><td>1, 2, 6, 7, 12, 15, 17<\/td><\/tr><tr><td>Roastbiff m\/remulade<\/td><td>kr. 110,-<\/td><td>1, 2, 3, 4, 12, 16, 17<\/td><\/tr><tr><td>Kylling m\/majones<\/td><td>kr. 110,-<\/td><td>1, 2, 12, 16, 17<\/td><\/tr><tr><td>Vegetar<\/td><td>kr. 110,-<\/td><td>1, 6, 12, 16, 17<\/td><\/tr><tr><td>Glutenfritt p\u00e5slag <\/td><td>20 %<\/td><td><\/td><\/tr><\/tbody><\/table><\/figure>\n\n\n\n<figure class=\"wp-block-table\"><table class=\"has-black-color has-pink-light-background-color has-text-color has-background has-fixed-layout\"><tbody><tr><td class=\"has-text-align-left\" data-align=\"left\"><strong>Wraps<\/strong><\/td><td><strong>Pris<\/strong><\/td><td><strong>Allergener (se tallkode)<\/strong><\/td><\/tr><tr><td class=\"has-text-align-left\" data-align=\"left\">Karri Kylling<\/td><td>kr. 110,-<\/td><td>1, 2<\/td><\/tr><tr><td class=\"has-text-align-left\" data-align=\"left\">Laks\/Philadelphia<\/td><td>kr. 110,-<\/td><td>1, 2, 3, 7<\/td><\/tr><tr><td class=\"has-text-align-left\" data-align=\"left\">Spekeskinke\/Philadelphia<\/td><td>kr. 137,-<\/td><td>1, 2, 3<\/td><\/tr><\/tbody><\/table><\/figure>\n\n\n\n<figure class=\"wp-block-table\"><table class=\"has-pink-light-background-color has-background has-fixed-layout\"><tbody><tr><td><strong>Store og sm\u00e5 rundstykker<\/strong><\/td><td><strong>Pris <\/strong><\/td><td><strong>Allergener (se tallkode)<\/strong><\/td><\/tr><tr><td>Ost og skinke<\/td><td>kr. 50,- \/ 39,-<\/td><td>1, 2, 3, 12, 15, 16, 17<\/td><\/tr><tr><td>Egg og tomat<\/td><td>kr. 50,- \/ 39,-<\/td><td>1, 2, 12, 15, 16, 17<\/td><\/tr><tr><td>Reker m\/majones<\/td><td>kr. 90,- \/ 79,-<\/td><td>1, 2, 8, 12, 15, 16, 17<\/td><\/tr><tr><td>Laks og egger\u00f8re<\/td><td>kr. 65,- \/ 54,-<\/td><td>1, 2, 6, 7, 12, 15, 17<\/td><\/tr><tr><td>Roastbiff m\/remulade<\/td><td>kr. 70,- \/ 59,-<\/td><td>1, 2, 3, 4, 12, 15, 16, 17<\/td><\/tr><tr><td>Kylling m\/majones<\/td><td>kr. 70,- \/ 59,-<\/td><td>1, 2, 4, 12, 15, 16, 17<\/td><\/tr><tr><td>Vegetar <\/td><td>kr. 70,- \/ 59,-<\/td><td>1, 2, 12, 15, 16, 17<\/td><\/tr><tr><td>Glutenfritt p\u00e5slag<\/td><td>20 %<\/td><td><\/td><\/tr><\/tbody><\/table><\/figure>\n\n\n<ul class=\"t2-link-list has-1-items has-auto-columns wp-block-t2-link-list\">\n\t<li class=\"has-background has-lila-light-background-color t2-link-list-item wp-block-t2-link-list-item\">\n\t\t<a\n\t\t\thref=\"https:\/\/www.blakors.no\/arbeid-og-inkludering\/vare-produksjoner\/cafe-og-catering\/catering-ringerike\/\"\n\t\t\tclass=\"t2-link-list-item__link t2-link-list__icon--right\"\n\t\t\t\t\t>\n\t\t\t<span class=\"t2-link-list-item__icon\"><span class=\"t2-link-list-item__icon-box\"><\/span><svg xmlns=\"http:\/\/www.w3.org\/2000\/svg\" viewBox=\"0 0 24 24\" height=\"24\" width=\"24\" class=\"t2-icon t2-icon-arrowforward\" aria-hidden=\"true\" focusable=\"false\"><path d=\"M11.3 19.3c-.2-.2-.3-.4-.3-.7 0-.3.1-.5.3-.7l4.9-4.9H5c-.3 0-.5-.1-.7-.3-.2-.2-.3-.4-.3-.7s.1-.5.3-.7c.2-.2.4-.3.7-.3h11.2l-4.9-4.9c-.2-.2-.3-.4-.3-.7 0-.3.1-.5.3-.7.2-.2.4-.3.7-.3s.5.1.7.3l6.6 6.6c.1.1.2.2.2.3 0 .1.1.3.1.4 0 .1 0 .3-.1.4 0 .1-.1.2-.2.3l-6.6 6.6c-.2.2-.4.3-.7.3s-.5-.1-.7-.3z\" fill=\"currentColor\" \/><\/svg><\/span>\t\t\t<div class=\"t2-link-list-item__content\">\n\n\t\t\t\t\n\t\t\t\t<span id=\"link-list-item-text\" class=\"t2-link-list-item__text\">\n\t\t\t\t\tSe full meny her\t\t\t\t<\/span>\n\t\t\t\t\t\t\t<\/div>\n\t\t<\/a>\n\t<\/li>\n\t\n<\/ul>\n\n\n\t\t<div class=\"wp-block-blakors-expanding-fact-box\">\n\t\t\t<h3 id=\"allergener-se-tallkoder\"  class=\"blakors-fact-box__title\" >Allergener, se tallkoder:<\/h3>\n\t\t\t<div class=\"blakors-fact-box__content\">\n\t\t\t\t\n\n<p>1. Gluten<br>2. Egg<br>3. Melk<br>4. Sennep<br>5. Selleri<br>6. Soya<br>7. Fisk<br>8. Skalldyr<br>9. Waln\u00f8tter<br>10. Pean\u00f8ter<br>11. Bl\u00f8tdyr<br>12. Sesamfr\u00f8<br>13. Lupin<br>14. Svoveldioksid og sulfitter<br>15. Rug<br>16. Havre<br>17. Bygg<br>18. Mandler<br>19. Hasseln\u00f8tter<\/p>\n\n\n\t\t\t<\/div>\n\t\t\t<div class=\"blakors-fact-box__toggle\">\n\t\t\t\t<button class=\"blakors-fact-box__button\"><svg xmlns=\"http:\/\/www.w3.org\/2000\/svg\" viewBox=\"0 0 17.367 17.367\"><path d=\"M0-8.684v-2.133H13.2L7.16-16.91l1.523-1.523L17.367-9.75,8.684-1.066,7.109-2.59,13.2-8.684Z\" transform=\"translate(0 18.434)\" \/><\/svg><\/button>\n\t\t\t<\/div>\n\t\t<\/div>\n\n<div class=\"blakors-link-list aligncenter is-style-default wp-block-blakors-link-list\">\n\t\t\t\n\t\t\t\n\t\t\t<div class=\"blakors-link-list__items\">\n\t\t\t\t\n<div class=\"blakors-link-list-item alignwide wp-block-blakors-link-list-item has-background\">\n\t\t\t<a\n\t\t\t\tclass=\"blakors-link-list-item__holder\"\n\t\t\t\thref=\"\"\n\t\t\t\trel=\"\"\n\t\t\t\t\n\t\t\t>\n\t\t\t\t<div class=\"blakors-link-list-item__content\">\n\t\t\t\t\t<div class=\"blakors-link-list-item__content-inner\">\n\t\t\t\t\t\t<div class=\"title-wrap\">\n\t\t\t\t\t\t\t<h3 class=\"blakors-link-list-item__title\">\n\t\t\t\t\t\t\t\t\n\t\t\t\t\t\t\t<\/h3>\n\t\t\t\t\t\t\t<svg\n\t\t\t\t\t\t\t\txmlns=\"http:\/\/www.w3.org\/2000\/svg\"\n\t\t\t\t\t\t\t\twidth=\"14\"\n\t\t\t\t\t\t\t\theight=\"12.92\"\n\t\t\t\t\t\t\t\tviewBox=\"0 0 14 12.92\"\n\t\t\t\t\t\t\t>\n\t\t\t\t\t\t\t\t<path\n\t\t\t\t\t\t\t\t\td=\"M7.14-6.58,1.34-.12-.4-1.62,1.84-4.06A8.352,8.352,0,0,1,3.56-5.52H-6.86V-7.64H3.54a7.7,7.7,0,0,1-.84-.61,10.977,10.977,0,0,1-.86-.85L-.4-11.54l1.74-1.5Z\"\n\t\t\t\t\t\t\t\t\ttransform=\"translate(6.86 13.04)\"\n\t\t\t\t\t\t\t\t\tfill=\"#0d76bc\"\n\t\t\t\t\t\t\t\t\/>\n\t\t\t\t\t\t\t<\/svg>\n\t\t\t\t\t\t<\/div>\n\t\t\t\t\t\t\n\t\t\t\t\t<\/div>\n\t\t\t\t<\/div>\n\t\t\t<\/a>\n\t\t<\/div>\n\n\t\t\t<\/div>\n\t\t<\/div>\n\n\n<p><\/p>\n","protected":false},"excerpt":{"rendered":"<p>Ved bestilling av catering, ta kontakt med oss p\u00e5 telefon 32 12 65 14. Eller send mail til: cateringringerike@blakors.no. V\u00e5re \u00e5pningstider er hverdager Kl.0800-1530. Baguetter Pris Allergener (se tallkode) Ost og skinke kr. 90,- 1, 3, 12, 16, 17 Egg og tomat kr. 90,- 1, 2, 12, 16, 17 Brie\/spekeskinke kr. 110,- 1, 3, 16, [&hellip;]<\/p>\n","protected":false},"author":86,"featured_media":317,"parent":207,"menu_order":0,"comment_status":"closed","ping_status":"closed","template":"","meta":{"_acf_changed":false,"_relevanssi_hide_post":"","_relevanssi_hide_content":"","_relevanssi_pin_for_all":"","_relevanssi_pin_keywords":"","_relevanssi_unpin_keywords":"","_relevanssi_related_keywords":"","_relevanssi_related_include_ids":"","_relevanssi_related_exclude_ids":"","_relevanssi_related_no_append":"","_relevanssi_related_not_related":"","_relevanssi_related_posts":"","_relevanssi_noindex_reason":"","_custom_cards_description":"","footnotes":""},"class_list":["post-401","page","type-page","status-publish","has-post-thumbnail","hentry"],"acf":[],"_links":{"self":[{"href":"https:\/\/www.blakors.no\/arbeid-og-inkludering\/wp-json\/wp\/v2\/pages\/401","targetHints":{"allow":["GET"]}}],"collection":[{"href":"https:\/\/www.blakors.no\/arbeid-og-inkludering\/wp-json\/wp\/v2\/pages"}],"about":[{"href":"https:\/\/www.blakors.no\/arbeid-og-inkludering\/wp-json\/wp\/v2\/types\/page"}],"author":[{"embeddable":true,"href":"https:\/\/www.blakors.no\/arbeid-og-inkludering\/wp-json\/wp\/v2\/users\/86"}],"replies":[{"embeddable":true,"href":"https:\/\/www.blakors.no\/arbeid-og-inkludering\/wp-json\/wp\/v2\/comments?post=401"}],"version-history":[{"count":5,"href":"https:\/\/www.blakors.no\/arbeid-og-inkludering\/wp-json\/wp\/v2\/pages\/401\/revisions"}],"predecessor-version":[{"id":2994,"href":"https:\/\/www.blakors.no\/arbeid-og-inkludering\/wp-json\/wp\/v2\/pages\/401\/revisions\/2994"}],"up":[{"embeddable":true,"href":"https:\/\/www.blakors.no\/arbeid-og-inkludering\/wp-json\/wp\/v2\/pages\/207"}],"wp:featuredmedia":[{"embeddable":true,"href":"https:\/\/www.blakors.no\/arbeid-og-inkludering\/wp-json\/wp\/v2\/media\/317"}],"wp:attachment":[{"href":"https:\/\/www.blakors.no\/arbeid-og-inkludering\/wp-json\/wp\/v2\/media?parent=401"}],"curies":[{"name":"wp","href":"https:\/\/api.w.org\/{rel}","templated":true}]}}