{"id":46,"date":"2025-01-24T10:02:15","date_gmt":"2025-01-24T09:02:15","guid":{"rendered":"https:\/\/www.blakors.no\/arbeid-og-inkludering\/?page_id=46"},"modified":"2026-03-16T15:10:47","modified_gmt":"2026-03-16T14:10:47","slug":"maler","status":"publish","type":"page","link":"https:\/\/www.blakors.no\/arbeid-og-inkludering\/vare-produksjoner\/maler\/","title":{"rendered":"Maler"},"content":{"rendered":"\n\t<div style=\"--t2-hero-dim:0;\" class=\"t2-hero t2-hero-content-position-center-left t2-hero-has-dim-0 t2-hero-has-fullsize-image alignfull  t2-hero-has-white-gradient-overlay wp-block-t2-hero has-background has-lila-light-background-color\">\n\t\t<img decoding=\"async\" width=\"1200\" height=\"826\" src=\"https:\/\/www.blakors.no\/content\/uploads\/sites\/55\/2025\/03\/maling-og-snekring.jpg\" class=\"t2-hero__image\" alt=\"to personer maler og snekrer m\u00f8bler\" style=\"object-position: 50% 50%;\" loading=\"eager\" fetchpriority=\"high\" srcset=\"https:\/\/www.blakors.no\/content\/uploads\/sites\/55\/2025\/03\/maling-og-snekring.jpg 1200w, https:\/\/www.blakors.no\/content\/uploads\/sites\/55\/2025\/03\/maling-og-snekring-300x207.jpg 300w, https:\/\/www.blakors.no\/content\/uploads\/sites\/55\/2025\/03\/maling-og-snekring-1024x705.jpg 1024w, https:\/\/www.blakors.no\/content\/uploads\/sites\/55\/2025\/03\/maling-og-snekring-768x529.jpg 768w\" sizes=\"(max-width: 1200px) 100vw, 1200px\" \/>\n\t\t<div class=\"t2-hero__header\"><div class=\"t2-hero__header__content\">\n\n<h1 class=\"wp-block-heading\" id=\"maler-og-flislegger\">Maletjenester<\/h1>\n\n\n\n<p>Trenger du hjelp til \u00e5 male enten utvendig eller innvendig? Eller kanskje du \u00f8nsker \u00e5 modernisere en innredning eller et m\u00f8bel?<\/p>\n\n\n\n<p>La oss i Bl\u00e5 Kors maler s\u00f8rge for et profesjonelt resultat med ekspertise og n\u00f8yaktighet. Vi er en bedrift som pr\u00f8ver \u00e5 motvirke utenforskap i arbeidslivet, og er selvsagt eksperter innenfor fagomr\u00e5det!<\/p>\n\n<\/div><\/div>\n\t<\/div>\n\n\n<figure class=\"wp-block-embed dekode-gtm-iframe-preview is-type-video is-provider-youtube wp-block-embed-youtube wp-embed-aspect-16-9 wp-has-aspect-ratio\"><div class=\"wp-block-embed__wrapper\">\n<iframe title=\"Bl\u00e5 Kors arbeid og inkludering Oslo   Maler\" width=\"500\" height=\"281\" data-cookieconsent=\"marketing\" data-cookieblock-src=\"https:\/\/www.youtube.com\/embed\/FgCaSYYp3Io?feature=oembed\"  allow=\"accelerometer; autoplay; clipboard-write; encrypted-media; gyroscope; picture-in-picture; web-share\" referrerpolicy=\"strict-origin-when-cross-origin\" allowfullscreen sandbox=\"allow-scripts allow-same-origin allow-popups allow-presentation allow-popups-to-escape-sandbox\"><\/iframe>\n\t\t<div class=\"cookieconsent-optout-marketing dekode-gtm-cookie-consent-video-placeholder\">\n\t\t\t<div class=\"dekode-gtm-cookie-consent is-block-core-embed is-provider-youtube\">\n\t\t\t\t\n\t\t\t<img decoding=\"async\" src=\"https:\/\/i.ytimg.com\/vi\/FgCaSYYp3Io\/hqdefault.jpg\" alt=\"youtube\" \/>\n\t\t\t\t<div class=\"overlay\">\n\t\t\t\t\t<div class=\"cookie-info\">\n\t\t\t\t\t\t<h2 id=\"her-ligger-det-medieinnhold-fra-en-ekstern-kilde\"  >Her ligger det medieinnhold fra en ekstern kilde. <\/h2> \n\n<p>For \u00e5 se innholdet, m\u00e5 du endre samtykket ditt.<\/p>\n\n<p>Les mer om hvordan dataen din blir behandlet av eksterne kilder i personvernerkl\u00e6ringen v\u00e5r.<\/p>\n\t\t\t\t\t\t<p>\n\t\t\t\t\t\t\t<a title=\"Endre samtykke\" class=\"dekode-gtm-cookiebot-renew\" href=\"#\">Endre samtykke<\/a>\n\t\t\t\t\t\t\t\n\t\t\t\t\t\t<\/p>\n\t\t\t\t\t<\/div>\n\t\t\t\t<\/div>\n\t\t\t<\/div>\n\t\t<\/div>\n<\/div><\/figure>\n\n\n\n<p>Ta kontakt med oss for et tilbud eller mer informasjon p\u00e5 telefon 22 82 10 47, eller send en e-post til <a href=\"mailto:bilpleien@rehabil.no\">maleravdelingen@rehabil.no<\/a><\/p>\n\n\n\n<div class=\"wp-block-rank-math-toc-block\" id=\"rank-math-toc\"><p class=\"title-wrapper\"><button id=\"hopp-til\" class=\"blakors-table-of-contents-toggle\" aria-expanded=\"true\">\n\t\t\t<strong>Hopp til<\/strong>\n\t\t\t<svg xmlns=\"http:\/\/www.w3.org\/2000\/svg\" viewBox=\"0 0 24 24\" height=\"24\" width=\"24\" class=\"t2-icon t2-icon-chevrondown\" aria-hidden=\"true\" focusable=\"false\"><path d=\"M12 14.9c-.1 0-.3 0-.4-.1-.1 0-.2-.1-.3-.2L6.7 10c-.2-.1-.3-.4-.3-.6 0-.3.1-.5.3-.7.2-.2.4-.3.7-.3s.5.1.7.3l3.9 3.9 3.9-3.9c.2-.2.4-.3.7-.3.3 0 .5.1.7.3.2.2.3.4.3.7s-.1.5-.3.7l-4.6 4.6c-.1.1-.2.2-.3.2H12z\" fill=\"currentColor\" \/><\/svg>\n\t\t<\/button><\/p><nav><ul><li class=\"\"><a href=\"#priser\">Priser<\/a><\/li><li class=\"\"><a href=\"#innvendig-malertjenester\">Innvendig malertjenester<\/a><\/li><li class=\"\"><a href=\"#utvendig-malerjobb\">Utvendig malerjobb<\/a><\/li><li class=\"\"><a href=\"#maling-av-mobler\">Maling av m\u00f8bler<\/a><ul><li class=\"\"><a href=\"#g\">Gjenbruk og donering<\/a><\/li><\/ul><\/li><\/ul><\/nav><\/div>\n\n\n\n<h2 class=\"wp-block-heading\" id=\"priser\">Priser<\/h2>\n\n\n\n<p>Vi kommer gjerne p\u00e5 befaring til deg for \u00e5 se p\u00e5 det eventuelle prosjektet og gi et estimat p\u00e5 pris.<\/p>\n\n\n\n<h2 class=\"wp-block-heading\" id=\"innvendig-malertjenester\">Innvendig malertjenester<\/h2>\n\n\n\n<p>Har du noen utdaterte rom du gjerne skulle \u00f8nske passet mer inn i dagens stil?<br>Faktisk kan maling gj\u00f8re store endringer! Omvend det tidligere triste rommet til \u00e5 bli et hyggelig sted \u00e5 oppholde seg.<\/p>\n\n\n\n<p>Med et godt grunnarbeid, gode produkter og en n\u00f8yaktighet vil du kunne gj\u00f8re store endringer kun med malerpensel og en rull. Selv om det \u00e5 male h\u00f8res ganske enkelt ut krever det planlegging.<\/p>\n\n\n\n<p>Du b\u00f8r ha en plan p\u00e5 hvordan du skal behandle dagens overflate, hvordan du skal oppn\u00e5 det resultatet du \u00f8nsker og om det krever noe etterarbeid. F\u00f8ler du deg ikke helt trygg p\u00e5 jobben selv? Eller kanskje det hadde v\u00e6rt sv\u00e6rt behagelig \u00e5 la noen gj\u00f8re jobben for deg? Vi fra Pluss Maleren hjelper deg gjerne!<\/p>\n\n\n\n<h2 class=\"wp-block-heading\" id=\"utvendig-malerjobb\">Utvendig malerjobb<\/h2>\n\n\n\n<p>Om du skal male huset, eller andre gjenstander ute, er det flere ting du b\u00f8r ha tenkt over. Har du valgt rett produkter med tanke p\u00e5 det norske v\u00e6ret? Og er produktene rett med hensyn til holdbarhet?<\/p>\n\n\n\n<p>Husk at de samme prinsippene for maling innvendig ogs\u00e5 gjelder ute, nemlig en god plan, et godt grunnarbeid og tilpassede produkter. \u00c5 male et hus er b\u00e5de en krevende og stor jobb. Ikke nok med at det er et stort areal som skal males, m\u00e5 du ogs\u00e5 kanskje opp i h\u00f8yden og male p\u00e5 ugunstige steder.<\/p>\n\n\n\n<p>For mange blir dette er jobb de utsetter s\u00e5 lenge som mulig, og om dette ogs\u00e5 gjelder deg kan du la oss i Bl\u00e5 Kors maler ta oss av jobben. Vi kan garantere deg at det er mange \u00e5r til du da m\u00e5 male huset igjen!<\/p>\n\n\n\n<h2 class=\"wp-block-heading\" id=\"maling-av-mobler\">Maling av m\u00f8bler<\/h2>\n\n\n\n<figure class=\"wp-block-image size-large\"><img loading=\"lazy\" decoding=\"async\" width=\"1024\" height=\"683\" src=\"https:\/\/www.blakors.no\/content\/uploads\/sites\/55\/2025\/04\/Maler-scaled-1-1024x683.jpg\" alt=\"en mann spr\u00f8ytemaler en skuff med maske og drakt p\u00e5\" class=\"wp-image-371\" srcset=\"https:\/\/www.blakors.no\/content\/uploads\/sites\/55\/2025\/04\/Maler-scaled-1-1024x683.jpg 1024w, https:\/\/www.blakors.no\/content\/uploads\/sites\/55\/2025\/04\/Maler-scaled-1-300x200.jpg 300w, https:\/\/www.blakors.no\/content\/uploads\/sites\/55\/2025\/04\/Maler-scaled-1-768x512.jpg 768w, https:\/\/www.blakors.no\/content\/uploads\/sites\/55\/2025\/04\/Maler-scaled-1-1536x1025.jpg 1536w, https:\/\/www.blakors.no\/content\/uploads\/sites\/55\/2025\/04\/Maler-scaled-1.jpg 2048w\" sizes=\"auto, (max-width: 1024px) 100vw, 1024px\" \/><\/figure>\n\n\n\n<p>Vi henter inn gamle m\u00f8bler som folk ikke vil ha lenger, og gir de nytt liv og glans ved hjelp av litt maling og fantasi. Dette er en treningsarena for v\u00e5re kreative jobbs\u00f8kere som vurderer malerfaget som yrke.<\/p>\n\n\n\n<p>Spr\u00f8ytemaling er en annerledes teknikk hvor man spr\u00f8yter malingen utover overflaten og gir den et helt nytt liv.<\/p>\n\n\n\n<p>Faktisk kan teknikken brukes om du vil oppdatere b\u00e5de kj\u00f8kkenfronter, m\u00f8bler, vitrineskap, d\u00f8rer eller vinduer.<\/p>\n\n\n\n<p>Ikke bare er dette en effektiv m\u00e5te \u00e5 jobbe p\u00e5, men det gir ogs\u00e5 en helt suveren finish og holdbarhet!<\/p>\n\n\n\n<p>Vi fra Bl\u00e5 Kors maler gj\u00f8r hele jobben for deg, og da mener vi hele. Vi kommer hjem til deg og demonterer det som trengs, transporterer m\u00f8blene til v\u00e5rt lokale, sparkler og grunner s\u00e5 underlaget blir s\u00e5 bra som mulig.<\/p>\n\n\n\n<p>Avslutningsvis spr\u00f8ytemaler vi dine m\u00f8bler, samt leverer og monterer de hjemme i ditt hus. F\u00e5 et nytt m\u00f8bel p\u00e5 1, 2, 3!<\/p>\n\n\n\n<h3 class=\"wp-block-heading\" id=\"g\"><strong>Gjenbruk og donering<\/strong><\/h3>\n\n\n\n<p>Vi er stadig p\u00e5 jakt etter hele m\u00f8bler som folk \u00f8nsker \u00e5 donere, og kommer gjerne henter de hos deg. Mange av m\u00f8blene doneres videre fra oss til frivillighetssentralene og havner i hjem som trenger de.<\/p>\n\n\n\n<p>Har du et m\u00f8bel du har v\u00e6rt glad i, og som du ikke vil kaste, men som ikke passer helt inn etter en oppussing hjemme?<\/p>\n\n\n\n<p>Gir du det til oss bidrar du b\u00e5de til gjenbruk og arbeidstrening for v\u00e5re jobbs\u00f8kere som kan gi de erfaring og referanser til jobbmuligheter. Det er samfunnsansvar p\u00e5 mange plan!<\/p>\n\n\n<script type=\"text\/javascript\">\n\/* <![CDATA[ *\/\nvar gform;gform||(document.addEventListener(\"gform_main_scripts_loaded\",function(){gform.scriptsLoaded=!0}),document.addEventListener(\"gform\/theme\/scripts_loaded\",function(){gform.themeScriptsLoaded=!0}),window.addEventListener(\"DOMContentLoaded\",function(){gform.domLoaded=!0}),gform={domLoaded:!1,scriptsLoaded:!1,themeScriptsLoaded:!1,isFormEditor:()=>\"function\"==typeof InitializeEditor,callIfLoaded:function(o){return!(!gform.domLoaded||!gform.scriptsLoaded||!gform.themeScriptsLoaded&&!gform.isFormEditor()||(gform.isFormEditor()&&console.warn(\"The use of gform.initializeOnLoaded() is deprecated in the form editor context and will be removed in Gravity Forms 3.1.\"),o(),0))},initializeOnLoaded:function(o){gform.callIfLoaded(o)||(document.addEventListener(\"gform_main_scripts_loaded\",()=>{gform.scriptsLoaded=!0,gform.callIfLoaded(o)}),document.addEventListener(\"gform\/theme\/scripts_loaded\",()=>{gform.themeScriptsLoaded=!0,gform.callIfLoaded(o)}),window.addEventListener(\"DOMContentLoaded\",()=>{gform.domLoaded=!0,gform.callIfLoaded(o)}))},hooks:{action:{},filter:{}},addAction:function(o,r,e,t){gform.addHook(\"action\",o,r,e,t)},addFilter:function(o,r,e,t){gform.addHook(\"filter\",o,r,e,t)},doAction:function(o){gform.doHook(\"action\",o,arguments)},applyFilters:function(o){return gform.doHook(\"filter\",o,arguments)},removeAction:function(o,r){gform.removeHook(\"action\",o,r)},removeFilter:function(o,r,e){gform.removeHook(\"filter\",o,r,e)},addHook:function(o,r,e,t,n){null==gform.hooks[o][r]&&(gform.hooks[o][r]=[]);var d=gform.hooks[o][r];null==n&&(n=r+\"_\"+d.length),gform.hooks[o][r].push({tag:n,callable:e,priority:t=null==t?10:t})},doHook:function(r,o,e){var t;if(e=Array.prototype.slice.call(e,1),null!=gform.hooks[r][o]&&((o=gform.hooks[r][o]).sort(function(o,r){return o.priority-r.priority}),o.forEach(function(o){\"function\"!=typeof(t=o.callable)&&(t=window[t]),\"action\"==r?t.apply(null,e):e[0]=t.apply(null,e)})),\"filter\"==r)return e[0]},removeHook:function(o,r,t,n){var e;null!=gform.hooks[o][r]&&(e=(e=gform.hooks[o][r]).filter(function(o,r,e){return!!(null!=n&&n!=o.tag||null!=t&&t!=o.priority)}),gform.hooks[o][r]=e)}});\n\/* ]]> *\/\n<\/script>\n\n                <div class='gf_browser_gecko gform_wrapper gravity-theme gform-theme--no-framework' data-form-theme='gravity-theme' data-form-index='0' id='gform_wrapper_5' ><div id='gf_5' class='gform_anchor' tabindex='-1'><\/div>\n                        <div class='gform_heading'>\n                            <h2 id=\"kontakt-oss-pa-maleren\"  class=\"gform_title\" >Kontakt oss p\u00e5 maleren<\/h2>\n                            <p class='gform_description'>Ta kontakt med oss for et tilbud eller mer informasjon.<\/p>\n                        <\/div><form method='post' enctype='multipart\/form-data' target='gform_ajax_frame_5' id='gform_5'  action='\/arbeid-og-inkludering\/wp-json\/wp\/v2\/pages\/46#gf_5' data-formid='5' novalidate><div class='gf_invisible ginput_recaptchav3' data-sitekey='6LdiTEscAAAAAJoxDlTUk71K3gvHBF5FWtc6faJY' data-tabindex='1'><input id=\"input_baf6c8a8d9651f63d56494042fa96ab9\" class=\"gfield_recaptcha_response\" type=\"hidden\" name=\"input_baf6c8a8d9651f63d56494042fa96ab9\" value=\"\"\/><\/div>\n                        <div class='gform-body gform_body'><div id='gform_fields_5' class='gform_fields top_label form_sublabel_below description_below validation_below'><div id=\"field_5_1\" class=\"gfield gfield--type-text gfield--input-type-text gfield_contains_required field_sublabel_below gfield--no-description field_description_below field_validation_below gfield_visibility_visible\"  ><label class='gfield_label gform-field-label' for='input_5_1'>Telefonnummer<span class=\"gfield_required\"><span class=\"gfield_required gfield_required_text\">(P\u00e5krevd)<\/span><\/span><\/label><div class='ginput_container ginput_container_text'><input name='input_1' id='input_5_1' type='text' value='' class='large'   tabindex='2'  aria-required=\"true\" aria-invalid=\"false\"   \/><\/div><\/div><div id=\"field_5_3\" class=\"gfield gfield--type-text gfield--input-type-text gfield--width-full gfield_contains_required field_sublabel_below gfield--no-description field_description_below field_validation_below gfield_visibility_visible\"  ><label class='gfield_label gform-field-label' for='input_5_3'>Navn<span class=\"gfield_required\"><span class=\"gfield_required gfield_required_text\">(P\u00e5krevd)<\/span><\/span><\/label><div class='ginput_container ginput_container_text'><input name='input_3' id='input_5_3' type='text' value='' class='large'   tabindex='3'  aria-required=\"true\" aria-invalid=\"false\"   \/><\/div><\/div><div id=\"field_5_4\" class=\"gfield gfield--type-text gfield--input-type-text gfield--width-full gfield_contains_required field_sublabel_below gfield--no-description field_description_below field_validation_below gfield_visibility_visible\"  ><label class='gfield_label gform-field-label' for='input_5_4'>E-post<span class=\"gfield_required\"><span class=\"gfield_required gfield_required_text\">(P\u00e5krevd)<\/span><\/span><\/label><div class='ginput_container ginput_container_text'><input name='input_4' id='input_5_4' type='text' value='' class='large'   tabindex='4'  aria-required=\"true\" aria-invalid=\"false\"   \/><\/div><\/div><div id=\"field_5_5\" class=\"gfield gfield--type-textarea gfield--input-type-textarea field_sublabel_below gfield--has-description field_description_below field_validation_below gfield_visibility_visible\"  ><label class='gfield_label gform-field-label' for='input_5_5'>Hva gjelder henvendelsen?<\/label><div class='ginput_container ginput_container_textarea'><textarea name='input_5' id='input_5_5' class='textarea large' tabindex='5' aria-describedby=\"gfield_description_5_5\" maxlength='600'   aria-invalid=\"false\"   rows='10' cols='50'><\/textarea><\/div><div class='gfield_description' id='gfield_description_5_5'>Vennligst ikke oppgi sensitive personopplysninger i meldingen til oss.<\/div><\/div><\/div><\/div>\n        <div class='gform-footer gform_footer top_label'> <input type='submit' id='gform_submit_button_5' class='gform_button button' onclick='gform.submission.handleButtonClick(this);' data-submission-type='submit' value='Send inn' tabindex='6' \/> <input type='hidden' name='gform_ajax' value='form_id=5&amp;title=1&amp;description=1&amp;tabindex=1&amp;theme=gravity-theme&amp;hash=c106ecf808e540de25d2b577aa271325' \/>\n            <input type='hidden' class='gform_hidden' name='gform_submission_method' data-js='gform_submission_method_5' value='iframe' \/>\n            <input type='hidden' class='gform_hidden' name='gform_theme' data-js='gform_theme_5' id='gform_theme_5' value='gravity-theme' \/>\n            <input type='hidden' class='gform_hidden' name='gform_style_settings' data-js='gform_style_settings_5' id='gform_style_settings_5' value='' \/>\n            <input type='hidden' class='gform_hidden' name='is_submit_5' value='1' \/>\n            <input type='hidden' class='gform_hidden' name='gform_submit' value='5' \/>\n            \n            <input type='hidden' class='gform_hidden' name='gform_currency' data-currency='USD' value='fddvvkkZ5FbikbbhqvfysfSdug9ZnUUlGuzRWOZuuKkq9Vj9yvERUPv7ikhjbRXON87KV9Bfa9GHinx+kiAFIQK8PJNoIRe6WwgQOEiuyLHl9+o=' \/>\n            <input type='hidden' class='gform_hidden' name='gform_unique_id' value='' \/>\n            <input type='hidden' class='gform_hidden' name='state_5' value='WyJbXSIsIjA2NmNmMGYyOWQ3M2MwOWZhYTA5MmE3ZGQxMWNlYjQxIl0=' \/>\n            <input type='hidden' autocomplete='off' class='gform_hidden' name='gform_target_page_number_5' id='gform_target_page_number_5' value='0' \/>\n            <input type='hidden' autocomplete='off' class='gform_hidden' name='gform_source_page_number_5' id='gform_source_page_number_5' value='1' \/>\n            <input type='hidden' name='gform_field_values' value='' \/>\n            \n        <\/div>\n                        <\/form>\n                        <\/div>\n\t\t                <iframe style='display:none;width:0px;height:0px;' src='about:blank' name='gform_ajax_frame_5' id='gform_ajax_frame_5' title='This iframe contains the logic required to handle Ajax powered Gravity Forms.'><\/iframe>\n\t\t                <script type=\"text\/javascript\">\n\/* <![CDATA[ *\/\n gform.initializeOnLoaded( function() {gformInitSpinner( 5, 'https:\/\/www.blakors.no\/content\/plugins\/gravityforms\/images\/spinner.svg', true );jQuery('#gform_ajax_frame_5').on('load',function(){var contents = jQuery(this).contents().find('*').html();var is_postback = contents.indexOf('GF_AJAX_POSTBACK') >= 0;if(!is_postback){return;}var form_content = jQuery(this).contents().find('#gform_wrapper_5');var is_confirmation = jQuery(this).contents().find('#gform_confirmation_wrapper_5').length > 0;var is_redirect = contents.indexOf('gformRedirect(){') >= 0;var is_form = form_content.length > 0 && ! is_redirect && ! is_confirmation;var mt = parseInt(jQuery('html').css('margin-top'), 10) + parseInt(jQuery('body').css('margin-top'), 10) + 100;if(is_form){jQuery('#gform_wrapper_5').html(form_content.html());if(form_content.hasClass('gform_validation_error')){jQuery('#gform_wrapper_5').addClass('gform_validation_error');} else {jQuery('#gform_wrapper_5').removeClass('gform_validation_error');}setTimeout( function() { \/* delay the scroll by 50 milliseconds to fix a bug in chrome *\/ jQuery(document).scrollTop(jQuery('#gform_wrapper_5').offset().top - mt); }, 50 );if(window['gformInitDatepicker']) {gformInitDatepicker();}if(window['gformInitPriceFields']) {gformInitPriceFields();}var current_page = jQuery('#gform_source_page_number_5').val();gformInitSpinner( 5, 'https:\/\/www.blakors.no\/content\/plugins\/gravityforms\/images\/spinner.svg', true );jQuery(document).trigger('gform_page_loaded', [5, current_page]);window['gf_submitting_5'] = false;}else if(!is_redirect){var confirmation_content = jQuery(this).contents().find('.GF_AJAX_POSTBACK').html();if(!confirmation_content){confirmation_content = contents;}jQuery('#gform_wrapper_5').replaceWith(confirmation_content);jQuery(document).scrollTop(jQuery('#gf_5').offset().top - mt);jQuery(document).trigger('gform_confirmation_loaded', [5]);window['gf_submitting_5'] = false;wp.a11y.speak(jQuery('#gform_confirmation_message_5').text());}else{jQuery('#gform_5').append(contents);if(window['gformRedirect']) {gformRedirect();}}jQuery(document).trigger(\"gform_pre_post_render\", [{ formId: \"5\", currentPage: \"current_page\", abort: function() { this.preventDefault(); } }]);        if (event && event.defaultPrevented) {                return;        }        const gformWrapperDiv = document.getElementById( \"gform_wrapper_5\" );        if ( gformWrapperDiv ) {            const visibilitySpan = document.createElement( \"span\" );            visibilitySpan.id = \"gform_visibility_test_5\";            gformWrapperDiv.insertAdjacentElement( \"afterend\", visibilitySpan );        }        const visibilityTestDiv = document.getElementById( \"gform_visibility_test_5\" );        let postRenderFired = false;        function triggerPostRender() {            if ( postRenderFired ) {                return;            }            postRenderFired = true;            gform.core.triggerPostRenderEvents( 5, current_page );            if ( visibilityTestDiv ) {                visibilityTestDiv.parentNode.removeChild( visibilityTestDiv );            }        }        function debounce( func, wait, immediate ) {            var timeout;            return function() {                var context = this, args = arguments;                var later = function() {                    timeout = null;                    if ( !immediate ) func.apply( context, args );                };                var callNow = immediate && !timeout;                clearTimeout( timeout );                timeout = setTimeout( later, wait );                if ( callNow ) func.apply( context, args );            };        }        const debouncedTriggerPostRender = debounce( function() {            triggerPostRender();        }, 200 );        if ( visibilityTestDiv && visibilityTestDiv.offsetParent === null ) {            const observer = new MutationObserver( ( mutations ) => {                mutations.forEach( ( mutation ) => {                    if ( mutation.type === 'attributes' && visibilityTestDiv.offsetParent !== null ) {                        debouncedTriggerPostRender();                        observer.disconnect();                    }                });            });            observer.observe( document.body, {                attributes: true,                childList: false,                subtree: true,                attributeFilter: [ 'style', 'class' ],            });        } else {            triggerPostRender();        }    } );} ); \n\/* ]]> *\/\n<\/script>\n\n\n\n\t\t<div class=\"wp-block-lib-accentuated-link\">\n\t\t\t<a\n\t\t\t\tclass=\"lib-link__link\"\n\t\t\t\thref=\"https:\/\/www.blakors.no\/content\/uploads\/sites\/55\/2025\/04\/Brosjyre-Bla_Kors_maler.pdf\"\n\t\t\t\ttarget=\"\"\n\t\t\t\trel=\"\"\n\t\t\t>\n\t\t\t\t\n\t\t\t\t<div class=\"lib-link__text-content\">\n\t\t\t\t\t<span class=\"lib-link__tagline\">\n\t\t\t\t\t\tlast ned brosjyre\n\t\t\t\t\t<\/span>\n\n\t\t\t\t\t<h3 class=\"lib-link__title\">\n\t\t\t\t\t\tBl\u00e5 Kors maler\n\t\t\t\t\t<\/h3>\n\n\t\t\t\t\t\n\t\t\t<span class=\"lib-link__link-source\">\n\t\t\t\tpdf\n\t\t\t\t<svg xmlns=\"http:\/\/www.w3.org\/2000\/svg\" viewBox=\"0 0 24 24\" height=\"24\" width=\"24\" class=\"t2-icon t2-icon-filedownload\" aria-hidden=\"true\" focusable=\"false\"><path d=\"M12 15.6c-.1 0-.3 0-.4-.1-.1 0-.2-.1-.3-.2l-3.6-3.6c-.2-.2-.3-.4-.3-.7s.1-.5.3-.7c.2-.2.4-.3.7-.3.3 0 .5.1.7.3l1.9 1.9V5c0-.3.1-.5.3-.7.2-.2.4-.3.7-.3s.5.1.7.3c.2.2.3.4.3.7v7.2l1.9-1.9c.2-.2.4-.3.7-.3.3 0 .5.1.7.3.2.2.3.4.3.7s-.1.5-.3.7l-3.6 3.6c-.1.1-.2.2-.3.2-.1.1-.3.1-.4.1zM6 20c-.5 0-1-.2-1.4-.6S4 18.6 4 18v-2c0-.3.1-.5.3-.7.2-.2.4-.3.7-.3s.5.1.7.3c.2.2.3.4.3.7v2h12v-2c0-.3.1-.5.3-.7.2-.2.4-.3.7-.3s.5.1.7.3c.2.2.3.4.3.7v2c0 .6-.2 1-.6 1.4s-.8.6-1.4.6H6z\" fill=\"currentColor\" \/><\/svg>\n\t\t\t<\/span>\n\t\t\t\t<\/div>\n\t\t\t<\/a>\n\t\t<\/div>","protected":false},"excerpt":{"rendered":"<p>Ta kontakt med oss for et tilbud eller mer informasjon p\u00e5 telefon 22 82 10 47, eller send en e-post til maleravdelingen@rehabil.no Priser Vi kommer gjerne p\u00e5 befaring til deg for \u00e5 se p\u00e5 det eventuelle prosjektet og gi et estimat p\u00e5 pris. Innvendig malertjenester Har du noen utdaterte rom du gjerne skulle \u00f8nske passet [&hellip;]<\/p>\n","protected":false},"author":86,"featured_media":0,"parent":40,"menu_order":0,"comment_status":"closed","ping_status":"closed","template":"","meta":{"_acf_changed":false,"_relevanssi_hide_post":"","_relevanssi_hide_content":"","_relevanssi_pin_for_all":"","_relevanssi_pin_keywords":"","_relevanssi_unpin_keywords":"","_relevanssi_related_keywords":"","_relevanssi_related_include_ids":"","_relevanssi_related_exclude_ids":"","_relevanssi_related_no_append":"","_relevanssi_related_not_related":"","_relevanssi_related_posts":"1","_relevanssi_noindex_reason":"","_custom_cards_description":"","footnotes":""},"class_list":["post-46","page","type-page","status-publish","hentry"],"acf":[],"_links":{"self":[{"href":"https:\/\/www.blakors.no\/arbeid-og-inkludering\/wp-json\/wp\/v2\/pages\/46","targetHints":{"allow":["GET"]}}],"collection":[{"href":"https:\/\/www.blakors.no\/arbeid-og-inkludering\/wp-json\/wp\/v2\/pages"}],"about":[{"href":"https:\/\/www.blakors.no\/arbeid-og-inkludering\/wp-json\/wp\/v2\/types\/page"}],"author":[{"embeddable":true,"href":"https:\/\/www.blakors.no\/arbeid-og-inkludering\/wp-json\/wp\/v2\/users\/86"}],"replies":[{"embeddable":true,"href":"https:\/\/www.blakors.no\/arbeid-og-inkludering\/wp-json\/wp\/v2\/comments?post=46"}],"version-history":[{"count":5,"href":"https:\/\/www.blakors.no\/arbeid-og-inkludering\/wp-json\/wp\/v2\/pages\/46\/revisions"}],"predecessor-version":[{"id":3057,"href":"https:\/\/www.blakors.no\/arbeid-og-inkludering\/wp-json\/wp\/v2\/pages\/46\/revisions\/3057"}],"up":[{"embeddable":true,"href":"https:\/\/www.blakors.no\/arbeid-og-inkludering\/wp-json\/wp\/v2\/pages\/40"}],"wp:attachment":[{"href":"https:\/\/www.blakors.no\/arbeid-og-inkludering\/wp-json\/wp\/v2\/media?parent=46"}],"curies":[{"name":"wp","href":"https:\/\/api.w.org\/{rel}","templated":true}]}}