{"id":99,"date":"2025-01-24T12:40:20","date_gmt":"2025-01-24T11:40:20","guid":{"rendered":"https:\/\/www.blakors.no\/arbeid-og-inkludering\/?page_id=99"},"modified":"2025-06-16T14:22:28","modified_gmt":"2025-06-16T12:22:28","slug":"steder","status":"publish","type":"page","link":"https:\/\/www.blakors.no\/arbeid-og-inkludering\/steder\/","title":{"rendered":"Her er vi"},"content":{"rendered":"\n<p><strong>Oslo<\/strong><\/p>\n\n\n\n<p>Bl\u00e5 Kors arbeid og inkludering Oslo og Bl\u00e5 Kors arbeidskompetanse og Bilpleien ligger i \u00d8stre Aker Vei 206F i Nedre Kalbakken industriomr\u00e5de. Cafe og Catering og Maleravdelingen har inngang fra Stanseveien 9. Vi har gratis gjesteparkering foran hovedinngangen i \u00d8stre Aker vei og gratis kundeparkering foran cafeen i Stanseveien 9.<\/p>\n\n\n\n<p>Skal du reise kollektivt er n\u00e6rmeste holdeplass Nyland stasjon. Her stopper b\u00e5de buss 67 \u00d8kern &#8211; L\u00f8renskog og 345 \u00d8kern &#8211; Vestvollen, samt Tog L1 lokaltog Lillestr\u00f8m &#8211; Spikkestad via Oslo S. <br>N\u00e6rmeste T-banestasjon er R\u00f8dtvet med ca. 20 minutter gange.<\/p>\n\n\n\n<p><strong>\u00c5pningstider: <\/strong><br>Mandag til Fredag fra 08.00 &#8211; 16.00. Cafeen stenger kl. 14.45 alle hverdager.<\/p>\n\n\n\n<p><strong>Ringerike<\/strong><\/p>\n\n\n\n<p>Bl\u00e5 Kors arbeid og inkludering Ringerike og Bl\u00e5 Kors arbeidskompetanse Ringerike ligger i Sundgata 10 A i H\u00f8nefoss sentrum. V\u00e5r cafe\/catering avdeling og kontorer ligger samlokalisert i Sundgata 10 A mens v\u00e5r Gjenbruksbutikk finner du i Storgaten 11. Det finnes kommunale parkeringsplasser rett utenfor begge v\u00e5re lokasjoner.<\/p>\n\n\n\n<p>Reiser du med kollektivt ligger Sentrum Stopp busstasjon 150 m fra Gjenbruksbutikken og 250 m fra kontoret og cafe\/catering avdelingen v\u00e5r.<\/p>\n\n\n\n<p><strong>\u00c5pningstider:<\/strong><br><strong>Cafe:<\/strong> Mandag til fredag 09.00-15.00<br><strong>Catering og kontor:<\/strong> Mandag til fredag 08.00-15:30<br><strong>Gjenbruksbutikk:<\/strong> Mandag, tirsdag, onsdag og fredag 09.00-15:30 Torsdag 10.00-18.00 (unntak i sommerferieavvikling)<\/p>\n\n\n\n<p><strong>Fredrikstad <\/strong><\/p>\n\n\n\n<p>Bl\u00e5 Kors\u00a0<strong>arbeid og inkludering |\u00a0<\/strong><em>Fredrikstad<\/em><br>Postboks 585<br>1612 Fredrikstad<br>Bes\u00f8ksadresse:<br>Mosseveien 37, 1610 Fredrikstad<br>Telefon: 69 30 18 10<br><a href=\"mailto:arbeidoginkludering@blaakors.no\">arbeidoginkludering@blaakors.no<\/a><\/p>\n\n\n\n<p><strong>Sarpsborg<\/strong><\/p>\n\n\n\n<p>Bl\u00e5 Kors\u00a0<strong>arbeid og inkludering<\/strong>\u00a0|\u00a0<em>Sarpsborg<\/em><br>Torggata 12<br>1707 Sarpsborg<br>Bes\u00f8ksadresse:<br>Torggata 12, 1707 Sarpsborg<br>Telefon: 69 97 19 90<br><a href=\"mailto:arbeidoginkludering@blaakors.no\">arbeidoginkludering@blaakors.no<\/a><\/p>\n","protected":false},"excerpt":{"rendered":"<p>Oslo Bl\u00e5 Kors arbeid og inkludering Oslo og Bl\u00e5 Kors arbeidskompetanse og Bilpleien ligger i \u00d8stre Aker Vei 206F i Nedre Kalbakken industriomr\u00e5de. Cafe og Catering og Maleravdelingen har inngang fra Stanseveien 9. Vi har gratis gjesteparkering foran hovedinngangen i \u00d8stre Aker vei og gratis kundeparkering foran cafeen i Stanseveien 9. Skal du reise kollektivt [&hellip;]<\/p>\n","protected":false},"author":86,"featured_media":0,"parent":0,"menu_order":0,"comment_status":"closed","ping_status":"closed","template":"","meta":{"_acf_changed":false,"_relevanssi_hide_post":"","_relevanssi_hide_content":"","_relevanssi_pin_for_all":"","_relevanssi_pin_keywords":"","_relevanssi_unpin_keywords":"","_relevanssi_related_keywords":"","_relevanssi_related_include_ids":"","_relevanssi_related_exclude_ids":"","_relevanssi_related_no_append":"","_relevanssi_related_not_related":"","_relevanssi_related_posts":"1","_relevanssi_noindex_reason":"","_custom_cards_description":"","footnotes":""},"class_list":["post-99","page","type-page","status-publish","hentry"],"acf":[],"_links":{"self":[{"href":"https:\/\/www.blakors.no\/arbeid-og-inkludering\/wp-json\/wp\/v2\/pages\/99","targetHints":{"allow":["GET"]}}],"collection":[{"href":"https:\/\/www.blakors.no\/arbeid-og-inkludering\/wp-json\/wp\/v2\/pages"}],"about":[{"href":"https:\/\/www.blakors.no\/arbeid-og-inkludering\/wp-json\/wp\/v2\/types\/page"}],"author":[{"embeddable":true,"href":"https:\/\/www.blakors.no\/arbeid-og-inkludering\/wp-json\/wp\/v2\/users\/86"}],"replies":[{"embeddable":true,"href":"https:\/\/www.blakors.no\/arbeid-og-inkludering\/wp-json\/wp\/v2\/comments?post=99"}],"version-history":[{"count":5,"href":"https:\/\/www.blakors.no\/arbeid-og-inkludering\/wp-json\/wp\/v2\/pages\/99\/revisions"}],"predecessor-version":[{"id":841,"href":"https:\/\/www.blakors.no\/arbeid-og-inkludering\/wp-json\/wp\/v2\/pages\/99\/revisions\/841"}],"wp:attachment":[{"href":"https:\/\/www.blakors.no\/arbeid-og-inkludering\/wp-json\/wp\/v2\/media?parent=99"}],"curies":[{"name":"wp","href":"https:\/\/api.w.org\/{rel}","templated":true}]}}

<p><strong>Oslo</strong></p>



<p>Blå Kors arbeid og inkludering Oslo og Blå Kors arbeidskompetanse og Bilpleien ligger i Østre Aker Vei 206F i Nedre Kalbakken industriområde. Cafe og Catering og Maleravdelingen har inngang fra Stanseveien 9. Vi har gratis gjesteparkering foran hovedinngangen i Østre Aker vei og gratis kundeparkering foran cafeen i Stanseveien 9.</p>



<p>Skal du reise kollektivt er nærmeste holdeplass Nyland stasjon. Her stopper både buss 67 Økern &#8211; Lørenskog og 345 Økern &#8211; Vestvollen, samt Tog L1 lokaltog Lillestrøm &#8211; Spikkestad via Oslo S. <br>Nærmeste T-banestasjon er Rødtvet med ca. 20 minutter gange.</p>



<p><strong>Åpningstider: </strong><br>Mandag til Fredag fra 08.00 &#8211; 16.00. Cafeen stenger kl. 14.45 alle hverdager.</p>



<p><strong>Ringerike</strong></p>



<p>Blå Kors arbeid og inkludering Ringerike og Blå Kors arbeidskompetanse Ringerike ligger i Sundgata 10 A i Hønefoss sentrum. Vår cafe/catering avdeling og kontorer ligger samlokalisert i Sundgata 10 A mens vår Gjenbruksbutikk finner du i Storgaten 11. Det finnes kommunale parkeringsplasser rett utenfor begge våre lokasjoner.</p>



<p>Reiser du med kollektivt ligger Sentrum Stopp busstasjon 150 m fra Gjenbruksbutikken og 250 m fra kontoret og cafe/catering avdelingen vår.</p>



<p><strong>Åpningstider:</strong><br><strong>Cafe:</strong> Mandag til fredag 09.00-15.00<br><strong>Catering og kontor:</strong> Mandag til fredag 08.00-15:30<br><strong>Gjenbruksbutikk:</strong> Mandag, tirsdag, onsdag og fredag 09.00-15:30 Torsdag 10.00-18.00 (unntak i sommerferieavvikling)</p>



<p><strong>Fredrikstad </strong></p>



<p>Blå Kors <strong>arbeid og inkludering | </strong><em>Fredrikstad</em><br>Postboks 585<br>1612 Fredrikstad<br>Besøksadresse:<br>Mosseveien 37, 1610 Fredrikstad<br>Telefon: 69 30 18 10<br><a href="mailto:arbeidoginkludering@blaakors.no">arbeidoginkludering@blaakors.no</a></p>



<p><strong>Sarpsborg</strong></p>



<p>Blå Kors <strong>arbeid og inkludering</strong> | <em>Sarpsborg</em><br>Torggata 12<br>1707 Sarpsborg<br>Besøksadresse:<br>Torggata 12, 1707 Sarpsborg<br>Telefon: 69 97 19 90<br><a href="mailto:arbeidoginkludering@blaakors.no">arbeidoginkludering@blaakors.no</a></p>

<p>Oslo Blå Kors arbeid og inkludering Oslo og Blå Kors arbeidskompetanse og Bilpleien ligger i Østre Aker Vei 206F i Nedre Kalbakken industriområde. Cafe og Catering og Maleravdelingen har inngang fra Stanseveien 9. Vi har gratis gjesteparkering foran hovedinngangen i Østre Aker vei og gratis kundeparkering foran cafeen i Stanseveien 9. Skal du reise kollektivt [&hellip;]</p>
