{"id":172,"date":"2022-06-23T12:43:55","date_gmt":"2022-06-23T10:43:55","guid":{"rendered":"https:\/\/www.blakors.no\/barnevern-malvik\/?page_id=172"},"modified":"2026-02-27T10:09:10","modified_gmt":"2026-02-27T09:09:10","slug":"hjelpetiltak","status":"publish","type":"page","link":"https:\/\/www.blakors.no\/barnevern\/hjelpetiltak\/","title":{"rendered":"Hjelpetiltak"},"content":{"rendered":"<h2 id=\"vi-tilbyr-folgende-hjelpetiltak\"  >Vi tilbyr f\u00f8lgende hjelpetiltak<\/h2><div class=\"t2-accordion wp-block-t2-accordion\" data-allow-multiple=\"1\" role=\"list\"><div class=\"t2-accordion-item wp-block-t2-accordion-item\" role=\"listitem\">\n\t\t\t<h3 class=\"t2-accordion-title\">\n\t\t\t\t<button type=\"button\" class=\"t2-accordion-trigger\" id=\"avlastning\" aria-controls=\"accordion-panel\" aria-expanded=\"false\">\n\t\t\t\t\tAvlastning\n\t\t\t\t\t<span class=\"t2-accordion-icon is-closed-icon\"><svg xmlns=\"http:\/\/www.w3.org\/2000\/svg\" viewBox=\"0 0 24 24\" height=\"24\" width=\"24\" class=\"t2-icon t2-icon-chevrondown\" aria-hidden=\"true\" focusable=\"false\"><path d=\"M12 14.9c-.1 0-.3 0-.4-.1-.1 0-.2-.1-.3-.2L6.7 10c-.2-.1-.3-.4-.3-.6 0-.3.1-.5.3-.7.2-.2.4-.3.7-.3s.5.1.7.3l3.9 3.9 3.9-3.9c.2-.2.4-.3.7-.3.3 0 .5.1.7.3.2.2.3.4.3.7s-.1.5-.3.7l-4.6 4.6c-.1.1-.2.2-.3.2H12z\" fill=\"currentColor\" \/><\/svg><\/span>\n\t\t\t\t\t<span class=\"t2-accordion-icon is-open-icon\"><svg xmlns=\"http:\/\/www.w3.org\/2000\/svg\" viewBox=\"0 0 24 24\" height=\"24\" width=\"24\" class=\"t2-icon t2-icon-chevronup\" aria-hidden=\"true\" focusable=\"false\"><path d=\"M6.7 14.7c-.2-.2-.3-.4-.3-.7s.1-.5.3-.7l4.6-4.6c.1-.1.2-.2.3-.2.1 0 .2-.1.4-.1.1 0 .3 0 .4.1.1 0 .2.1.3.2l4.6 4.6c.2.2.3.4.3.7s-.1.5-.3.7c-.2.2-.4.3-.7.3s-.5-.1-.7-.3L12 10.8l-3.9 3.9c-.2.2-.4.3-.7.3s-.5-.1-.7-.3z\" fill=\"currentColor\" \/><\/svg><\/span>\n\t\t\t\t<\/button>\n\t\t\t<\/h3>\n\t\t\t<div class=\"t2-accordion-item__inner-container is-layout-flow\" id=\"accordion-panel\" aria-labelledby=\"avlastning\" role=\"region\" hidden>\n\t\t\t\t\n\t\t\t\t<p><strong>Avlastning i Bl\u00e5 Kors barnevern Malvik: <\/strong>Vi har ulike boliger b\u00e5de i Malvik, Stj\u00f8rdal, Trondheim og Mer\u00e5ker som egner seg godt til avlastning. Barnet og de ansatte disponerer en egen bolig som har gode fasiliteter. Vi er fleksible og tilbyr avlastning etter behov i samr\u00e5d med aktuell familie og kommune, og vi kan ta oppdrag fra b\u00e5de barnevern og helsesektor.<\/p>\n<p>&nbsp;<\/p>\n\n\t\t\t\n\t\t\t<\/div>\n\t\t<\/div><div class=\"t2-accordion-item wp-block-t2-accordion-item\" role=\"listitem\">\n\t\t\t<h3 class=\"t2-accordion-title\">\n\t\t\t\t<button type=\"button\" class=\"t2-accordion-trigger\" id=\"tilsyn-og-veiledning-ved-samv\u00e6r\" aria-controls=\"accordion-panel-1\" aria-expanded=\"false\">\n\t\t\t\t\tTilsyn og veiledning ved samv\u00e6r\n\t\t\t\t\t<span class=\"t2-accordion-icon is-closed-icon\"><svg xmlns=\"http:\/\/www.w3.org\/2000\/svg\" viewBox=\"0 0 24 24\" height=\"24\" width=\"24\" class=\"t2-icon t2-icon-chevrondown\" aria-hidden=\"true\" focusable=\"false\"><path d=\"M12 14.9c-.1 0-.3 0-.4-.1-.1 0-.2-.1-.3-.2L6.7 10c-.2-.1-.3-.4-.3-.6 0-.3.1-.5.3-.7.2-.2.4-.3.7-.3s.5.1.7.3l3.9 3.9 3.9-3.9c.2-.2.4-.3.7-.3.3 0 .5.1.7.3.2.2.3.4.3.7s-.1.5-.3.7l-4.6 4.6c-.1.1-.2.2-.3.2H12z\" fill=\"currentColor\" \/><\/svg><\/span>\n\t\t\t\t\t<span class=\"t2-accordion-icon is-open-icon\"><svg xmlns=\"http:\/\/www.w3.org\/2000\/svg\" viewBox=\"0 0 24 24\" height=\"24\" width=\"24\" class=\"t2-icon t2-icon-chevronup\" aria-hidden=\"true\" focusable=\"false\"><path d=\"M6.7 14.7c-.2-.2-.3-.4-.3-.7s.1-.5.3-.7l4.6-4.6c.1-.1.2-.2.3-.2.1 0 .2-.1.4-.1.1 0 .3 0 .4.1.1 0 .2.1.3.2l4.6 4.6c.2.2.3.4.3.7s-.1.5-.3.7c-.2.2-.4.3-.7.3s-.5-.1-.7-.3L12 10.8l-3.9 3.9c-.2.2-.4.3-.7.3s-.5-.1-.7-.3z\" fill=\"currentColor\" \/><\/svg><\/span>\n\t\t\t\t<\/button>\n\t\t\t<\/h3>\n\t\t\t<div class=\"t2-accordion-item__inner-container is-layout-flow\" id=\"accordion-panel-1\" aria-labelledby=\"tilsyn-og-veiledning-ved-samv\u00e6r\" role=\"region\" hidden>\n\t\t\t\t\n\t\t\t\t<p><strong>Bl\u00e5 Kors familiesenter, Aglo tilbyr tilsyn og veiledning ved samv\u00e6r. <\/strong>Det kan ogs\u00e5 gis veiledning i forkant og\/eller etterkant av samv\u00e6r.<\/p>\n<p>Vi har et godt egnet hus som ogs\u00e5 kan brukes til dette form\u00e5let p\u00e5 Skatval, men kan ogs\u00e5 ta tilsynet ved annen lokasjon etter avtale med oppdragsgiver.<\/p>\n<p>Tilsynsperson kan etter mandat ha enten en observerende eller en veiledende rolle.<\/p>\n<p><em><strong>Ved samv\u00e6r tilbyr vi f\u00f8lgende:<\/strong><\/em><\/p>\n<ul>\n<li>Samv\u00e6r i trygge omgivelser med faste personer som f\u00f8lger familiene\/ barnet.<\/li>\n<li>Samtaler og veiledning i forkant og\/ eller etterkant av samv\u00e6r.<\/li>\n<li>Samtaler med barnet\/ barna hvis det er behov for det.<\/li>\n<li>\u00a0Vi har mulighet til \u00e5 ta tilsyn ved samv\u00e6r p\u00e5 dagtid,\u00a0 kvelder og helger.<\/li>\n<li>Rapporteringsfrekvens avtales i samr\u00e5d med oppdragsgiver. En detaljert bestilling er med p\u00e5 \u00e5 sikre at tilsynsf\u00f8rer skriver gode rapporter.<\/li>\n<\/ul>\n<p>&nbsp;<\/p>\n\n\t\t\t\n\t\t\t<\/div>\n\t\t<\/div><div class=\"t2-accordion-item wp-block-t2-accordion-item\" role=\"listitem\">\n\t\t\t<h3 class=\"t2-accordion-title\">\n\t\t\t\t<button type=\"button\" class=\"t2-accordion-trigger\" id=\"veiledning-til-foreldre\" aria-controls=\"accordion-panel-2\" aria-expanded=\"false\">\n\t\t\t\t\tVeiledning til foreldre\n\t\t\t\t\t<span class=\"t2-accordion-icon is-closed-icon\"><svg xmlns=\"http:\/\/www.w3.org\/2000\/svg\" viewBox=\"0 0 24 24\" height=\"24\" width=\"24\" class=\"t2-icon t2-icon-chevrondown\" aria-hidden=\"true\" focusable=\"false\"><path d=\"M12 14.9c-.1 0-.3 0-.4-.1-.1 0-.2-.1-.3-.2L6.7 10c-.2-.1-.3-.4-.3-.6 0-.3.1-.5.3-.7.2-.2.4-.3.7-.3s.5.1.7.3l3.9 3.9 3.9-3.9c.2-.2.4-.3.7-.3.3 0 .5.1.7.3.2.2.3.4.3.7s-.1.5-.3.7l-4.6 4.6c-.1.1-.2.2-.3.2H12z\" fill=\"currentColor\" \/><\/svg><\/span>\n\t\t\t\t\t<span class=\"t2-accordion-icon is-open-icon\"><svg xmlns=\"http:\/\/www.w3.org\/2000\/svg\" viewBox=\"0 0 24 24\" height=\"24\" width=\"24\" class=\"t2-icon t2-icon-chevronup\" aria-hidden=\"true\" focusable=\"false\"><path d=\"M6.7 14.7c-.2-.2-.3-.4-.3-.7s.1-.5.3-.7l4.6-4.6c.1-.1.2-.2.3-.2.1 0 .2-.1.4-.1.1 0 .3 0 .4.1.1 0 .2.1.3.2l4.6 4.6c.2.2.3.4.3.7s-.1.5-.3.7c-.2.2-.4.3-.7.3s-.5-.1-.7-.3L12 10.8l-3.9 3.9c-.2.2-.4.3-.7.3s-.5-.1-.7-.3z\" fill=\"currentColor\" \/><\/svg><\/span>\n\t\t\t\t<\/button>\n\t\t\t<\/h3>\n\t\t\t<div class=\"t2-accordion-item__inner-container is-layout-flow\" id=\"accordion-panel-2\" aria-labelledby=\"veiledning-til-foreldre\" role=\"region\" hidden>\n\t\t\t\t\n\t\t\t\t<p>Bl\u00e5 Kors familiesenter, Aglo tilbyr veiledning ut fra beskrevet behov. Familiesenteret har ulik type kompetanse som kan brukes i dette arbeidet. Veiledning kan gis til biologiske foreldre og\/ eller andre omsorgspersoner. Familiesenteret har erfaring med \u00e5 veilede andre omsorgspersoner i nettverk eller fosterhjem.<\/p>\n<blockquote><p><strong>Eksempel p\u00e5 ulike typer veiledning:<\/strong><\/p><\/blockquote>\n<p><em><strong>Trygghetssirkelen<\/strong><\/em><strong> (Circle of Security Parenting\/COS).<\/strong> tar utgangspunkt i barnets behov for tilknytning. M\u00e5let med veiledning er at foreldrene skal f\u00e5 en \u00f8kt forst\u00e5else for hvordan tilknytning preger samspillet med barnet. Veiledning kan gis individuelt eller i gruppe.<\/p>\n<p><em><strong>Familieterapi. <\/strong><\/em>Familieterapi har fokus p\u00e5 \u00e5 \u00f8ke mulighetene for en bedre familierelasjon og gi barna en trygg og god oppvekst.\u00a0Godt samspill i familien er til barns beste og kan gi foreldre en opplevelse av \u00e5 mestre foreldrerollen.<\/p>\n<p><em><strong>Milj\u00f8terapeutisk veiledning for sped- og sm\u00e5barn. <\/strong><\/em>Sped og sm\u00e5barn er s\u00e5rbar i forhold til utvikling og tilknytning. De er prisgitt at omsorgsgiver forst\u00e5r og kan m\u00f8te barnet p\u00e5 en hensiktsmessig m\u00e5te. Familiesenteret har lang erfaring, og kompetanse, p\u00e5 sped og sm\u00e5barn som kan veilede foreldre eller andre omsorgspersoner p\u00e5 dette.<\/p>\n<p><em><strong>Milj\u00f8terapeutisk veiledning for barn 6-12 \u00e5r. <\/strong><\/em>For enkelte foreldre, eller andre omsorgspersoner, kan barn i denne aldersgruppen ha utfordringer som er vanskelig for voksne \u00e5 h\u00e5ndtere. Familiesenteret har erfaring og spesialkompetanse p\u00e5 denne m\u00e5lgruppen, og kan sammen med aktuell kommune skreddersy tiltak utfra barnet og familiens behov.<\/p>\n<p>&nbsp;<\/p>\n<p>&nbsp;<\/p>\n\n\t\t\t\n\t\t\t<\/div>\n\t\t<\/div><div class=\"t2-accordion-item wp-block-t2-accordion-item\" role=\"listitem\">\n\t\t\t<h3 class=\"t2-accordion-title\">\n\t\t\t\t<button type=\"button\" class=\"t2-accordion-trigger\" id=\"veiledning-fosterforeldre\" aria-controls=\"accordion-panel-3\" aria-expanded=\"false\">\n\t\t\t\t\tVeiledning fosterforeldre\n\t\t\t\t\t<span class=\"t2-accordion-icon is-closed-icon\"><svg xmlns=\"http:\/\/www.w3.org\/2000\/svg\" viewBox=\"0 0 24 24\" height=\"24\" width=\"24\" class=\"t2-icon t2-icon-chevrondown\" aria-hidden=\"true\" focusable=\"false\"><path d=\"M12 14.9c-.1 0-.3 0-.4-.1-.1 0-.2-.1-.3-.2L6.7 10c-.2-.1-.3-.4-.3-.6 0-.3.1-.5.3-.7.2-.2.4-.3.7-.3s.5.1.7.3l3.9 3.9 3.9-3.9c.2-.2.4-.3.7-.3.3 0 .5.1.7.3.2.2.3.4.3.7s-.1.5-.3.7l-4.6 4.6c-.1.1-.2.2-.3.2H12z\" fill=\"currentColor\" \/><\/svg><\/span>\n\t\t\t\t\t<span class=\"t2-accordion-icon is-open-icon\"><svg xmlns=\"http:\/\/www.w3.org\/2000\/svg\" viewBox=\"0 0 24 24\" height=\"24\" width=\"24\" class=\"t2-icon t2-icon-chevronup\" aria-hidden=\"true\" focusable=\"false\"><path d=\"M6.7 14.7c-.2-.2-.3-.4-.3-.7s.1-.5.3-.7l4.6-4.6c.1-.1.2-.2.3-.2.1 0 .2-.1.4-.1.1 0 .3 0 .4.1.1 0 .2.1.3.2l4.6 4.6c.2.2.3.4.3.7s-.1.5-.3.7c-.2.2-.4.3-.7.3s-.5-.1-.7-.3L12 10.8l-3.9 3.9c-.2.2-.4.3-.7.3s-.5-.1-.7-.3z\" fill=\"currentColor\" \/><\/svg><\/span>\n\t\t\t\t<\/button>\n\t\t\t<\/h3>\n\t\t\t<div class=\"t2-accordion-item__inner-container is-layout-flow\" id=\"accordion-panel-3\" aria-labelledby=\"veiledning-fosterforeldre\" role=\"region\" hidden>\n\t\t\t\t\n\t\t\t\t<p><em><strong>Veiledning til fosterforeldre<\/strong><\/em> gis av erfarne konsulenter med lang erfaring og kompetanse.<\/p>\n<p>Det varierer hvor mye st\u00f8tte fosterforeldre trenger. Familiesenteret vil sammen med kommunen og fosterhjemmet kunne kartlegge hvilken hjelp fosterhjemmet trenger for\u00a0\u00e5 l\u00f8se helt konkrete utfordringer det spesifikke barnet har.<\/p>\n<p>&nbsp;<\/p>\n\n\t\t\t\n\t\t\t<\/div>\n\t\t<\/div><div class=\"t2-accordion-item wp-block-t2-accordion-item\" role=\"listitem\">\n\t\t\t<h3 class=\"t2-accordion-title\">\n\t\t\t\t<button type=\"button\" class=\"t2-accordion-trigger\" id=\"akutt\" aria-controls=\"accordion-panel-4\" aria-expanded=\"false\">\n\t\t\t\t\tAkutt\n\t\t\t\t\t<span class=\"t2-accordion-icon is-closed-icon\"><svg xmlns=\"http:\/\/www.w3.org\/2000\/svg\" viewBox=\"0 0 24 24\" height=\"24\" width=\"24\" class=\"t2-icon t2-icon-chevrondown\" aria-hidden=\"true\" focusable=\"false\"><path d=\"M12 14.9c-.1 0-.3 0-.4-.1-.1 0-.2-.1-.3-.2L6.7 10c-.2-.1-.3-.4-.3-.6 0-.3.1-.5.3-.7.2-.2.4-.3.7-.3s.5.1.7.3l3.9 3.9 3.9-3.9c.2-.2.4-.3.7-.3.3 0 .5.1.7.3.2.2.3.4.3.7s-.1.5-.3.7l-4.6 4.6c-.1.1-.2.2-.3.2H12z\" fill=\"currentColor\" \/><\/svg><\/span>\n\t\t\t\t\t<span class=\"t2-accordion-icon is-open-icon\"><svg xmlns=\"http:\/\/www.w3.org\/2000\/svg\" viewBox=\"0 0 24 24\" height=\"24\" width=\"24\" class=\"t2-icon t2-icon-chevronup\" aria-hidden=\"true\" focusable=\"false\"><path d=\"M6.7 14.7c-.2-.2-.3-.4-.3-.7s.1-.5.3-.7l4.6-4.6c.1-.1.2-.2.3-.2.1 0 .2-.1.4-.1.1 0 .3 0 .4.1.1 0 .2.1.3.2l4.6 4.6c.2.2.3.4.3.7s-.1.5-.3.7c-.2.2-.4.3-.7.3s-.5-.1-.7-.3L12 10.8l-3.9 3.9c-.2.2-.4.3-.7.3s-.5-.1-.7-.3z\" fill=\"currentColor\" \/><\/svg><\/span>\n\t\t\t\t<\/button>\n\t\t\t<\/h3>\n\t\t\t<div class=\"t2-accordion-item__inner-container is-layout-flow\" id=\"accordion-panel-4\" aria-labelledby=\"akutt\" role=\"region\" hidden>\n\t\t\t\t\n\t\t\t\t<p>En <strong>akutt situasjon\u00a0<\/strong>kan oppst\u00e5 i en familie. \u00c5 hindre un\u00f8dig adskillelse mellom foreldre og barn kan v\u00e6re hensiktsmessig i en slik situasjon. Hvis det er ledig plass kan Aglo barne-, og familiesenter ta imot familier p\u00e5 kort varsel.<\/p>\n<p>Aktuell barneverntjeneste i kommunen kan da ta direkte kontakt med senteret for \u00e5 dr\u00f8fte innhold, varighet og mulighet for \u00e5 kunne ta imot familien.<\/p>\n\n\t\t\t\n\t\t\t<\/div>\n\t\t<\/div><\/div>\n\n\n<figure class=\"wp-block-image aligncenter size-full is-resized\"><img loading=\"lazy\" decoding=\"async\" width=\"612\" height=\"408\" src=\"https:\/\/www.blakors.no\/content\/uploads\/sites\/25\/2022\/09\/istockphoto-1348754368-612x612-1.jpg\" alt=\"\" class=\"wp-image-517\" style=\"width:395px;height:263px\" srcset=\"https:\/\/www.blakors.no\/content\/uploads\/sites\/25\/2022\/09\/istockphoto-1348754368-612x612-1.jpg 612w, https:\/\/www.blakors.no\/content\/uploads\/sites\/25\/2022\/09\/istockphoto-1348754368-612x612-1-300x200.jpg 300w\" sizes=\"auto, (max-width: 612px) 100vw, 612px\" \/><figcaption class=\"wp-element-caption\">Mor sammen med barnet sitt. <\/figcaption><\/figure>\n\n\n<h2 id=\"om-oss\"  >Om oss<\/h2><div class=\"t2-accordion wp-block-t2-accordion\" data-allow-multiple=\"1\" role=\"list\"><div class=\"t2-accordion-item wp-block-t2-accordion-item\" role=\"listitem\">\n\t\t\t<h3 class=\"t2-accordion-title\">\n\t\t\t\t<button type=\"button\" class=\"t2-accordion-trigger\" id=\"ansatte\" aria-controls=\"accordion-panel-5\" aria-expanded=\"false\">\n\t\t\t\t\tAnsatte\n\t\t\t\t\t<span class=\"t2-accordion-icon is-closed-icon\"><svg xmlns=\"http:\/\/www.w3.org\/2000\/svg\" viewBox=\"0 0 24 24\" height=\"24\" width=\"24\" class=\"t2-icon t2-icon-chevrondown\" aria-hidden=\"true\" focusable=\"false\"><path d=\"M12 14.9c-.1 0-.3 0-.4-.1-.1 0-.2-.1-.3-.2L6.7 10c-.2-.1-.3-.4-.3-.6 0-.3.1-.5.3-.7.2-.2.4-.3.7-.3s.5.1.7.3l3.9 3.9 3.9-3.9c.2-.2.4-.3.7-.3.3 0 .5.1.7.3.2.2.3.4.3.7s-.1.5-.3.7l-4.6 4.6c-.1.1-.2.2-.3.2H12z\" fill=\"currentColor\" \/><\/svg><\/span>\n\t\t\t\t\t<span class=\"t2-accordion-icon is-open-icon\"><svg xmlns=\"http:\/\/www.w3.org\/2000\/svg\" viewBox=\"0 0 24 24\" height=\"24\" width=\"24\" class=\"t2-icon t2-icon-chevronup\" aria-hidden=\"true\" focusable=\"false\"><path d=\"M6.7 14.7c-.2-.2-.3-.4-.3-.7s.1-.5.3-.7l4.6-4.6c.1-.1.2-.2.3-.2.1 0 .2-.1.4-.1.1 0 .3 0 .4.1.1 0 .2.1.3.2l4.6 4.6c.2.2.3.4.3.7s-.1.5-.3.7c-.2.2-.4.3-.7.3s-.5-.1-.7-.3L12 10.8l-3.9 3.9c-.2.2-.4.3-.7.3s-.5-.1-.7-.3z\" fill=\"currentColor\" \/><\/svg><\/span>\n\t\t\t\t<\/button>\n\t\t\t<\/h3>\n\t\t\t<div class=\"t2-accordion-item__inner-container is-layout-flow\" id=\"accordion-panel-5\" aria-labelledby=\"ansatte\" role=\"region\" hidden>\n\t\t\t\t\n\t\t\t\t<p>Ansatte som jobber i Bl\u00e5 Kors barnevern best\u00e5r av erfarne milj\u00f8arbeidere og milj\u00f8terapeuter med tverrfaglig bakgrunn. Alle har erfaring med \u00e5 jobbe med barn og familier i vanskelige livssituasjoner, ulike typer diagnoser og atferdsuttrykk.<\/p>\n<p>\n\t\t\t<\/div>\n\t\t<\/div> <\/p>\n<p><strong>Bl\u00e5 Kors barnevern Malvik:<\/strong> P\u00e5 Malvik jobber det fortrinnsvis barnevernspedagoger, sosionomer og vernepleiere. I tillegg har vi flere ansatte med annen relevant utdanning\/kompetanse og erfaring med m\u00e5lgruppen<\/p>\n<p> <\/p>\n<p><strong>Bl\u00e5 Kors familiesenter, Aglo:<\/strong> P\u00e5 familiesenteret er det personale p\u00e5 jobb hele d\u00f8gnet. De som jobber her er psykologer, barnevernspedagoger, sosionomer, f\u00f8rskolel\u00e6rere, familieterapeuter og ergoterapeut.<\/p>\n<p> <\/p>\n<p>Alle som jobber hos Bl\u00e5 Kors barnevern, Malvik og Skatval har godkjent politiattest<\/p>\n<p><\/p>\n\n\t\t\t<\/div><div class=\"t2-accordion-item wp-block-t2-accordion-item\">\n\t\t\t<h3 class=\"t2-accordion-title\">\n\t\t\t\t<button type=\"button\" class=\"t2-accordion-trigger\" id=\"rapporter\" aria-controls=\"accordion-panel-6\" aria-expanded=\"false\">\n\t\t\t\t\tRapporter\n\t\t\t\t\t<span class=\"t2-accordion-icon is-closed-icon\"><svg xmlns=\"http:\/\/www.w3.org\/2000\/svg\" viewBox=\"0 0 24 24\" height=\"24\" width=\"24\" class=\"t2-icon t2-icon-chevrondown\" aria-hidden=\"true\" focusable=\"false\"><path d=\"M12 14.9c-.1 0-.3 0-.4-.1-.1 0-.2-.1-.3-.2L6.7 10c-.2-.1-.3-.4-.3-.6 0-.3.1-.5.3-.7.2-.2.4-.3.7-.3s.5.1.7.3l3.9 3.9 3.9-3.9c.2-.2.4-.3.7-.3.3 0 .5.1.7.3.2.2.3.4.3.7s-.1.5-.3.7l-4.6 4.6c-.1.1-.2.2-.3.2H12z\" fill=\"currentColor\" \/><\/svg><\/span>\n\t\t\t\t\t<span class=\"t2-accordion-icon is-open-icon\"><svg xmlns=\"http:\/\/www.w3.org\/2000\/svg\" viewBox=\"0 0 24 24\" height=\"24\" width=\"24\" class=\"t2-icon t2-icon-chevronup\" aria-hidden=\"true\" focusable=\"false\"><path d=\"M6.7 14.7c-.2-.2-.3-.4-.3-.7s.1-.5.3-.7l4.6-4.6c.1-.1.2-.2.3-.2.1 0 .2-.1.4-.1.1 0 .3 0 .4.1.1 0 .2.1.3.2l4.6 4.6c.2.2.3.4.3.7s-.1.5-.3.7c-.2.2-.4.3-.7.3s-.5-.1-.7-.3L12 10.8l-3.9 3.9c-.2.2-.4.3-.7.3s-.5-.1-.7-.3z\" fill=\"currentColor\" \/><\/svg><\/span>\n\t\t\t\t<\/button>\n\t\t\t<\/h3>\n\t\t\t<div class=\"t2-accordion-item__inner-container is-layout-flow\" id=\"accordion-panel-6\" aria-labelledby=\"rapporter\" role=\"region\" hidden>\n\t\t\t\t\n\t\t\t\t<p>Innhold og hyppighet p\u00e5 rapporter avtales med oppdragsgiver for hvert enkelt oppdrag. Rapporten baserer seg p\u00e5 handlingsplanen til barnet.<\/p>\n\n\t\t\t\n\t\t\t<\/div>\n\t\t<\/div><div class=\"t2-accordion-item wp-block-t2-accordion-item\">\n\t\t\t<h3 class=\"t2-accordion-title\">\n\t\t\t\t<button type=\"button\" class=\"t2-accordion-trigger\" id=\"pris\" aria-controls=\"accordion-panel-7\" aria-expanded=\"false\">\n\t\t\t\t\tPris\n\t\t\t\t\t<span class=\"t2-accordion-icon is-closed-icon\"><svg xmlns=\"http:\/\/www.w3.org\/2000\/svg\" viewBox=\"0 0 24 24\" height=\"24\" width=\"24\" class=\"t2-icon t2-icon-chevrondown\" aria-hidden=\"true\" focusable=\"false\"><path d=\"M12 14.9c-.1 0-.3 0-.4-.1-.1 0-.2-.1-.3-.2L6.7 10c-.2-.1-.3-.4-.3-.6 0-.3.1-.5.3-.7.2-.2.4-.3.7-.3s.5.1.7.3l3.9 3.9 3.9-3.9c.2-.2.4-.3.7-.3.3 0 .5.1.7.3.2.2.3.4.3.7s-.1.5-.3.7l-4.6 4.6c-.1.1-.2.2-.3.2H12z\" fill=\"currentColor\" \/><\/svg><\/span>\n\t\t\t\t\t<span class=\"t2-accordion-icon is-open-icon\"><svg xmlns=\"http:\/\/www.w3.org\/2000\/svg\" viewBox=\"0 0 24 24\" height=\"24\" width=\"24\" class=\"t2-icon t2-icon-chevronup\" aria-hidden=\"true\" focusable=\"false\"><path d=\"M6.7 14.7c-.2-.2-.3-.4-.3-.7s.1-.5.3-.7l4.6-4.6c.1-.1.2-.2.3-.2.1 0 .2-.1.4-.1.1 0 .3 0 .4.1.1 0 .2.1.3.2l4.6 4.6c.2.2.3.4.3.7s-.1.5-.3.7c-.2.2-.4.3-.7.3s-.5-.1-.7-.3L12 10.8l-3.9 3.9c-.2.2-.4.3-.7.3s-.5-.1-.7-.3z\" fill=\"currentColor\" \/><\/svg><\/span>\n\t\t\t\t<\/button>\n\t\t\t<\/h3>\n\t\t\t<div class=\"t2-accordion-item__inner-container is-layout-flow\" id=\"accordion-panel-7\" aria-labelledby=\"pris\" role=\"region\" hidden>\n\t\t\t\t\n\t\t\t\t<p>Vi gir et pristilbud ut ifra et beskrevet behov fra oppdragsgiver. Avlastningstilbud vil gis med en pris som inkluderer bemanning, husleie, mat og transport.<\/p>\n<p>Ved tilsyn under samv\u00e6r og veiledning vil det v\u00e6re en timespris avhengig av sted og varighet.<\/p>\n\n\t\t\t\n\t\t\t<\/div>\n\t\t<\/div><div class=\"t2-accordion-item wp-block-t2-accordion-item\">\n\t\t\t<h3 class=\"t2-accordion-title\">\n\t\t\t\t<button type=\"button\" class=\"t2-accordion-trigger\" id=\"hvorfor-velge-bl\u00e5-kors?\" aria-controls=\"accordion-panel-8\" aria-expanded=\"false\">\n\t\t\t\t\tHvorfor velge Bl\u00e5 Kors?\n\t\t\t\t\t<span class=\"t2-accordion-icon is-closed-icon\"><svg xmlns=\"http:\/\/www.w3.org\/2000\/svg\" viewBox=\"0 0 24 24\" height=\"24\" width=\"24\" class=\"t2-icon t2-icon-chevrondown\" aria-hidden=\"true\" focusable=\"false\"><path d=\"M12 14.9c-.1 0-.3 0-.4-.1-.1 0-.2-.1-.3-.2L6.7 10c-.2-.1-.3-.4-.3-.6 0-.3.1-.5.3-.7.2-.2.4-.3.7-.3s.5.1.7.3l3.9 3.9 3.9-3.9c.2-.2.4-.3.7-.3.3 0 .5.1.7.3.2.2.3.4.3.7s-.1.5-.3.7l-4.6 4.6c-.1.1-.2.2-.3.2H12z\" fill=\"currentColor\" \/><\/svg><\/span>\n\t\t\t\t\t<span class=\"t2-accordion-icon is-open-icon\"><svg xmlns=\"http:\/\/www.w3.org\/2000\/svg\" viewBox=\"0 0 24 24\" height=\"24\" width=\"24\" class=\"t2-icon t2-icon-chevronup\" aria-hidden=\"true\" focusable=\"false\"><path d=\"M6.7 14.7c-.2-.2-.3-.4-.3-.7s.1-.5.3-.7l4.6-4.6c.1-.1.2-.2.3-.2.1 0 .2-.1.4-.1.1 0 .3 0 .4.1.1 0 .2.1.3.2l4.6 4.6c.2.2.3.4.3.7s-.1.5-.3.7c-.2.2-.4.3-.7.3s-.5-.1-.7-.3L12 10.8l-3.9 3.9c-.2.2-.4.3-.7.3s-.5-.1-.7-.3z\" fill=\"currentColor\" \/><\/svg><\/span>\n\t\t\t\t<\/button>\n\t\t\t<\/h3>\n\t\t\t<div class=\"t2-accordion-item__inner-container is-layout-flow\" id=\"accordion-panel-8\" aria-labelledby=\"hvorfor-velge-bl\u00e5-kors?\" role=\"region\" hidden>\n\t\t\t\t\n\t\t\t\t<p>Det er en lang tradisjon i Norge for at ideelle akt\u00f8rer som Bl\u00e5 Kors ivaretar samfunnsoppdrag, og forvalter offentlige midler\u202fi leveransen av velferdstjenester. Dette har blitt gjort med h\u00f8y\u202fgrad av\u202fkvalitet og god ressursutnyttelse. Bl\u00e5 Kors reinvesterer eventuelt overskudd i virksomheten som igjen g\u00e5 tilbake til brukerne av tjenestene.<\/p>\n\n\t\t\t\n\t\t\t<\/div>\n\t\t<\/div><!-- \/wp:t2\/accordion -->\n\n\n<h2 class=\"wp-block-heading\" id=\"h-ta-kontakt-med\">Ta kontakt med<\/h2>\n\n\n\n<p>\u00d8nsker dere mer informasjon om de ulike tiltakene kan dere ta kontakt med Stian Gullaseter, i forhold til avlastning. I forhold til tilsyn og veiledning ved samv\u00e6r eller veiledning i familien, ta kontakt med Ann Turid Hallem.<\/p>\n\n\n<div class=\"no-image wp-block-blakors-person-cards\">\n\t\t\t\n<div class=\"t2-featured-single-post compact-card-template t2-featured-content is-post-type-person compact-card-template wp-block-t2-featured-single-post\"><figure class=\"t2-post-featured-image has-image-ratio-1-1 wp-block-t2-post-featured-image\"><img decoding=\"async\" sizes=\"(min-width: 782px) 768px, 100vw\" class=\"fallback\" loading=\"lazy\" src=\"https:\/\/www.blakors.no\/content\/themes\/blakors\/assets\/icons\/t2-post-featured-image.svg\"><\/figure>\n\n<div class=\"wp-block-group alignfull is-layout-flow wp-block-group-is-layout-flow\">\n\t<div class=\"t2-post-dynamic-part is-source-filter filter-person_card_meta post-meta wp-block-t2-post-dynamic-part\"><div class=\"title\"><h2 id=\"ann-turid-hallem\"  class=\"t2-post-title wp-block-t2-post-title\" >Ann Turid Hallem<\/h2><p class=\"position\">Leder<\/p><\/div><div class=\"contact-info\"><p class=\"phone\"><a href=\"tel:+4774833080\">74833080<\/a><\/p><p class=\"email\"><a href=\"mailto:ann.turid.hallem@aglo.no\">ann.turid.hallem@aglo.no<\/a><\/p><\/div><\/div>\n<\/div>\n\n<\/div>\n\n<div class=\"t2-featured-single-post compact-card-template t2-featured-content is-post-type-person compact-card-template wp-block-t2-featured-single-post\"><figure class=\"t2-post-featured-image has-image-ratio-1-1 wp-block-t2-post-featured-image\"><img decoding=\"async\" sizes=\"(min-width: 782px) 768px, 100vw\" class=\"fallback\" loading=\"lazy\" src=\"https:\/\/www.blakors.no\/content\/themes\/blakors\/assets\/icons\/t2-post-featured-image.svg\"><\/figure>\n\n<div class=\"wp-block-group alignfull is-layout-flow wp-block-group-is-layout-flow\">\n\t<div class=\"t2-post-dynamic-part is-source-filter filter-person_card_meta post-meta wp-block-t2-post-dynamic-part\"><div class=\"title\"><h2 id=\"stian-gullaseter\"  class=\"t2-post-title wp-block-t2-post-title\" >Stian Gullaseter<\/h2><p class=\"position\">Leder i Bl\u00e5 Kors barnevern, Midt<\/p><\/div><div class=\"contact-info\"><p class=\"phone\"><a href=\"tel:+4791923644(kontortid)\">+47 919 23 644 (kontortid)<\/a><\/p><p class=\"email\"><a href=\"mailto:stian.gullaseter@blakors.no\">stian.gullaseter@blakors.no<\/a><\/p><\/div><\/div>\n<\/div>\n\n<\/div>\n\n\t\t<\/div>\n\n\n<div class=\"wp-block-lib-header alignfull hide\"><div class=\"header-innercontent\"><\/div><\/div>\n","protected":false},"excerpt":{"rendered":"<p>Ta kontakt med \u00d8nsker dere mer informasjon om de ulike tiltakene kan dere ta kontakt med Stian Gullaseter, i forhold til avlastning. I forhold til tilsyn og veiledning ved samv\u00e6r eller veiledning i familien, ta kontakt med Ann Turid Hallem.<\/p>\n","protected":false},"author":23,"featured_media":0,"parent":0,"menu_order":0,"comment_status":"closed","ping_status":"closed","template":"","meta":{"_acf_changed":true,"_relevanssi_hide_post":"","_relevanssi_hide_content":"","_relevanssi_pin_for_all":"","_relevanssi_pin_keywords":"","_relevanssi_unpin_keywords":"","_relevanssi_related_keywords":"","_relevanssi_related_include_ids":"","_relevanssi_related_exclude_ids":"","_relevanssi_related_no_append":"","_relevanssi_related_not_related":"","_relevanssi_related_posts":"1","_relevanssi_noindex_reason":"","_custom_cards_description":"","footnotes":""},"class_list":["post-172","page","type-page","status-publish","hentry"],"acf":[],"_links":{"self":[{"href":"https:\/\/www.blakors.no\/barnevern\/wp-json\/wp\/v2\/pages\/172","targetHints":{"allow":["GET"]}}],"collection":[{"href":"https:\/\/www.blakors.no\/barnevern\/wp-json\/wp\/v2\/pages"}],"about":[{"href":"https:\/\/www.blakors.no\/barnevern\/wp-json\/wp\/v2\/types\/page"}],"author":[{"embeddable":true,"href":"https:\/\/www.blakors.no\/barnevern\/wp-json\/wp\/v2\/users\/23"}],"replies":[{"embeddable":true,"href":"https:\/\/www.blakors.no\/barnevern\/wp-json\/wp\/v2\/comments?post=172"}],"version-history":[{"count":2,"href":"https:\/\/www.blakors.no\/barnevern\/wp-json\/wp\/v2\/pages\/172\/revisions"}],"predecessor-version":[{"id":1349,"href":"https:\/\/www.blakors.no\/barnevern\/wp-json\/wp\/v2\/pages\/172\/revisions\/1349"}],"wp:attachment":[{"href":"https:\/\/www.blakors.no\/barnevern\/wp-json\/wp\/v2\/media?parent=172"}],"curies":[{"name":"wp","href":"https:\/\/api.w.org\/{rel}","templated":true}]}}