{"id":629,"date":"2025-12-12T13:28:42","date_gmt":"2025-12-12T12:28:42","guid":{"rendered":"https:\/\/www.blakors.no\/behandling\/?page_id=629"},"modified":"2025-12-12T13:29:38","modified_gmt":"2025-12-12T12:29:38","slug":"henvisning","status":"publish","type":"page","link":"https:\/\/www.blakors.no\/behandling\/henvisning\/","title":{"rendered":"Henvisning"},"content":{"rendered":"\n<p>Lege, rusteam, barnevern eller annen spesialisthelsetjeneste kan henvise pasienter for behandling i TSB. Send henvisningen til n\u00e6rmeste vurderingsinstans.<\/p>\n\n\n\n<h2 class=\"wp-block-heading\" id=\"h-dette-bor-henvisningen-inneholde\">Dette b\u00f8r henvisningen inneholde:<\/h2>\n\n\n\n<ul class=\"wp-block-list\">\n<li>Personopplysninger: Navn, personnummer, adresse, telefon<\/li>\n\n\n\n<li>Diagnose<\/li>\n\n\n\n<li>Tydelig beskrivelse av problemet:\n<ul class=\"wp-block-list\">\n<li>Rusmiddelavhengighet: Aktuell situasjon, hvilke rusmidler brukes, omfang og varighet, m\u00e5ten det inntas p\u00e5<\/li>\n\n\n\n<li>Spillavhengighet: Aktuell situasjon, type spill, omfang og varighet.<\/li>\n<\/ul>\n<\/li>\n\n\n\n<li>P\u00e5r\u00f8rende: Aktuell situasjon, familiesituasjon, omfang og varighet av belastninger<\/li>\n\n\n\n<li>Beskrivelse av fysisk og psykisk helse<\/li>\n\n\n\n<li>Opplysninger om medisinering<\/li>\n\n\n\n<li>Resultater av relevante unders\u00f8kelser og utredninger<\/li>\n\n\n\n<li>Vurderinger av om f\u00f8rerkortforskriftens helsekrav anses som oppfylt<\/li>\n\n\n\n<li>Familie, nettverk og sosiale forhold som bolig, arbeid\/skole<\/li>\n\n\n\n<li>Barn, alder og deres omsorgssituasjon<\/li>\n\n\n\n<li>Aktuelle samarbeidspartnere<\/li>\n\n\n\n<li>Tidligere behandlingserfaring<\/li>\n\n\n\n<li>Forslag til \u00f8nske om type behandlingstiltak<\/li>\n\n\n\n<li>Beskrivelse og vurdering av pasientens motivasjon for behandling<\/li>\n<\/ul>\n\n\n\n<h2 class=\"wp-block-heading\" id=\"rett-til-a-velge\">Rett til \u00e5 velge<\/h2>\n\n\n\n<p>Pasienten har en rett til \u00e5 velge behandlingssted blant offentlige og private behandlingssteder som har avtaler med regionale helseforetak. Dersom det er \u00f8nske om behandling hos oss b\u00f8r det g\u00e5 tydelig fram i henvisningen og det b\u00f8r begrunnes godt.<\/p>\n\n\n\n<h2 class=\"wp-block-heading\" id=\"h-behandling-av-henvisning\">Behandling av henvisning<\/h2>\n\n\n\n<p>Vurderingsinstansen vurderer om pasienten har rett til n\u00f8dvendig helsehjelp i TSB, p\u00e5 hvilket behandlingsniv\u00e5 (d\u00f8gn, poliklinikk), n\u00e5r behandlingen b\u00f8r starte og hvilken behandlingsinstitusjon som kan ivareta pasientens behandlingsbehov.<\/p>\n\n\n<ul class=\"t2-link-list has-1-items has-auto-columns wp-block-t2-link-list\">\n\t<li class=\"has-background has-green-light-background-color t2-link-list-item wp-block-t2-link-list-item\">\n\t\t<a\n\t\t\thref=\"https:\/\/www.blakors.no\/behandling\/kontakt-oss\/\"\n\t\t\tclass=\"t2-link-list-item__link t2-link-list__icon--right\"\n\t\t\t\t\t>\n\t\t\t<span class=\"t2-link-list-item__icon\"><span class=\"t2-link-list-item__icon-box\"><\/span><svg xmlns=\"http:\/\/www.w3.org\/2000\/svg\" viewBox=\"0 0 24 24\" height=\"24\" width=\"24\" class=\"t2-icon t2-icon-arrowforward\" aria-hidden=\"true\" focusable=\"false\"><path d=\"M11.3 19.3c-.2-.2-.3-.4-.3-.7 0-.3.1-.5.3-.7l4.9-4.9H5c-.3 0-.5-.1-.7-.3-.2-.2-.3-.4-.3-.7s.1-.5.3-.7c.2-.2.4-.3.7-.3h11.2l-4.9-4.9c-.2-.2-.3-.4-.3-.7 0-.3.1-.5.3-.7.2-.2.4-.3.7-.3s.5.1.7.3l6.6 6.6c.1.1.2.2.2.3 0 .1.1.3.1.4 0 .1 0 .3-.1.4 0 .1-.1.2-.2.3l-6.6 6.6c-.2.2-.4.3-.7.3s-.5-.1-.7-.3z\" fill=\"currentColor\" \/><\/svg><\/span>\t\t\t<div class=\"t2-link-list-item__content\">\n\n\t\t\t\t\n\t\t\t\t<span id=\"link-list-item-text\" class=\"t2-link-list-item__text\">\n\t\t\t\t\tTa kontakt\t\t\t\t<\/span>\n\t\t\t\t\t\t\t<\/div>\n\t\t<\/a>\n\t<\/li>\n\t\n<\/ul>","protected":false},"excerpt":{"rendered":"<p>Lege, rusteam, barnevern eller annen spesialisthelsetjeneste kan henvise pasienter for behandling i TSB. Send henvisningen til n\u00e6rmeste vurderingsinstans. Dette b\u00f8r henvisningen inneholde: Rett til \u00e5 velge Pasienten har en rett til \u00e5 velge behandlingssted blant offentlige og private behandlingssteder som har avtaler med regionale helseforetak. Dersom det er \u00f8nske om behandling hos oss b\u00f8r det [&hellip;]<\/p>\n","protected":false},"author":86,"featured_media":0,"parent":0,"menu_order":0,"comment_status":"closed","ping_status":"closed","template":"","meta":{"_acf_changed":false,"_relevanssi_hide_post":"","_relevanssi_hide_content":"","_relevanssi_pin_for_all":"","_relevanssi_pin_keywords":"","_relevanssi_unpin_keywords":"","_relevanssi_related_keywords":"","_relevanssi_related_include_ids":"","_relevanssi_related_exclude_ids":"","_relevanssi_related_no_append":"","_relevanssi_related_not_related":"","_relevanssi_related_posts":"","_relevanssi_noindex_reason":"","_custom_cards_description":"","footnotes":""},"class_list":["post-629","page","type-page","status-publish","hentry"],"acf":[],"_links":{"self":[{"href":"https:\/\/www.blakors.no\/behandling\/wp-json\/wp\/v2\/pages\/629","targetHints":{"allow":["GET"]}}],"collection":[{"href":"https:\/\/www.blakors.no\/behandling\/wp-json\/wp\/v2\/pages"}],"about":[{"href":"https:\/\/www.blakors.no\/behandling\/wp-json\/wp\/v2\/types\/page"}],"author":[{"embeddable":true,"href":"https:\/\/www.blakors.no\/behandling\/wp-json\/wp\/v2\/users\/86"}],"replies":[{"embeddable":true,"href":"https:\/\/www.blakors.no\/behandling\/wp-json\/wp\/v2\/comments?post=629"}],"version-history":[{"count":2,"href":"https:\/\/www.blakors.no\/behandling\/wp-json\/wp\/v2\/pages\/629\/revisions"}],"predecessor-version":[{"id":632,"href":"https:\/\/www.blakors.no\/behandling\/wp-json\/wp\/v2\/pages\/629\/revisions\/632"}],"wp:attachment":[{"href":"https:\/\/www.blakors.no\/behandling\/wp-json\/wp\/v2\/media?parent=629"}],"curies":[{"name":"wp","href":"https:\/\/api.w.org\/{rel}","templated":true}]}}