{"id":7,"date":"2023-03-13T14:14:48","date_gmt":"2023-03-13T13:14:48","guid":{"rendered":"https:\/\/www.blakors.no\/drammen\/?page_id=7"},"modified":"2026-01-29T14:03:19","modified_gmt":"2026-01-29T13:03:19","slug":"tilbud","status":"publish","type":"page","link":"https:\/\/www.blakors.no\/drammen\/","title":{"rendered":"Bl\u00e5 Kors Drammen"},"content":{"rendered":"\n\t<div style=\"--t2-hero-dim:0;\" class=\"t2-hero t2-hero-content-position-center-left t2-hero-has-dim-0 alignfull wp-block-t2-hero has-background has-lila-light-background-color\">\n\t\t\n\t\t<div class=\"t2-hero__header\"><div class=\"t2-hero__header__content\">\n\n<h1 id=\"bla-kors-drammen\"  class=\"wp-block-heading\" >Bl\u00e5 Kors Drammen<\/h1>\n\n\n\n<p>Med hjerte, kunnskap og kraft skaper Bl\u00e5 Kors mulighet for mestring og mening. <br>P\u00e5 denne siden kan du lese om Bl\u00e5 Kors tilstedev\u00e6relse i Drammen. <\/p>\n\n<\/div><\/div>\n\t<\/div>\n\n\n<figure class=\"wp-block-image size-full\"><img loading=\"lazy\" decoding=\"async\" width=\"1512\" height=\"2016\" src=\"https:\/\/www.blakors.no\/content\/uploads\/sites\/37\/2026\/01\/BKD-bilde.jpg\" alt=\"\" class=\"wp-image-476\" srcset=\"https:\/\/www.blakors.no\/content\/uploads\/sites\/37\/2026\/01\/BKD-bilde.jpg 1512w, https:\/\/www.blakors.no\/content\/uploads\/sites\/37\/2026\/01\/BKD-bilde-225x300.jpg 225w, https:\/\/www.blakors.no\/content\/uploads\/sites\/37\/2026\/01\/BKD-bilde-768x1024.jpg 768w, https:\/\/www.blakors.no\/content\/uploads\/sites\/37\/2026\/01\/BKD-bilde-1152x1536.jpg 1152w, https:\/\/www.blakors.no\/content\/uploads\/sites\/37\/2026\/01\/BKD-bilde-1080x1440.jpg 1080w\" sizes=\"auto, (max-width: 1512px) 100vw, 1512px\" \/><\/figure>\n\n\n\n<p>Stiftelsen Bl\u00e5 Kors Drammen en \u00e9n virksomhet som drifter flere ulike tiltak og tjenester. Vi har to nasjonale konsepter; <a href=\"https:\/\/www.blakors.no\/stegforsteg\/\">steg for steg<\/a> og <a href=\"https:\/\/www.blakors.no\/content\/uploads\/sites\/37\/2023\/03\/Barnas-Stasjon-Drammen-sept20-4406-1600px.jpg\" data-type=\"attachment\" data-id=\"43\">barnas stasjon<\/a> i tillegg til <a href=\"https:\/\/www.blakors.no\/drammen\/bla-kors-livsmestring\/\">andre tilbud<\/a> som; F\u00f8rste steg mot arbeidslivet, Matutdelingen og Ber\u00f8rt av rus (sistnevnte er et samarbeid med Drammen Kommune og Kirkens Bymisjon). Felles for alle er tanken om inkludering.<\/p>\n\n\n\n<p>Det kreves ingen henvisning eller vedtak for \u00e5 benytte seg av Bl\u00e5 Kors Drammen, og <strong>alle tilbudene v\u00e5re er gratis.<\/strong><\/p>\n\n\n\n<div class=\"wp-block-group is-vertical is-layout-flex wp-container-core-group-is-layout-8cf370e7 wp-block-group-is-layout-flex\">\n<figure class=\"wp-block-gallery has-nested-images columns-default is-cropped wp-block-gallery-1 is-layout-flex wp-block-gallery-is-layout-flex\">\n<figure class=\"wp-block-image size-large\"><img loading=\"lazy\" decoding=\"async\" width=\"595\" height=\"822\" data-id=\"631\" src=\"https:\/\/www.blakors.no\/content\/uploads\/sites\/37\/2026\/01\/50-2.jpg\" alt=\"\" class=\"wp-image-631\" srcset=\"https:\/\/www.blakors.no\/content\/uploads\/sites\/37\/2026\/01\/50-2.jpg 595w, https:\/\/www.blakors.no\/content\/uploads\/sites\/37\/2026\/01\/50-2-217x300.jpg 217w\" sizes=\"auto, (max-width: 595px) 100vw, 595px\" \/><\/figure>\n\n\n\n<figure class=\"wp-block-image size-large\"><img loading=\"lazy\" decoding=\"async\" width=\"595\" height=\"822\" data-id=\"636\" src=\"https:\/\/www.blakors.no\/content\/uploads\/sites\/37\/2026\/01\/frivillig-2.jpg\" alt=\"\" class=\"wp-image-636\" srcset=\"https:\/\/www.blakors.no\/content\/uploads\/sites\/37\/2026\/01\/frivillig-2.jpg 595w, https:\/\/www.blakors.no\/content\/uploads\/sites\/37\/2026\/01\/frivillig-2-217x300.jpg 217w\" sizes=\"auto, (max-width: 595px) 100vw, 595px\" \/><\/figure>\n\n\n\n<figure class=\"wp-block-image size-large\"><img loading=\"lazy\" decoding=\"async\" width=\"595\" height=\"822\" data-id=\"632\" src=\"https:\/\/www.blakors.no\/content\/uploads\/sites\/37\/2026\/01\/hele-2.jpg\" alt=\"\" class=\"wp-image-632\" srcset=\"https:\/\/www.blakors.no\/content\/uploads\/sites\/37\/2026\/01\/hele-2.jpg 595w, https:\/\/www.blakors.no\/content\/uploads\/sites\/37\/2026\/01\/hele-2-217x300.jpg 217w\" sizes=\"auto, (max-width: 595px) 100vw, 595px\" \/><\/figure>\n<\/figure>\n<\/div>\n\n\n<div class=\"blakors-link-list aligncenter wp-block-blakors-link-list\">\n\t\t\t<h2 id=\"konsepter-og-tilbud-i-drammen\"  class=\"blakors-link-list__title\" >Konsepter og tilbud i Drammen<\/h2>\n\t\t\t\n\t\t\t<div class=\"blakors-link-list__items\">\n\t\t\t\t\n<div class=\"blakors-link-list-item alignwide wp-block-blakors-link-list-item has-background\">\n\t\t\t<a\n\t\t\t\tclass=\"blakors-link-list-item__holder\"\n\t\t\t\thref=\"https:\/\/www.blakors.no\/barnas-stasjon\/drammen\/\"\n\t\t\t\trel=\"\"\n\t\t\t\t\n\t\t\t>\n\t\t\t\t<div class=\"blakors-link-list-item__content\">\n\t\t\t\t\t<div class=\"blakors-link-list-item__content-inner\">\n\t\t\t\t\t\t<div class=\"title-wrap\">\n\t\t\t\t\t\t\t<h3 class=\"blakors-link-list-item__title\">\n\t\t\t\t\t\t\t\tBl\u00e5 Kors barnas stasjon Drammen \n\t\t\t\t\t\t\t<\/h3>\n\t\t\t\t\t\t\t<svg\n\t\t\t\t\t\t\t\txmlns=\"http:\/\/www.w3.org\/2000\/svg\"\n\t\t\t\t\t\t\t\twidth=\"14\"\n\t\t\t\t\t\t\t\theight=\"12.92\"\n\t\t\t\t\t\t\t\tviewBox=\"0 0 14 12.92\"\n\t\t\t\t\t\t\t>\n\t\t\t\t\t\t\t\t<path\n\t\t\t\t\t\t\t\t\td=\"M7.14-6.58,1.34-.12-.4-1.62,1.84-4.06A8.352,8.352,0,0,1,3.56-5.52H-6.86V-7.64H3.54a7.7,7.7,0,0,1-.84-.61,10.977,10.977,0,0,1-.86-.85L-.4-11.54l1.74-1.5Z\"\n\t\t\t\t\t\t\t\t\ttransform=\"translate(6.86 13.04)\"\n\t\t\t\t\t\t\t\t\tfill=\"#0d76bc\"\n\t\t\t\t\t\t\t\t\/>\n\t\t\t\t\t\t\t<\/svg>\n\t\t\t\t\t\t<\/div>\n\t\t\t\t\t\t\n\t\t\t\t\t<\/div>\n\t\t\t\t<\/div>\n\t\t\t<\/a>\n\t\t<\/div>\n\n<div class=\"blakors-link-list-item alignwide wp-block-blakors-link-list-item has-background\">\n\t\t\t<a\n\t\t\t\tclass=\"blakors-link-list-item__holder\"\n\t\t\t\thref=\"https:\/\/www.blakors.no\/stegforsteg\/avdelinger\/drammen\/\"\n\t\t\t\trel=\"\"\n\t\t\t\t\n\t\t\t>\n\t\t\t\t<div class=\"blakors-link-list-item__content\">\n\t\t\t\t\t<div class=\"blakors-link-list-item__content-inner\">\n\t\t\t\t\t\t<div class=\"title-wrap\">\n\t\t\t\t\t\t\t<h3 class=\"blakors-link-list-item__title\">\n\t\t\t\t\t\t\t\tBl\u00e5 Kors steg for steg Drammen\n\t\t\t\t\t\t\t<\/h3>\n\t\t\t\t\t\t\t<svg\n\t\t\t\t\t\t\t\txmlns=\"http:\/\/www.w3.org\/2000\/svg\"\n\t\t\t\t\t\t\t\twidth=\"14\"\n\t\t\t\t\t\t\t\theight=\"12.92\"\n\t\t\t\t\t\t\t\tviewBox=\"0 0 14 12.92\"\n\t\t\t\t\t\t\t>\n\t\t\t\t\t\t\t\t<path\n\t\t\t\t\t\t\t\t\td=\"M7.14-6.58,1.34-.12-.4-1.62,1.84-4.06A8.352,8.352,0,0,1,3.56-5.52H-6.86V-7.64H3.54a7.7,7.7,0,0,1-.84-.61,10.977,10.977,0,0,1-.86-.85L-.4-11.54l1.74-1.5Z\"\n\t\t\t\t\t\t\t\t\ttransform=\"translate(6.86 13.04)\"\n\t\t\t\t\t\t\t\t\tfill=\"#0d76bc\"\n\t\t\t\t\t\t\t\t\/>\n\t\t\t\t\t\t\t<\/svg>\n\t\t\t\t\t\t<\/div>\n\t\t\t\t\t\t\n\t\t\t\t\t<\/div>\n\t\t\t\t<\/div>\n\t\t\t<\/a>\n\t\t<\/div>\n\n<div class=\"blakors-link-list-item alignwide wp-block-blakors-link-list-item has-background\">\n\t\t\t<a\n\t\t\t\tclass=\"blakors-link-list-item__holder\"\n\t\t\t\thref=\"https:\/\/www.blakors.no\/drammen\/andre-tilbud\/\"\n\t\t\t\trel=\"\"\n\t\t\t\t\n\t\t\t>\n\t\t\t\t<div class=\"blakors-link-list-item__content\">\n\t\t\t\t\t<div class=\"blakors-link-list-item__content-inner\">\n\t\t\t\t\t\t<div class=\"title-wrap\">\n\t\t\t\t\t\t\t<h3 class=\"blakors-link-list-item__title\">\n\t\t\t\t\t\t\t\tBl\u00e5 Kors andre tilbud i Drammen \n\t\t\t\t\t\t\t<\/h3>\n\t\t\t\t\t\t\t<svg\n\t\t\t\t\t\t\t\txmlns=\"http:\/\/www.w3.org\/2000\/svg\"\n\t\t\t\t\t\t\t\twidth=\"14\"\n\t\t\t\t\t\t\t\theight=\"12.92\"\n\t\t\t\t\t\t\t\tviewBox=\"0 0 14 12.92\"\n\t\t\t\t\t\t\t>\n\t\t\t\t\t\t\t\t<path\n\t\t\t\t\t\t\t\t\td=\"M7.14-6.58,1.34-.12-.4-1.62,1.84-4.06A8.352,8.352,0,0,1,3.56-5.52H-6.86V-7.64H3.54a7.7,7.7,0,0,1-.84-.61,10.977,10.977,0,0,1-.86-.85L-.4-11.54l1.74-1.5Z\"\n\t\t\t\t\t\t\t\t\ttransform=\"translate(6.86 13.04)\"\n\t\t\t\t\t\t\t\t\tfill=\"#0d76bc\"\n\t\t\t\t\t\t\t\t\/>\n\t\t\t\t\t\t\t<\/svg>\n\t\t\t\t\t\t<\/div>\n\t\t\t\t\t\t<span class=\"blakors-link-list-item__text\">Bl\u00e5 Kors andre tilbud.  til personer som har et \u00f8nske om\u00a0inkludering. Det kan v\u00e6re en f\u00f8lelse av \u00e5 st\u00e5 p\u00e5 siden av samfunnet, utenfor arbeidslivet eller andre forhold som gj\u00f8r hverdagen utfordrende. <\/span>\n\t\t\t\t\t<\/div>\n\t\t\t\t<\/div>\n\t\t\t<\/a>\n\t\t<\/div>\n\n<div class=\"blakors-link-list-item alignwide wp-block-blakors-link-list-item has-background\">\n\t\t\t<a\n\t\t\t\tclass=\"blakors-link-list-item__holder\"\n\t\t\t\thref=\"https:\/\/www.blakors.no\/drammen\/om-oss\/\"\n\t\t\t\trel=\"\"\n\t\t\t\t\n\t\t\t>\n\t\t\t\t<div class=\"blakors-link-list-item__content\">\n\t\t\t\t\t<div class=\"blakors-link-list-item__content-inner\">\n\t\t\t\t\t\t<div class=\"title-wrap\">\n\t\t\t\t\t\t\t<h3 class=\"blakors-link-list-item__title\">\n\t\t\t\t\t\t\t\tSamarbeid\n\t\t\t\t\t\t\t<\/h3>\n\t\t\t\t\t\t\t<svg\n\t\t\t\t\t\t\t\txmlns=\"http:\/\/www.w3.org\/2000\/svg\"\n\t\t\t\t\t\t\t\twidth=\"14\"\n\t\t\t\t\t\t\t\theight=\"12.92\"\n\t\t\t\t\t\t\t\tviewBox=\"0 0 14 12.92\"\n\t\t\t\t\t\t\t>\n\t\t\t\t\t\t\t\t<path\n\t\t\t\t\t\t\t\t\td=\"M7.14-6.58,1.34-.12-.4-1.62,1.84-4.06A8.352,8.352,0,0,1,3.56-5.52H-6.86V-7.64H3.54a7.7,7.7,0,0,1-.84-.61,10.977,10.977,0,0,1-.86-.85L-.4-11.54l1.74-1.5Z\"\n\t\t\t\t\t\t\t\t\ttransform=\"translate(6.86 13.04)\"\n\t\t\t\t\t\t\t\t\tfill=\"#0d76bc\"\n\t\t\t\t\t\t\t\t\/>\n\t\t\t\t\t\t\t<\/svg>\n\t\t\t\t\t\t<\/div>\n\t\t\t\t\t\t\n\t\t\t\t\t<\/div>\n\t\t\t\t<\/div>\n\t\t\t<\/a>\n\t\t<\/div>\n\n\t\t\t<\/div>\n\t\t<\/div>\n\n\n<div class=\"wp-block-lib-header alignfull hide\"><div class=\"image-wrapper\"><img decoding=\"async\" src=\"https:\/\/www.blakors.no\/content\/uploads\/sites\/37\/2023\/03\/blakorsdrammen-web.jpg\" alt=\"header\"\/><\/div><div class=\"header-innercontent\"><\/div><\/div>\n\n\n\n<p><\/p>\n\n\n\n<div class=\"wp-block-cover alignfull is-light\" style=\"min-height:257px;aspect-ratio:unset;\"><img decoding=\"async\" class=\"wp-block-cover__image-background wp-image-37810\" alt=\"\" src=\"https:\/\/www.blakors.no\/content\/uploads\/2021\/06\/CTA-jul.jpg\" style=\"object-position:15% 21%\" data-object-fit=\"cover\" data-object-position=\"15% 21%\"\/><span aria-hidden=\"true\" class=\"wp-block-cover__background has-blue-light-background-color has-background-dim-100 has-background-dim\"><\/span><div class=\"wp-block-cover__inner-container is-layout-constrained wp-block-cover-is-layout-constrained\">\n<div class=\"wp-block-group alignwide is-layout-constrained wp-block-group-is-layout-constrained\">\n<div style=\"height:20px\" aria-hidden=\"true\" class=\"wp-block-spacer\"><\/div>\n\n\n\n<h3 id=\"vil-du-bli-frivillig-tidgiver\"  class=\"wp-block-heading has-text-align-left has-blue-darker-color has-text-color\" ><strong>Vil du bli frivillig tidgiver?<\/strong><\/h3>\n\n\n\n<p class=\"has-text-align-left has-blue-darker-color has-text-color\">Ved \u00e5 gi tid, vil du ogs\u00e5 oppleve mening, glede og felleskap. Vi trenger akkurat deg!<\/p>\n\n\n\n<div class=\"wp-block-buttons is-layout-flex wp-block-buttons-is-layout-flex\">\n<div class=\"wp-block-button\"><a class=\"wp-block-button__link wp-element-button\" href=\"https:\/\/www.blakors.no\/drammen\/frivillig\/\">Les mer om \u00e5 bli tidgiver i Bl\u00e5 Kors<\/a><\/div>\n<\/div>\n\n\n\n<p class=\"has-blue-dark-color has-text-color\"><\/p>\n<\/div>\n<\/div><\/div>\n","protected":false},"excerpt":{"rendered":"<p>Stiftelsen Bl\u00e5 Kors Drammen en \u00e9n virksomhet som drifter flere ulike tiltak og tjenester. Vi har to nasjonale konsepter; steg for steg og barnas stasjon i tillegg til andre tilbud som; F\u00f8rste steg mot arbeidslivet, Matutdelingen og Ber\u00f8rt av rus (sistnevnte er et samarbeid med Drammen Kommune og Kirkens Bymisjon). Felles for alle er tanken [&hellip;]<\/p>\n","protected":false},"author":92,"featured_media":74,"parent":0,"menu_order":0,"comment_status":"closed","ping_status":"closed","template":"","meta":{"_acf_changed":false,"_relevanssi_hide_post":"","_relevanssi_hide_content":"","_relevanssi_pin_for_all":"","_relevanssi_pin_keywords":"","_relevanssi_unpin_keywords":"","_relevanssi_related_keywords":"","_relevanssi_related_include_ids":"","_relevanssi_related_exclude_ids":"","_relevanssi_related_no_append":"","_relevanssi_related_not_related":"","_relevanssi_related_posts":"","_relevanssi_noindex_reason":"","_custom_cards_description":"","footnotes":""},"class_list":["post-7","page","type-page","status-publish","has-post-thumbnail","hentry"],"acf":[],"_links":{"self":[{"href":"https:\/\/www.blakors.no\/drammen\/wp-json\/wp\/v2\/pages\/7","targetHints":{"allow":["GET"]}}],"collection":[{"href":"https:\/\/www.blakors.no\/drammen\/wp-json\/wp\/v2\/pages"}],"about":[{"href":"https:\/\/www.blakors.no\/drammen\/wp-json\/wp\/v2\/types\/page"}],"author":[{"embeddable":true,"href":"https:\/\/www.blakors.no\/drammen\/wp-json\/wp\/v2\/users\/92"}],"replies":[{"embeddable":true,"href":"https:\/\/www.blakors.no\/drammen\/wp-json\/wp\/v2\/comments?post=7"}],"version-history":[{"count":5,"href":"https:\/\/www.blakors.no\/drammen\/wp-json\/wp\/v2\/pages\/7\/revisions"}],"predecessor-version":[{"id":641,"href":"https:\/\/www.blakors.no\/drammen\/wp-json\/wp\/v2\/pages\/7\/revisions\/641"}],"wp:featuredmedia":[{"embeddable":true,"href":"https:\/\/www.blakors.no\/drammen\/wp-json\/wp\/v2\/media\/74"}],"wp:attachment":[{"href":"https:\/\/www.blakors.no\/drammen\/wp-json\/wp\/v2\/media?parent=7"}],"curies":[{"name":"wp","href":"https:\/\/api.w.org\/{rel}","templated":true}]}}