{"id":2574,"date":"2022-11-22T15:21:00","date_gmt":"2022-11-22T14:21:00","guid":{"rendered":"https:\/\/www.blakors.no\/ferier\/?page_id=2574"},"modified":"2026-01-15T12:13:48","modified_gmt":"2026-01-15T11:13:48","slug":"vinterferie-i-abra-havn","status":"publish","type":"page","link":"https:\/\/www.blakors.no\/ferier\/vinterferie-i-abra-havn\/","title":{"rendered":"Vinterferie i Abra Havn"},"content":{"rendered":"<div class=\"custom-block-banner alignwide has-background has-blue-light-background-color contenthalf\"><div class=\"banner-image\" style=\"background-image:url(https:\/\/www.blakors.no\/content\/uploads\/sites\/10\/2020\/12\/H\u00f8st-i-Abra-Havn-1024x768.jpg)\"><\/div><div class=\"banner-inner\"><div><h1 id=\"vinterferie-i-abra-havn\"  class=\"title large \" >Vinterferie i Abra Havn<\/h1><p>Hiv og hoi! Mandag 16. &#8211; onsdag 18. februar blir det koselig vinterferie i Abra Havn! <\/p><\/div><\/div><\/div>\n\n\n<h3 id=\"soknadsfrist-har-dessverre-gatt-ut\"  class=\"wp-block-heading has-text-align-center\" ><strong>S\u00f8knadsfrist: har dessverre g\u00e5tt ut<\/strong><\/h3>\n\n\n\n<p>Dette er ferien for dere som \u00f8nsker en vinterferie med sj\u00f8r\u00f8vermagi og eksotiske dyr. Like ved Kristiansand Dyrepark ligger den unike sj\u00f8r\u00f8verlandsbyen, Abra Havn. Her skal vi tilbringe ferien, og vi skal selvf\u00f8lgelig v\u00e6re mye i Dyreparken som ligger en kort spasertur unna. <\/p>\n\n\n\n<figure class=\"wp-block-gallery has-nested-images columns-default is-cropped wp-block-gallery-1 is-layout-flex wp-block-gallery-is-layout-flex\">\n<figure class=\"wp-block-image size-large\"><img loading=\"lazy\" decoding=\"async\" width=\"602\" height=\"400\" data-id=\"4072\" src=\"https:\/\/www.blakors.no\/content\/uploads\/sites\/10\/2023\/11\/2019-11-30_Kutoppen_-daniel.schjott-8498.jpg\" alt=\"\" class=\"wp-image-4072\" srcset=\"https:\/\/www.blakors.no\/content\/uploads\/sites\/10\/2023\/11\/2019-11-30_Kutoppen_-daniel.schjott-8498.jpg 602w, https:\/\/www.blakors.no\/content\/uploads\/sites\/10\/2023\/11\/2019-11-30_Kutoppen_-daniel.schjott-8498-300x199.jpg 300w\" sizes=\"auto, (max-width: 602px) 100vw, 602px\" \/><\/figure>\n\n\n\n<figure class=\"wp-block-image size-full\"><img loading=\"lazy\" decoding=\"async\" width=\"600\" height=\"400\" data-id=\"4071\" src=\"https:\/\/www.blakors.no\/content\/uploads\/sites\/10\/2023\/11\/SmelandMedia-067.jpg\" alt=\"Tiger koser seg i sn\u00f8en i Dyreparken\" class=\"wp-image-4071\" srcset=\"https:\/\/www.blakors.no\/content\/uploads\/sites\/10\/2023\/11\/SmelandMedia-067.jpg 600w, https:\/\/www.blakors.no\/content\/uploads\/sites\/10\/2023\/11\/SmelandMedia-067-300x200.jpg 300w\" sizes=\"auto, (max-width: 600px) 100vw, 600px\" \/><\/figure>\n\n\n\n<figure class=\"wp-block-image size-full\"><img decoding=\"async\" data-id=\"5864\" src=\"https:\/\/www.blakors.no\/content\/uploads\/sites\/10\/2025\/11\/Skjermbilde-2023-02-07-kl.-14.59.18.png\" alt=\"\" class=\"wp-image-5864\"\/><\/figure>\n<figcaption class=\"blocks-gallery-caption wp-element-caption\">Foto: Dyreparken<\/figcaption><\/figure>\n\n\n\n<p><\/p>\n\n\n\n<h2 id=\"organisert-ferie\"  class=\"wp-block-heading has-text-align-center\" ><strong>Organisert ferie<\/strong><\/h2>\n\n\n\n<p><strong>Dette er en organisert ferie, hvor flere familier er sammen p\u00e5 tur. Vi blir totalt ca. 55 personer og vi legger opp til felles aktivitet og m\u00e5ltider. Ferien blir organisert av Bl\u00e5 Kors ferier, og alt av aktiviteter, m\u00e5ltider, overnatting og inngang to dager til Dyreparken er inkludert i oppholdet. <\/strong><\/p>\n\n\n\n<p>Ferien gir mulighet til \u00e5 bli kjent med andre, samtidig som dere er sammen som familie. Med p\u00e5 ferien vil det v\u00e6re ferieledere og Tidgivere fra Bl\u00e5 Kors ferier som ordner praktiske gj\u00f8rem\u00e5l, og som er tilgjengelige for dere som gjester. <strong>Alle foreldre har ansvar for sine egne barn. <\/strong><\/p>\n\n\n\n<p>Vi skal bo i den sjarmerende sj\u00f8r\u00f8verlandsbyen <a href=\"https:\/\/www.dyreparken.no\/overnatting\/abra-havn\/?_gl=1*a2mtnj*_up*MQ..*_gs*MQ..&amp;gclid=CjwKCAiAw9vIBhBBEiwAraSATulFce4jx8kx4K96Pj_uD8f12aeYcEVgNB0XQpHSkthV377hsP1VMRoCsmoQAvD_BwE#vare-romtyper\" data-type=\"link\" data-id=\"https:\/\/www.dyreparken.no\/overnatting\/abra-havn\/?_gl=1*a2mtnj*_up*MQ..*_gs*MQ..&amp;gclid=CjwKCAiAw9vIBhBBEiwAraSATulFce4jx8kx4K96Pj_uD8f12aeYcEVgNB0XQpHSkthV377hsP1VMRoCsmoQAvD_BwE#vare-romtyper\" target=\"_blank\" rel=\"noopener\">Abra Havn<\/a>, hvor hver familie f\u00e5r egen &laquo;sj\u00f8r\u00f8verk\u00e5k&raquo; (leilighet). Leilighetene har bad og en stue med kj\u00f8kkenkrok. Senget\u00f8y og h\u00e5ndkl\u00e6r til alle i familien er i leilighetene.<\/p>\n\n\n\n<p>Stedets kokker lager nydelig frokost og middag til oss som vi spiser sammen. Siden dette er i vinterhalv\u00e5ret har sj\u00f8r\u00f8verne reist fra Abra Havn til varmere str\u00f8k, men gatene i Abra Havn er fortsatt fulle av sj\u00f8r\u00f8vermagien. Dette er en ferie hvor du som forelder kan komme med senkede skuldre, og f\u00e5r god tid til \u00e5 v\u00e6re med familien uten \u00e5 m\u00e5tte planlegge hva dere skal spise eller gj\u00f8re.<\/p>\n\n\n\n<figure class=\"wp-block-gallery has-nested-images columns-default is-cropped wp-block-gallery-2 is-layout-flex wp-block-gallery-is-layout-flex\">\n<figure class=\"wp-block-image size-large\"><img loading=\"lazy\" decoding=\"async\" width=\"582\" height=\"388\" data-id=\"4077\" src=\"https:\/\/www.blakors.no\/content\/uploads\/sites\/10\/2023\/11\/Julius40_-daniel.schjott-9141.jpg\" alt=\"Julius ser p\u00e5 juletreet i Dyreparken\" class=\"wp-image-4077\" srcset=\"https:\/\/www.blakors.no\/content\/uploads\/sites\/10\/2023\/11\/Julius40_-daniel.schjott-9141.jpg 582w, https:\/\/www.blakors.no\/content\/uploads\/sites\/10\/2023\/11\/Julius40_-daniel.schjott-9141-300x200.jpg 300w\" sizes=\"auto, (max-width: 582px) 100vw, 582px\" \/><\/figure>\n\n\n\n<figure class=\"wp-block-image size-large\"><img loading=\"lazy\" decoding=\"async\" width=\"378\" height=\"378\" data-id=\"4084\" src=\"https:\/\/www.blakors.no\/content\/uploads\/sites\/10\/2023\/11\/20181209-DSC_7309-edited.jpg\" alt=\"Jente koser p\u00e5 geit i Dyreparken\" class=\"wp-image-4084\" srcset=\"https:\/\/www.blakors.no\/content\/uploads\/sites\/10\/2023\/11\/20181209-DSC_7309-edited.jpg 378w, https:\/\/www.blakors.no\/content\/uploads\/sites\/10\/2023\/11\/20181209-DSC_7309-edited-300x300.jpg 300w, https:\/\/www.blakors.no\/content\/uploads\/sites\/10\/2023\/11\/20181209-DSC_7309-edited-150x150.jpg 150w, https:\/\/www.blakors.no\/content\/uploads\/sites\/10\/2023\/11\/20181209-DSC_7309-edited-200x200.jpg 200w\" sizes=\"auto, (max-width: 378px) 100vw, 378px\" \/><\/figure>\n\n\n\n<figure class=\"wp-block-image size-large\"><img loading=\"lazy\" decoding=\"async\" width=\"600\" height=\"400\" data-id=\"4078\" src=\"https:\/\/www.blakors.no\/content\/uploads\/sites\/10\/2023\/11\/SmelandMedia-060.jpg\" alt=\"To geparder i Dyreparken ser rett inn i kamera\" class=\"wp-image-4078\" srcset=\"https:\/\/www.blakors.no\/content\/uploads\/sites\/10\/2023\/11\/SmelandMedia-060.jpg 600w, https:\/\/www.blakors.no\/content\/uploads\/sites\/10\/2023\/11\/SmelandMedia-060-300x200.jpg 300w\" sizes=\"auto, (max-width: 600px) 100vw, 600px\" \/><\/figure>\n<figcaption class=\"blocks-gallery-caption wp-element-caption\">Foto: Dyreparken<\/figcaption><\/figure>\n\n\n\n<p>P\u00e5 ferien kommer vi til \u00e5 v\u00e6re mye ute da det er mye \u00e5 se og oppleve i Dyreparken. I tillegg vil det bli lek, spill, bingo og hobbyaktiviteter innend\u00f8rs. Ferien gir mulighet for spennende og g\u00f8ye opplevelser,  og hyggelig sosialt fellesskap. Vi \u00f8nsker \u00e5 legge til rette for at hver familie skal skape gode minner sammen p\u00e5 denne ferien. <\/p>\n\n\n\n<h2 class=\"wp-block-heading has-text-align-center\" id=\"h-soknadsfristen-er-gatt-ut-8-januar-2022\"><\/h2>\n\n\n\n<p><\/p>\n\n\n\n\t\t<div class=\"wp-block-blakors-expanding-fact-box is-style-default wp-block-blakors-expanding-fact-box is-style-default wp-block-blakors-expanding-fact-box has-background has-blue-light-background-color\">\n\t\t\t<h3 id=\"hvem-far-vaere-med-bla-kors-ferier\"  class=\"blakors-fact-box__title\" >Hvem f\u00e5r v\u00e6re med Bl\u00e5 Kors ferier<\/h3>\n\t\t\t<div class=\"blakors-fact-box__content\">\n\t\t\t\t\n\n<p class=\"has-text-align-left has-blue-light-background-color has-background\">Alle som fyller ut s\u00f8knadsskjemaet og som er i m\u00e5lgruppen for tiltaket (dvs. har utfordringer relatert til psykisk helse, rus eller \u00f8konomi) er kvalifiserte til \u00e5 v\u00e6re med p\u00e5 ferie med Bl\u00e5 Kors ferier. Det er ikke behov for anbefaling fra Nav, barnevernstjeneste, eller lignende. Det er heller ikke krav til at barna m\u00e5 v\u00e6re i barneskolealder. Det er ikke tillatt \u00e5 ha med kj\u00e6ledyr p\u00e5 organiserte ferier med Bl\u00e5 Kors ferier.<\/p>\n\n\n\n<p>Bl\u00e5 Kors ferier opplever enorm p\u00e5gang og har ikke mulighet til \u00e5 gi et ferietilbud til alle som s\u00f8ker. Vi venter til etter s\u00f8knadsfrist med \u00e5 tildele feriene og \u00f8nsker at de som ikke tidligere har f\u00e5tt et tilbud, enten med oss, eller andre akt\u00f8rer skal f\u00e5 en mulighet f\u00f8rst. Derfor sp\u00f8r vi alltid om familien har v\u00e6rt med p\u00e5 en annen ferie, f\u00f8r vi gir mulighet til \u00e5 v\u00e6re med p\u00e5 ferie med Bl\u00e5 Kors ferier. <\/p>\n\n\n\n<p>Det er mange som opplever \u00e5 f\u00e5 gjentatte avslag p\u00e5 s\u00f8knadene sine. Dette er dessverre helt normalt, og betyr ikke at s\u00f8knaden ikke er godkjent. Det betyr kun at det ikke var plass til din familien p\u00e5 denne ferien, og vi kan ikke annet enn beklage. Vi anbefaler \u00e5 fortsette med \u00e5 s\u00f8ke, s\u00e5 vil det forh\u00e5pentligvis bli deres tur ogs\u00e5 til slutt.<\/p>\n\n\n\n<p>I henhold til Personvernregelverket oppbevarer vi ikke opplysninger om s\u00f8kere lenger enn n\u00f8dvendig.<\/p>\n\n\n\t\t\t<\/div>\n\t\t\t<div class=\"blakors-fact-box__toggle\">\n\t\t\t\t<button class=\"blakors-fact-box__button\"><svg xmlns=\"http:\/\/www.w3.org\/2000\/svg\" viewBox=\"0 0 17.367 17.367\"><path d=\"M0-8.684v-2.133H13.2L7.16-16.91l1.523-1.523L17.367-9.75,8.684-1.066,7.109-2.59,13.2-8.684Z\" transform=\"translate(0 18.434)\" \/><\/svg><\/button>\n\t\t\t<\/div>\n\t\t<\/div>\n\n\n<h3 class=\"wp-block-heading has-text-align-center\" id=\"h-inkludert\">Dette lurer du kanskje p\u00e5:<\/h3>\n\n\n\n<div class=\"wp-block-group is-layout-grid wp-container-core-group-is-layout-6be84c55 wp-block-group-is-layout-grid\">\n<div class=\"wp-block-group is-layout-constrained wp-block-group-is-layout-constrained\">\n<div class=\"custom-block-factbox has-background has-lila-light-background-color\">\n\t<p><strong>Pris<\/strong><\/p>\n<p>Ferien er <strong>gratis<\/strong>, men transport til og fra Abra Havn m\u00e5 hver familie ordne og betale for selv.<\/p>\n<\/div>\n<\/div>\n\n\n\n<div class=\"custom-block-factbox has-background has-pink-light-background-color wp-container-content-231de088\">\n\t<p><strong>Transport<\/strong><\/p>\n<p>Kommer dere med tog\/buss til Kristiansand sentrum, s\u00e5 henter vi dere der. Er dere knyttet opp til NAV eller barneverntjenesten anbefaler vi \u00e5 sjekke med disse om det er mulig \u00e5 s\u00f8ke om dekning av reisekostnader.<\/p>\n<\/div>\n\n\n\n<div class=\"custom-block-factbox has-background has-green-light-background-color wp-container-content-2155ee95\">\n\t<p style=\"text-align: left\"><strong>Inkludert i ferien<\/strong><\/p>\n<p style=\"text-align: left\">Overnatting<br \/>\nAlle m\u00e5ltider<br \/>\nAktiviteter<br \/>\nInngang i Dyreparken<\/p>\n<\/div>\n\n\n\n<div class=\"custom-block-factbox has-background has-brown-light-background-color wp-container-content-231de088\">\n\t<p><strong>Forsikring<\/strong><\/p>\n<p>Alle deltakere dekkes av Bl\u00e5 Kors egen gruppeforsikring. Deltakere b\u00f8r ogs\u00e5 ha sin egen reiseforsikring.<\/p>\n<\/div>\n<\/div>\n\n\n\n<h3 id=\"her-kan-du-se-pa-kartet-hvor-vi-skal\"  class=\"wp-block-heading has-text-align-center\" >Her kan du se p\u00e5 kartet hvor vi skal:<\/h3>\n\n\n\n<div class=\"wp-block-columns are-vertically-aligned-center is-style-reverse is-layout-flex wp-container-core-columns-is-layout-9d6595d7 wp-block-columns-is-layout-flex\">\n<div class=\"wp-block-column is-vertically-aligned-center is-layout-flow wp-block-column-is-layout-flow\" style=\"flex-basis:100%\">\n<div class=\"wp-block-group is-layout-flow wp-block-group-is-layout-flow\">\n<iframe src=\"https:\/\/www.google.com\/maps\/embed?pb=!1m18!1m12!1m3!1d4206.300646569854!2d8.148812578018957!3d58.18829927408197!2m3!1f0!2f0!3f0!3m2!1i1024!2i768!4f13.1!3m3!1m2!1s0x463800db05832e1d%3A0xcc1370a57d6a10be!2sAbra%20Havn!5e0!3m2!1sno!2sno!4v1763115856206!5m2!1sno!2sno\" width=\"600\" height=\"450\" style=\"border:0;\" allowfullscreen=\"\" loading=\"lazy\" referrerpolicy=\"no-referrer-when-downgrade\"><\/iframe>\n<\/div>\n<\/div>\n<\/div>\n\n\n\n\n\n<h2 class=\"wp-block-heading has-text-align-center\" id=\"h-personvern\"><strong>Personvern<\/strong><\/h2>\n\n\n\n<p>Ved \u00e5 sende inn en s\u00f8knad til Bl\u00e5 Kors ferier, samtykker jeg i at Bl\u00e5 Kors ferier behandler mine opplysninger i tr\u00e5d med det som st\u00e5r i personvernerkl\u00e6ringen og gjeldende regelverk.<\/p>\n\n\n\n<div class=\"wp-block-button is-style-primary aligncenter\"><a class=\"wp-block-button__link wp-element-button\" href=\"https:\/\/www.blakors.no\/ferier\/personvernerklaering-ferier\/\">Personvernerkl\u00e6ring<\/a><\/div>\n\n\n\n<p>Ved \u00e5 krysse av p\u00e5 hvilken m\u00e5lgruppe jeg definerer meg og min familie, s\u00e5 samtykker jeg i \u00e5 dele disse opplysningene med Bl\u00e5 Kors ferier. Ved \u00e5 oppgi mine allergier, samtykker jeg til at Bl\u00e5 Kors ferier behandler helseopplysninger om meg. Form\u00e5let med \u00e5 oppgi allergier, er at Bl\u00e5 Kors ferier kan legge til rette for \u00e5 servere trygge og helsebringende m\u00e5ltider og vurdere en passende ferie tilpasset mine behov. Alle personopplysninger blir behandlet trygt, og deles kun med utvalgte personer som trenger opplysningene for \u00e5 legge til rette for ferietilbudet. Informasjonen Bl\u00e5 Kors ferier samler inn, slettes n\u00e5r vi ikke lenger har bruk for de, eller n\u00e5r du trekker ditt samtykke for behandling av personopplysninger.<\/p>\n\n\n\n<div class=\"wp-block-buttons is-horizontal is-content-justification-center is-layout-flex wp-container-core-buttons-is-layout-499968f5 wp-block-buttons-is-layout-flex\">\n<div class=\"wp-block-button is-style-primary\"><a class=\"wp-block-button__link wp-element-button\" href=\"https:\/\/www.blakors.no\/ferier\/vinterferie-i-abra-havn\/\">Tilbake til toppen<\/a><\/div>\n<\/div>\n\n\n\n<h2 class=\"wp-block-heading has-text-align-center\"><\/h2>\n\n\n\n<div class=\"wp-block-group is-content-justification-right is-layout-constrained wp-container-core-group-is-layout-07b51d56 wp-block-group-is-layout-constrained\"><\/div>\n\n\n\n<p><\/p>\n","protected":false},"excerpt":{"rendered":"<p>S\u00f8knadsfrist: har dessverre g\u00e5tt ut Dette er ferien for dere som \u00f8nsker en vinterferie med sj\u00f8r\u00f8vermagi og eksotiske dyr. Like ved Kristiansand Dyrepark ligger den unike sj\u00f8r\u00f8verlandsbyen, Abra Havn. Her skal vi tilbringe ferien, og vi skal selvf\u00f8lgelig v\u00e6re mye i Dyreparken som ligger en kort spasertur unna. Organisert ferie Dette er en organisert ferie, [&hellip;]<\/p>\n","protected":false},"author":36,"featured_media":1298,"parent":0,"menu_order":0,"comment_status":"closed","ping_status":"closed","template":"","meta":{"_acf_changed":false,"_relevanssi_hide_post":"","_relevanssi_hide_content":"","_relevanssi_pin_for_all":"","_relevanssi_pin_keywords":"","_relevanssi_unpin_keywords":"","_relevanssi_related_keywords":"","_relevanssi_related_include_ids":"","_relevanssi_related_exclude_ids":"","_relevanssi_related_no_append":"","_relevanssi_related_not_related":"","_relevanssi_related_posts":"1","_relevanssi_noindex_reason":"","_custom_cards_description":"Organisert ferie med andre familier 16.-18. februar i Abra Havn ved Kristiansand. S\u00f8knadsfrist: 11. januar.","footnotes":""},"class_list":["post-2574","page","type-page","status-publish","has-post-thumbnail","hentry"],"acf":[],"_links":{"self":[{"href":"https:\/\/www.blakors.no\/ferier\/wp-json\/wp\/v2\/pages\/2574","targetHints":{"allow":["GET"]}}],"collection":[{"href":"https:\/\/www.blakors.no\/ferier\/wp-json\/wp\/v2\/pages"}],"about":[{"href":"https:\/\/www.blakors.no\/ferier\/wp-json\/wp\/v2\/types\/page"}],"author":[{"embeddable":true,"href":"https:\/\/www.blakors.no\/ferier\/wp-json\/wp\/v2\/users\/36"}],"replies":[{"embeddable":true,"href":"https:\/\/www.blakors.no\/ferier\/wp-json\/wp\/v2\/comments?post=2574"}],"version-history":[{"count":5,"href":"https:\/\/www.blakors.no\/ferier\/wp-json\/wp\/v2\/pages\/2574\/revisions"}],"predecessor-version":[{"id":5980,"href":"https:\/\/www.blakors.no\/ferier\/wp-json\/wp\/v2\/pages\/2574\/revisions\/5980"}],"wp:featuredmedia":[{"embeddable":true,"href":"https:\/\/www.blakors.no\/ferier\/wp-json\/wp\/v2\/media\/1298"}],"wp:attachment":[{"href":"https:\/\/www.blakors.no\/ferier\/wp-json\/wp\/v2\/media?parent=2574"}],"curies":[{"name":"wp","href":"https:\/\/api.w.org\/{rel}","templated":true}]}}