{"id":3673,"date":"2023-02-10T13:12:48","date_gmt":"2023-02-10T12:12:48","guid":{"rendered":"https:\/\/www.blakors.no\/ferier\/?page_id=3673"},"modified":"2023-04-24T06:48:05","modified_gmt":"2023-04-24T04:48:05","slug":"aktivitetsdag-langedrag","status":"publish","type":"page","link":"https:\/\/www.blakors.no\/ferier\/aktivitetsdag-langedrag\/","title":{"rendered":"Aktivitetsdag Langedrag"},"content":{"rendered":"<div class=\"custom-block-banner alignwide contenthalf\"><div class=\"banner-image\" style=\"background-image:url(https:\/\/www.blakors.no\/content\/uploads\/sites\/10\/2023\/02\/Langedrag-med-regnbue-1024x294.jpg)\"><\/div><div class=\"banner-inner\"><div><h1 id=\"aktivitetsdag-langedrag\"  class=\"title large \" >Aktivitetsdag Langedrag<\/h1><p>Dagstur til Langedrag naturpark, l\u00f8rdag 3. juni 2023. Buss fra Drammen. S\u00f8knadsfrist utg\u00e5tt.<\/p><\/div><\/div><\/div>\n\n\n<p><strong>Vi arrangerer en dagstur til <a href=\"https:\/\/www.langedrag.no\/\" target=\"_blank\" rel=\"noreferrer noopener\">Langedrag Naturpark<\/a> l\u00f8rdag 3. juni. <\/strong><\/p>\n\n\n\n<p><strong>S\u00f8knadsfristen for denne aktivitetsdagen er utg\u00e5tt (23. april 2023)<\/strong><\/p>\n\n\n\n<figure class=\"wp-block-image alignright size-thumbnail is-style-rounded\"><img loading=\"lazy\" decoding=\"async\" width=\"150\" height=\"150\" src=\"https:\/\/www.blakors.no\/content\/uploads\/sites\/10\/2023\/02\/Gaupe-pa-Langedrag-150x150.jpg\" alt=\"Gaupe hopper for \u00e5 ta mat p\u00e5 Langedrag\" class=\"wp-image-3677\" srcset=\"https:\/\/www.blakors.no\/content\/uploads\/sites\/10\/2023\/02\/Gaupe-pa-Langedrag-150x150.jpg 150w, https:\/\/www.blakors.no\/content\/uploads\/sites\/10\/2023\/02\/Gaupe-pa-Langedrag-300x300.jpg 300w, https:\/\/www.blakors.no\/content\/uploads\/sites\/10\/2023\/02\/Gaupe-pa-Langedrag-200x200.jpg 200w\" sizes=\"auto, (max-width: 150px) 100vw, 150px\" \/><\/figure>\n\n\n\n<p>Langedrag naturpark er en fjellg\u00e5rd hvor det bor ca 300 dyr fordelt p\u00e5 rundt 20 arter. G\u00e5rden ligger idyllisk til 1000 meter over havet i Nore og Uvdal. Her bor s\u00e6rnorske dyr som elg, reinsdyr og fjording, men ogs\u00e5&nbsp;truede dyrearter som fjellrev og ulv. Vi kommer tett p\u00e5 dyrene p\u00e5 tunet og i fj\u00f8set, kan v\u00e6re med p\u00e5 foring og kanskje kose med kaninene?&nbsp;&nbsp;<\/p>\n\n\n\n<p>Kj\u00f8r egen bil eller bli med p\u00e5 fellestransport fra Drammen togstasjon, oppm\u00f8te 8.30. Vi er tilbake i Drammen p\u00e5 kvelden rundt kl. 20.45&nbsp; Bussturen fra Drammen og opp til Langedrag er 2,5 timer, s\u00e5 dette er en lang dagstur.&nbsp;<\/p>\n\n\n\n<p>Dagen vil v\u00e6re for barn og deres foreldre. P\u00e5 Langedrag g\u00e5r vi rundt og hilser p\u00e5 dyrene, i l\u00f8pet av dagen har vi mulighet til \u00e5 bli med p\u00e5 foringer og presentasjon av ulike dyr. Sm\u00f8r med egen niste til lunsj eller kj\u00f8p selv i parken, siden det er en lang tur anbefaler vi dere \u00e5 ta med niste til bussturen hjem ogs\u00e5. Det blir servert et enkelt grillm\u00e5ltid i l\u00f8pet av dagen.<\/p>\n\n\n\n<p>Husk \u00e5 ta med godt og varmt t\u00f8y som passer til v\u00e6rmeldingen, det er ofte kj\u00f8ligere i fjellet. Det kan ogs\u00e5 v\u00e6re lurt \u00e5 ta med en sekk med ekstra t\u00f8y samt drikkeflasker og niste til alle i familien.&nbsp;<\/p>\n\n\n\n<figure class=\"wp-block-image alignright size-thumbnail is-style-rounded\"><img loading=\"lazy\" decoding=\"async\" width=\"150\" height=\"150\" src=\"https:\/\/www.blakors.no\/content\/uploads\/sites\/10\/2023\/02\/Roligheden_Lekeplass-150x150.jpg\" alt=\"Barn leker p\u00e5 lekeplass p\u00e5 Roligheden camping\" class=\"wp-image-3647\" srcset=\"https:\/\/www.blakors.no\/content\/uploads\/sites\/10\/2023\/02\/Roligheden_Lekeplass-150x150.jpg 150w, https:\/\/www.blakors.no\/content\/uploads\/sites\/10\/2023\/02\/Roligheden_Lekeplass-300x300.jpg 300w, https:\/\/www.blakors.no\/content\/uploads\/sites\/10\/2023\/02\/Roligheden_Lekeplass-200x200.jpg 200w\" sizes=\"auto, (max-width: 150px) 100vw, 150px\" \/><\/figure>\n\n\n\n<p>Turen til Langedrag er en organisert dagstur, hvor vi reiser sammen en gjeng p\u00e5 ca 65 personer. Vi legger opp til noe felles aktivitet og koser oss med m\u00e5ltid sammen. Dette er en dag for familier som \u00f8nsker \u00e5 f\u00e5 en god opplevelse sammen p\u00e5 g\u00e5rden og samtidig \u00f8nsker samv\u00e6r og mulighet til \u00e5 bli kjent med nye.&nbsp;&nbsp;<\/p>\n\n\n\n<p>Ferieledere&nbsp;og Tidgivere (frivillige) vil v\u00e6re med p\u00e5 turen. Vi regner med at dette blir en uforglemmelig dag!<\/p>\n\n\n\n<p>Alle foreldre har ansvar for sine barn og det er \u00f8nskelig at foreldrene i st\u00f8rst mulig grad deltar p\u00e5 aktiviteten med sine barn.&nbsp;<\/p>\n\n\n\n<p>Vi legger til rette for at barn og unge skal f\u00e5 gode opplevelser sammen med sine foresatte og p\u00e5 den m\u00e5ten skape gode minner sammen.&nbsp;<\/p>\n\n\n\n<p>Velkommen!<\/p>\n\n\n\n<p><strong>S\u00f8knadsfrist var 23. april 2023<\/strong><\/p>\n\n\n\n\t\t<div class=\"wp-block-blakors-expanding-fact-box is-style-default wp-block-blakors-expanding-fact-box is-style-default wp-block-blakors-expanding-fact-box has-background has-blue-light-background-color\">\n\t\t\t<h3 id=\"hvem-far-vaere-med-bla-kors-ferier\"  class=\"blakors-fact-box__title\" >Hvem f\u00e5r v\u00e6re med Bl\u00e5 Kors ferier<\/h3>\n\t\t\t<div class=\"blakors-fact-box__content\">\n\t\t\t\t\n\n<p class=\"has-text-align-left has-blue-light-background-color has-background\">Alle som fyller ut s\u00f8knadsskjemaet og som er i m\u00e5lgruppen for tiltaket (dvs. har utfordringer relatert til psykisk helse, rus eller \u00f8konomi) er kvalifiserte til \u00e5 v\u00e6re med p\u00e5 ferie med Bl\u00e5 Kors ferier. Det er ikke behov for anbefaling fra Nav, barnevernstjeneste, eller lignende. Det er heller ikke krav til at barna m\u00e5 v\u00e6re i barneskolealder. Det er ikke tillatt \u00e5 ha med kj\u00e6ledyr p\u00e5 organiserte ferier med Bl\u00e5 Kors ferier.<\/p>\n\n\n\n<p>Bl\u00e5 Kors ferier opplever enorm p\u00e5gang og har ikke mulighet til \u00e5 gi et ferietilbud til alle som s\u00f8ker. Vi venter til etter s\u00f8knadsfrist med \u00e5 tildele feriene og \u00f8nsker at de som ikke tidligere har f\u00e5tt et tilbud, enten med oss, eller andre akt\u00f8rer skal f\u00e5 en mulighet f\u00f8rst. Derfor sp\u00f8r vi alltid om familien har v\u00e6rt med p\u00e5 en annen ferie, f\u00f8r vi gir mulighet til \u00e5 v\u00e6re med p\u00e5 ferie med Bl\u00e5 Kors ferier. <\/p>\n\n\n\n<p>Det er mange som opplever \u00e5 f\u00e5 gjentatte avslag p\u00e5 s\u00f8knadene sine. Dette er dessverre helt normalt, og betyr ikke at s\u00f8knaden ikke er godkjent. Det betyr kun at det ikke var plass til din familien p\u00e5 denne ferien, og vi kan ikke annet enn beklage. Vi anbefaler \u00e5 fortsette med \u00e5 s\u00f8ke, s\u00e5 vil det forh\u00e5pentligvis bli deres tur ogs\u00e5 til slutt.<\/p>\n\n\n\n<p>I henhold til Personvernregelverket oppbevarer vi ikke opplysninger om s\u00f8kere lenger enn n\u00f8dvendig.<\/p>\n\n\n\t\t\t<\/div>\n\t\t\t<div class=\"blakors-fact-box__toggle\">\n\t\t\t\t<button class=\"blakors-fact-box__button\"><svg xmlns=\"http:\/\/www.w3.org\/2000\/svg\" viewBox=\"0 0 17.367 17.367\"><path d=\"M0-8.684v-2.133H13.2L7.16-16.91l1.523-1.523L17.367-9.75,8.684-1.066,7.109-2.59,13.2-8.684Z\" transform=\"translate(0 18.434)\" \/><\/svg><\/button>\n\t\t\t<\/div>\n\t\t<\/div>\n\n\n<h2 class=\"wp-block-heading\" id=\"h-inkludert\"><strong>Inkludert:<\/strong><\/h2>\n\n\n\n<ul class=\"wp-block-list\">\n<li>Inngang til Langedrag Naturpark<\/li>\n\n\n\n<li>Buss tur\/retur Drammen togstasjon<\/li>\n\n\n\n<li>Enkel grillmat i l\u00f8pet av dagen<\/li>\n\n\n\n<li>Andre m\u00e5ltider og utgifter er familien selv ansvarlige for<\/li>\n<\/ul>\n\n\n\n<h2 class=\"wp-block-heading\" id=\"h-forsikring\">Forsikring<\/h2>\n\n\n\n<p>Alle deltakere dekkes av Bl\u00e5 Kors egen gruppeforsikring. Deltakere b\u00f8r ogs\u00e5 ha sin egen reiseforsikring. <\/p>\n\n\n\n<h2 class=\"wp-block-heading\" id=\"h-pris\">Pris<\/h2>\n\n\n\n<p>Aktivitetsdagen er gratis, men transport til og fra Drammen dekkes selv. Vi setter opp buss tur\/retur Drammen togstasjon-Langedrag Naturpark.<\/p>\n\n\n\n<div style=\"text-align:center\"><\/div>\n\n\n\n\n\n<h2 class=\"wp-block-heading\" id=\"h-personvern\"><strong>Personvern<\/strong><\/h2>\n\n\n\n<p>Ved \u00e5 sende inn en s\u00f8knad til Bl\u00e5 Kors ferier, samtykker jeg i at Bl\u00e5 Kors ferier behandler mine opplysninger i tr\u00e5d med det som st\u00e5r i personvernerkl\u00e6ringen og gjeldende regelverk.<\/p>\n\n\n\n<div class=\"wp-block-buttons is-content-justification-center is-layout-flex wp-block-buttons-is-layout-flex\">\n<div class=\"wp-block-button is-style-primary\"><a class=\"wp-block-button__link\" href=\"https:\/\/www.blakors.no\/ferier\/personvernerklaering-ferier\/\">Personvernerkl\u00e6ring<\/a><\/div>\n<\/div>\n\n\n\n<p>Ved \u00e5 krysse av p\u00e5 hvilken m\u00e5lgruppe jeg definerer meg og min familie, s\u00e5 samtykker jeg i \u00e5 dele disse opplysningene med Bl\u00e5 Kors ferier. Ved \u00e5 oppgi mine allergier, samtykker jeg til at Bl\u00e5 Kors ferier behandler helseopplysninger om meg. Form\u00e5let med \u00e5 oppgi allergier, er at Bl\u00e5 Kors ferier kan legge til rette for \u00e5 servere trygge og helsebringende m\u00e5ltider og vurdere en passende ferie tilpasset mine behov. Alle personopplysninger blir behandlet trygt, og deles kun med utvalgte personer som trenger opplysningene for \u00e5 legge til rette for ferietilbudet. Informasjonen Bl\u00e5 Kors ferier samler inn, slettes n\u00e5r vi ikke lenger har bruk for de, eller n\u00e5r du trekker ditt samtykke for behandling av personopplysninger.<\/p>\n\n\n\n<div class=\"wp-block-buttons is-horizontal is-content-justification-center is-layout-flex wp-container-core-buttons-is-layout-499968f5 wp-block-buttons-is-layout-flex\">\n<div class=\"wp-block-button is-style-primary\"><a class=\"wp-block-button__link wp-element-button\" href=\"https:\/\/www.blakors.no\/ferier\/aktivitetsdag-langedrag\">Tilbake til toppen<\/a><\/div>\n<\/div>\n","protected":false},"excerpt":{"rendered":"<p>Vi arrangerer en dagstur til Langedrag Naturpark l\u00f8rdag 3. juni. S\u00f8knadsfristen for denne aktivitetsdagen er utg\u00e5tt (23. april 2023) Langedrag naturpark er en fjellg\u00e5rd hvor det bor ca 300 dyr fordelt p\u00e5 rundt 20 arter. G\u00e5rden ligger idyllisk til 1000 meter over havet i Nore og Uvdal. Her bor s\u00e6rnorske dyr som elg, reinsdyr og [&hellip;]<\/p>\n","protected":false},"author":36,"featured_media":3678,"parent":0,"menu_order":0,"comment_status":"closed","ping_status":"closed","template":"","meta":{"_acf_changed":false,"_relevanssi_hide_post":"","_relevanssi_hide_content":"","_relevanssi_pin_for_all":"","_relevanssi_pin_keywords":"","_relevanssi_unpin_keywords":"","_relevanssi_related_keywords":"","_relevanssi_related_include_ids":"","_relevanssi_related_exclude_ids":"","_relevanssi_related_no_append":"","_relevanssi_related_not_related":"","_relevanssi_related_posts":"1","_relevanssi_noindex_reason":"","_custom_cards_description":"","footnotes":""},"class_list":["post-3673","page","type-page","status-publish","has-post-thumbnail","hentry"],"acf":[],"_links":{"self":[{"href":"https:\/\/www.blakors.no\/ferier\/wp-json\/wp\/v2\/pages\/3673","targetHints":{"allow":["GET"]}}],"collection":[{"href":"https:\/\/www.blakors.no\/ferier\/wp-json\/wp\/v2\/pages"}],"about":[{"href":"https:\/\/www.blakors.no\/ferier\/wp-json\/wp\/v2\/types\/page"}],"author":[{"embeddable":true,"href":"https:\/\/www.blakors.no\/ferier\/wp-json\/wp\/v2\/users\/36"}],"replies":[{"embeddable":true,"href":"https:\/\/www.blakors.no\/ferier\/wp-json\/wp\/v2\/comments?post=3673"}],"version-history":[{"count":4,"href":"https:\/\/www.blakors.no\/ferier\/wp-json\/wp\/v2\/pages\/3673\/revisions"}],"predecessor-version":[{"id":3835,"href":"https:\/\/www.blakors.no\/ferier\/wp-json\/wp\/v2\/pages\/3673\/revisions\/3835"}],"wp:featuredmedia":[{"embeddable":true,"href":"https:\/\/www.blakors.no\/ferier\/wp-json\/wp\/v2\/media\/3678"}],"wp:attachment":[{"href":"https:\/\/www.blakors.no\/ferier\/wp-json\/wp\/v2\/media?parent=3673"}],"curies":[{"name":"wp","href":"https:\/\/api.w.org\/{rel}","templated":true}]}}