{"id":421,"date":"2020-06-09T11:11:04","date_gmt":"2020-06-09T09:11:04","guid":{"rendered":"https:\/\/www.blakors.no\/ferier\/?page_id=421"},"modified":"2021-12-17T11:06:32","modified_gmt":"2021-12-17T10:06:32","slug":"velkommen-til-kick-off-leir","status":"publish","type":"page","link":"https:\/\/www.blakors.no\/ferier\/velkommen-til-kick-off-leir\/","title":{"rendered":"Velkommen til Kick Off leir"},"content":{"rendered":"<div class=\"custom-block-banner alignwide contenthalf\"><div class=\"banner-image\" style=\"background-image:url(https:\/\/www.blakors.no\/content\/uploads\/sites\/10\/2020\/06\/Hove-leirsted-i-Arendal-II.jpg)\"><\/div><div class=\"banner-inner\"><div><h1 id=\"velkommen-til-kick-off-leir\"  class=\"title small \" >Velkommen til Kick Off leir<\/h1><p>I skolens h\u00f8stferie uke 40, dagene 30. september til 3. oktober 2020, arrangeres Kick Off leir for ungdommer (13-16 \u00e5r) p\u00e5 Hove leirsenter i Arendal.<\/p><\/div><\/div><\/div>\n\n\n<p><strong>Kick Off 2020 ble dessverre avlyst p\u00e5 grunn av Covid-19.<\/strong><\/p>\n\n\n\n<p>Dette er en rusfri leir hvor vi legger vekt p\u00e5 aktiviteter, grupper, fellessamlinger og samv\u00e6r. Leiren er en leir for ungdom som er opptatt av tema som handler om psykisk helse. Enten fordi man har egne utfordringer, eller at man har noen i n\u00e6re relasjoner som strever.<\/p>\n\n\n\n<h2 class=\"wp-block-heading\" id=\"h-m-lgruppe\">M\u00e5lgruppe<\/h2>\n\n\n\n<p>Prim\u00e6rm\u00e5lgruppen for deltakelse er ungdom fra hele Agder, i alderen 13-16 \u00e5r.<\/p>\n\n\n\n<h2 class=\"wp-block-heading\" id=\"h-aktiviteter\">Aktiviteter<\/h2>\n\n\n\n<p>Det vil bli mulighet for \u00e5 gj\u00f8re forskjellige aktiviteter innend\u00f8rs og utend\u00f8rs, som vi holder p\u00e5 \u00e5 forberede til dere. Noen av aktivitetene vil v\u00e6re for alle. Og p\u00e5 andre aktiviteter vil det v\u00e6re mulighet for valg mellom forskjellige tilbud eller velge bare \u00e5 slappe av og hygge seg sammen med andre.<\/p>\n\n\n\n<h2 class=\"wp-block-heading\" id=\"h-rom\">Rom<\/h2>\n\n\n\n<p>Ungdommene vil bo sammen med andre p\u00e5 4-mannsrom. Det er ikke mulighet for enkeltrom. Rommene er utstyrt med en madrass og en pute, s\u00e5 det er n\u00f8dvendig \u00e5 ta med seg senget\u00f8y, sovepose og h\u00e5ndkl\u00e6r. Pakkeliste og n\u00f8dvendig informasjon f\u00e5r dere beskjed om p\u00e5 foreldrem\u00f8tet i september.<\/p>\n\n\n\n<h2 class=\"wp-block-heading\" id=\"h-m-ltider\">M\u00e5ltider<\/h2>\n\n\n\n<p>Vi har med oss en kokk som vil st\u00e5 for alle fellesm\u00e5ltider (frokost, lunsj og middag). Innimellom fellesm\u00e5ltidene vil det bli satt fram snacks. Ungdommene er velkomne til \u00e5 ta med egen snacks, men energidrikk er ikke lov.<\/p>\n\n\n\n<h2 class=\"wp-block-heading\" id=\"h-foreldre-foresatte\">Foreldre\/foresatte<\/h2>\n\n\n\n<p>Foresatte m\u00e5 signere p\u00e5 en samtykke-erkl\u00e6ring for at ungdommen kan delta p\u00e5 leiren. Vi m\u00e5 ogs\u00e5 vite at foresatte er tilgjengelig gjennom uken dersom noe skulle oppst\u00e5 og ungdommen m\u00e5 hentes p\u00e5 Hove.<\/p>\n\n\n\n<p>Vi inviterer til foreldrem\u00f8te 14. september med mer informasjon til foreldre og deltakere i forkant av leiren. P\u00e5 dette m\u00f8tet er det <strong>oppm\u00f8teplikt<\/strong>.<\/p>\n\n\n\n<h2 class=\"wp-block-heading\" id=\"h-samarbeid\">Samarbeid<\/h2>\n\n\n\n<p>Leiren er et samarbeid mellom Avdeling for barn og unges psykiske helse (Abup), S\u00f8rlandet sykehus, Kristiansand kommune og Bl\u00e5 Kors ferier. Erfarne fagpersoner fra Abup og Kristiansand kommune er med som ledere p\u00e5 leiren.<\/p>\n\n\n\n<p>Er du usikker p\u00e5 om leiren er noe for deg? Ta kontakt for mer informasjon:<\/p>\n\n\n\n<ul class=\"wp-block-list\"><li>Ole Bj\u00f8rn Gautefall,<br>e-post: <a rel=\"noreferrer noopener\" aria-label=\"ole.bjorn.gautefall@kristiansand.kommune.no (opens in a new tab)\" href=\"mailto:ole.bjorn.gautefall@kristiansand.kommune.no\" target=\"_blank\">ole.bjorn.gautefall@kristiansand.kommune.no<\/a>, tlf: 906 39 242<\/li><li>Emil Andersen, tlf: 38 17 74 00<\/li><\/ul>\n\n\n\n<h4 class=\"wp-block-heading\" id=\"h-viktige-datoer\"><strong>Viktige datoer<\/strong><\/h4>\n\n\n\n<ul class=\"wp-block-list\"><li><strong>2. september<\/strong> &#8211; S\u00f8knadsfrist for p\u00e5melding<\/li><li><strong>4. september<\/strong> &#8211; Dato for tilbakemelding om evt. plass p\u00e5 leir<\/li><li><strong>14. september<\/strong> &#8211; Obligatorisk informasjonsm\u00f8te for foreldre og deltakere<\/li><li><strong>30. september \u2013 3. oktober<\/strong> &#8211; Tid for: <strong>Kick Off leir<\/strong> p\u00e5 Hove leirsenter<\/li><\/ul>\n\n\n\n<h2 class=\"wp-block-heading\" id=\"h-smittevern\"><strong>Smittevern<\/strong><\/h2>\n\n\n\n\n\n<h2 class=\"wp-block-heading\" id=\"h-personvern\"><strong>Personvern<\/strong><\/h2>\n\n\n\n<p>Jeg forst\u00e5r at det er en fullstendig personvernerkl\u00e6ring tilgjengelig nederst p\u00e5 nettsiden, og at jeg kan lese den hvis jeg \u00f8nsker.<br><br>Ved \u00e5 sende inn en s\u00f8knad, samtykker jeg i at Bl\u00e5 Kors ferier behandler mine opplysninger.<br>Ved \u00e5 krysse av p\u00e5 hvilken m\u00e5lgruppe jeg definerer meg og min familie, samtykker jeg i \u00e5 dele disse opplysningene med Bl\u00e5 Kors ferier.<\/p>\n\n\n\n<p><\/p>\n\n\n\n<div class=\"wp-block-buttons is-content-justification-center is-layout-flex wp-block-buttons-is-layout-flex\">\n<div class=\"wp-block-button is-style-primary\"><a class=\"wp-block-button__link\" href=\"https:\/\/www.blakors.no\/ferier\/personvernerklaering-ferier\/\">Personvernerkl\u00e6ring<\/a><\/div>\n<\/div>\n","protected":false},"excerpt":{"rendered":"<p>Kick Off 2020 ble dessverre avlyst p\u00e5 grunn av Covid-19. Dette er en rusfri leir hvor vi legger vekt p\u00e5 aktiviteter, grupper, fellessamlinger og samv\u00e6r. Leiren er en leir for ungdom som er opptatt av tema som handler om psykisk helse. Enten fordi man har egne utfordringer, eller at man har noen i n\u00e6re relasjoner [&hellip;]<\/p>\n","protected":false},"author":3,"featured_media":428,"parent":0,"menu_order":0,"comment_status":"closed","ping_status":"closed","template":"","meta":{"_acf_changed":false,"_relevanssi_hide_post":"","_relevanssi_hide_content":"","_relevanssi_pin_for_all":"","_relevanssi_pin_keywords":"","_relevanssi_unpin_keywords":"","_relevanssi_related_keywords":"","_relevanssi_related_include_ids":"","_relevanssi_related_exclude_ids":"","_relevanssi_related_no_append":"","_relevanssi_related_not_related":"","_relevanssi_related_posts":"1","_relevanssi_noindex_reason":"","_custom_cards_description":"","footnotes":""},"class_list":["post-421","page","type-page","status-publish","has-post-thumbnail","hentry"],"acf":[],"_links":{"self":[{"href":"https:\/\/www.blakors.no\/ferier\/wp-json\/wp\/v2\/pages\/421","targetHints":{"allow":["GET"]}}],"collection":[{"href":"https:\/\/www.blakors.no\/ferier\/wp-json\/wp\/v2\/pages"}],"about":[{"href":"https:\/\/www.blakors.no\/ferier\/wp-json\/wp\/v2\/types\/page"}],"author":[{"embeddable":true,"href":"https:\/\/www.blakors.no\/ferier\/wp-json\/wp\/v2\/users\/3"}],"replies":[{"embeddable":true,"href":"https:\/\/www.blakors.no\/ferier\/wp-json\/wp\/v2\/comments?post=421"}],"version-history":[{"count":29,"href":"https:\/\/www.blakors.no\/ferier\/wp-json\/wp\/v2\/pages\/421\/revisions"}],"predecessor-version":[{"id":2712,"href":"https:\/\/www.blakors.no\/ferier\/wp-json\/wp\/v2\/pages\/421\/revisions\/2712"}],"wp:featuredmedia":[{"embeddable":true,"href":"https:\/\/www.blakors.no\/ferier\/wp-json\/wp\/v2\/media\/428"}],"wp:attachment":[{"href":"https:\/\/www.blakors.no\/ferier\/wp-json\/wp\/v2\/media?parent=421"}],"curies":[{"name":"wp","href":"https:\/\/api.w.org\/{rel}","templated":true}]}}

<div class="custom-block-banner alignwide contenthalf"><div class="banner-image" style="background-image:url(https://www.blakors.no/content/uploads/sites/10/2020/06/Hove-leirsted-i-Arendal-II.jpg)"></div><div class="banner-inner"><div><h1 id="velkommen-til-kick-off-leir"  class="title small " >Velkommen til Kick Off leir</h1><p>I skolens høstferie uke 40, dagene 30. september til 3. oktober 2020, arrangeres Kick Off leir for ungdommer (13-16 år) på Hove leirsenter i Arendal.</p></div></div></div>


<p><strong>Kick Off 2020 ble dessverre avlyst på grunn av Covid-19.</strong></p>



<p>Dette er en rusfri leir hvor vi legger vekt på aktiviteter, grupper, fellessamlinger og samvær. Leiren er en leir for ungdom som er opptatt av tema som handler om psykisk helse. Enten fordi man har egne utfordringer, eller at man har noen i nære relasjoner som strever.</p>



<h2 class="wp-block-heading" id="h-m-lgruppe">Målgruppe</h2>



<p>Primærmålgruppen for deltakelse er ungdom fra hele Agder, i alderen 13-16 år.</p>



<h2 class="wp-block-heading" id="h-aktiviteter">Aktiviteter</h2>



<p>Det vil bli mulighet for å gjøre forskjellige aktiviteter innendørs og utendørs, som vi holder på å forberede til dere. Noen av aktivitetene vil være for alle. Og på andre aktiviteter vil det være mulighet for valg mellom forskjellige tilbud eller velge bare å slappe av og hygge seg sammen med andre.</p>



<h2 class="wp-block-heading" id="h-rom">Rom</h2>



<p>Ungdommene vil bo sammen med andre på 4-mannsrom. Det er ikke mulighet for enkeltrom. Rommene er utstyrt med en madrass og en pute, så det er nødvendig å ta med seg sengetøy, sovepose og håndklær. Pakkeliste og nødvendig informasjon får dere beskjed om på foreldremøtet i september.</p>



<h2 class="wp-block-heading" id="h-m-ltider">Måltider</h2>



<p>Vi har med oss en kokk som vil stå for alle fellesmåltider (frokost, lunsj og middag). Innimellom fellesmåltidene vil det bli satt fram snacks. Ungdommene er velkomne til å ta med egen snacks, men energidrikk er ikke lov.</p>



<h2 class="wp-block-heading" id="h-foreldre-foresatte">Foreldre/foresatte</h2>



<p>Foresatte må signere på en samtykke-erklæring for at ungdommen kan delta på leiren. Vi må også vite at foresatte er tilgjengelig gjennom uken dersom noe skulle oppstå og ungdommen må hentes på Hove.</p>



<p>Vi inviterer til foreldremøte 14. september med mer informasjon til foreldre og deltakere i forkant av leiren. På dette møtet er det <strong>oppmøteplikt</strong>.</p>



<h2 class="wp-block-heading" id="h-samarbeid">Samarbeid</h2>



<p>Leiren er et samarbeid mellom Avdeling for barn og unges psykiske helse (Abup), Sørlandet sykehus, Kristiansand kommune og Blå Kors ferier. Erfarne fagpersoner fra Abup og Kristiansand kommune er med som ledere på leiren.</p>



<p>Er du usikker på om leiren er noe for deg? Ta kontakt for mer informasjon:</p>



<ul class="wp-block-list"><li>Ole Bjørn Gautefall,<br>e-post: <a rel="noreferrer noopener" aria-label="ole.bjorn.gautefall@kristiansand.kommune.no (opens in a new tab)" href="mailto:ole.bjorn.gautefall@kristiansand.kommune.no" target="_blank">ole.bjorn.gautefall@kristiansand.kommune.no</a>, tlf: 906 39 242</li><li>Emil Andersen, tlf: 38 17 74 00</li></ul>



<h4 class="wp-block-heading" id="h-viktige-datoer"><strong>Viktige datoer</strong></h4>



<ul class="wp-block-list"><li><strong>2. september</strong> &#8211; Søknadsfrist for påmelding</li><li><strong>4. september</strong> &#8211; Dato for tilbakemelding om evt. plass på leir</li><li><strong>14. september</strong> &#8211; Obligatorisk informasjonsmøte for foreldre og deltakere</li><li><strong>30. september – 3. oktober</strong> &#8211; Tid for: <strong>Kick Off leir</strong> på Hove leirsenter</li></ul>



<h2 class="wp-block-heading" id="h-smittevern"><strong>Smittevern</strong></h2>





<h2 class="wp-block-heading" id="h-personvern"><strong>Personvern</strong></h2>



<p>Jeg forstår at det er en fullstendig personvernerklæring tilgjengelig nederst på nettsiden, og at jeg kan lese den hvis jeg ønsker.<br><br>Ved å sende inn en søknad, samtykker jeg i at Blå Kors ferier behandler mine opplysninger.<br>Ved å krysse av på hvilken målgruppe jeg definerer meg og min familie, samtykker jeg i å dele disse opplysningene med Blå Kors ferier.</p>



<p></p>



<div class="wp-block-buttons is-content-justification-center is-layout-flex wp-block-buttons-is-layout-flex">
<div class="wp-block-button is-style-primary"><a class="wp-block-button__link" href="https://www.blakors.no/ferier/personvernerklaering-ferier/">Personvernerklæring</a></div>
</div>

<p>Kick Off 2020 ble dessverre avlyst på grunn av Covid-19. Dette er en rusfri leir hvor vi legger vekt på aktiviteter, grupper, fellessamlinger og samvær. Leiren er en leir for ungdom som er opptatt av tema som handler om psykisk helse. Enten fordi man har egne utfordringer, eller at man har noen i nære relasjoner [&hellip;]</p>
