{"id":561,"date":"2020-08-27T20:52:28","date_gmt":"2020-08-27T18:52:28","guid":{"rendered":"https:\/\/www.blakors.no\/ferier\/?page_id=561"},"modified":"2024-08-12T10:47:46","modified_gmt":"2024-08-12T08:47:46","slug":"hostferie-pa-hallingdal-feriepark","status":"publish","type":"page","link":"https:\/\/www.blakors.no\/ferier\/hostferie-pa-hallingdal-feriepark\/","title":{"rendered":"H\u00f8stferie p\u00e5 Hallingdal Feriepark"},"content":{"rendered":"<div class=\"custom-block-banner alignwide contenthalf\"><div class=\"banner-image\" style=\"background-image:url(https:\/\/www.blakors.no\/content\/uploads\/sites\/10\/2020\/08\/Hallingdal-Feriepark.jpg)\"><\/div><div class=\"banner-inner\"><div><h1 id=\"hostferie-pa-hallingdal-feriepark\"  class=\"title small \" >H\u00f8stferie p\u00e5 Hallingdal Feriepark<\/h1><p>Langweekend i h\u00f8stferien p\u00e5 flotte Hallingdal Feriepark.\r\nDu kan s\u00f8ke om hytte fra torsdag 1. oktober &#8211; s\u00f8ndag 4. oktober.<\/p><\/div><\/div><\/div>\n\n\n<p><strong>S\u00f8knadsfristen for denne ferien har n\u00e5 g\u00e5tt ut.<\/strong><\/p>\n\n\n\n<p>N\u00e5 har du mulighet for \u00e5 s\u00f8ke om langweekend i 6-mannshytte p\u00e5 Hallingdal Feriepark&nbsp;ved vakre \u00c5l i Hallingdal.&nbsp; Oppholdet vil v\u00e6re fra torsdag 1. oktober til s\u00f8ndag 4. oktober.&nbsp;Hele ferieparken er full av aktiviteter for barn i alle aldre!&nbsp;<\/p>\n\n\n\n<p>H\u00f8yt&amp;Lavt&nbsp;klatrepark med&nbsp;zip-lines og \u00d8rnestupet &laquo;fritt fall&raquo; fra 12 meter, Hallingkastet vertikale lekepark,&nbsp;Hurramegrundt&nbsp;innend\u00f8rs lekeland, 4H-g\u00e5rd med dyr og traktorkj\u00f8ring, aktivitetsl\u00f8yper, ballspill, fiske, kanopadling, sykling, show osv&#8230;&nbsp;<\/p>\n\n\n\n<h2 class=\"wp-block-heading\" id=\"h-litt-om-stedet\">Litt om stedet<\/h2>\n\n\n\n<p>Noen av aktivitetene er ikke inkludert i denne ferien og m\u00e5 kj\u00f8pes av hver enkelt familie.<\/p>\n\n\n\n<p>Hyttene er p\u00e5 42 kvm med 2 soverom; ett med dobbeltseng og ett med to&nbsp;k\u00f8yesenger. Hyttene har hems&nbsp;p\u00e5 13 kvm. Romslig bad med varmekabler og dusj, moderne kj\u00f8kken med oppvaskmaskin og utstyr for 6 personer.&nbsp;<\/p>\n\n\n\n<p>Trivelig oppholdsrom med flislagt gulv og varmekabler, samt store vinduer med panoramautsikt over elven. Blir kvelden litt kj\u00f8lig, er det bare \u00e5 fyre opp i&nbsp;vedpeisen&nbsp;for&nbsp;ekstrakos! (Ved er ikke inkludert. Kan medbringes eller kj\u00f8pes) <\/p>\n\n\n\n<p>Kabel-TV og&nbsp;WiFi&nbsp;er inkludert. De fleste hyttene har parkering rett utenfor hytta.&nbsp;<\/p>\n\n\n\n<h2 class=\"wp-block-heading\" id=\"h-selvstendig-ferie\">Selvstendig ferie<\/h2>\n\n\n\n<p>Oppholdet p\u00e5 Hallingdal Feriepark er lagt opp som en selvstendig ferie og passer for de som \u00f8nsker \u00e5 feriere sammen med sin familie og ordner m\u00e5ltider, aktiviteter, og transport selv.&nbsp;<\/p>\n\n\n\n<p>For mer informasjon eller ytterligere sp\u00f8rsm\u00e5l ta kontakt med Hjerterom-koordinator i Bl\u00e5 Kors ferier, Carina Klungland, p\u00e5 telefon 924 60 305 eller e-post: <a rel=\"noreferrer noopener\" href=\"mailto:carina.klungland@blakors.no\" target=\"_blank\">carina.klungland@blakors.no<\/a>.<\/p>\n\n\n\n<p><strong>S\u00f8knadsfrist: <\/strong>6. september<\/p>\n\n\n\n<h2 class=\"wp-block-heading\" id=\"h-adresse-til-hallingdal-feriepark\">Adresse til Hallingdal Feriepark<\/h2>\n\n\n\n<p>Myrovegen&nbsp;15, 3570 \u00c5L&nbsp;<\/p>\n\n\n\n<h2 class=\"wp-block-heading\" id=\"h-inkludert\">Inkludert:<\/h2>\n\n\n\n<p>Overnatting p\u00e5 egen hytte i 3 d\u00f8gn, torsdag 1. oktober &#8211; s\u00f8ndag 4. oktober.&nbsp;<\/p>\n\n\n\n<h2 class=\"wp-block-heading\" id=\"h-forsikring\">Forsikring<\/h2>\n\n\n\n<p>Deltakere m\u00e5 ha egen reiseforsikring.&nbsp;<\/p>\n\n\n\n<h2 class=\"wp-block-heading\" id=\"h-pris\">Pris<\/h2>\n\n\n\n<p><strong>Hyttene p\u00e5 Hallingdal Feriepark er gratis.<\/strong>&nbsp;Familiene betaler selv for m\u00e5ltider, aktiviteter og transport.<\/p>\n\n\n\n<h2 class=\"wp-block-heading\" id=\"h-smittevern\">Smittevern<\/h2>\n\n\n\n\n\n<h2 class=\"wp-block-heading\" id=\"h-personvern\">Personvern<\/h2>\n\n\n\n<p>Jeg forst\u00e5r at det er en fullstendig personvernerkl\u00e6ring tilgjengelig nederst p\u00e5 nettsiden, og at jeg kan lese den hvis jeg \u00f8nsker.<br><br>Ved \u00e5 sende inn en s\u00f8knad, samtykker jeg i at Bl\u00e5 Kors ferier behandler mine opplysninger.<br>Ved \u00e5 krysse av p\u00e5 hvilken m\u00e5lgruppe jeg definerer meg og min familie, samtykker jeg i \u00e5 dele disse opplysningene med Bl\u00e5 Kors ferier.<\/p>\n\n\n\n<p>Ved \u00e5 oppgi mine allergier, bidrar jeg til at Bl\u00e5 Kors ferier kan legge til rette for \u00e5 servere trygge\/ helsebringende m\u00e5ltider, og jeg samtykker i \u00e5 dele disse helseopplysningene med Bl\u00e5 Kors ferier.<\/p>\n\n\n\n<div class=\"wp-block-buttons is-horizontal is-content-justification-center is-layout-flex wp-container-core-buttons-is-layout-499968f5 wp-block-buttons-is-layout-flex\">\n<div class=\"wp-block-button is-style-primary\"><a class=\"wp-block-button__link wp-element-button\" href=\"https:\/\/www.blakors.no\/ferier\/personvernerklaering-ferier\/\">Personvernerkl\u00e6ring<\/a><\/div>\n<\/div>\n\n\n\n<p><\/p>\n","protected":false},"excerpt":{"rendered":"<p>S\u00f8knadsfristen for denne ferien har n\u00e5 g\u00e5tt ut. N\u00e5 har du mulighet for \u00e5 s\u00f8ke om langweekend i 6-mannshytte p\u00e5 Hallingdal Feriepark&nbsp;ved vakre \u00c5l i Hallingdal.&nbsp; Oppholdet vil v\u00e6re fra torsdag 1. oktober til s\u00f8ndag 4. oktober.&nbsp;Hele ferieparken er full av aktiviteter for barn i alle aldre!&nbsp; H\u00f8yt&amp;Lavt&nbsp;klatrepark med&nbsp;zip-lines og \u00d8rnestupet &laquo;fritt fall&raquo; fra 12 [&hellip;]<\/p>\n","protected":false},"author":26,"featured_media":407,"parent":0,"menu_order":0,"comment_status":"closed","ping_status":"closed","template":"","meta":{"_acf_changed":false,"_relevanssi_hide_post":"","_relevanssi_hide_content":"","_relevanssi_pin_for_all":"","_relevanssi_pin_keywords":"","_relevanssi_unpin_keywords":"","_relevanssi_related_keywords":"","_relevanssi_related_include_ids":"","_relevanssi_related_exclude_ids":"","_relevanssi_related_no_append":"","_relevanssi_related_not_related":"","_relevanssi_related_posts":"1","_relevanssi_noindex_reason":"","_custom_cards_description":"","footnotes":""},"class_list":["post-561","page","type-page","status-publish","has-post-thumbnail","hentry"],"acf":[],"_links":{"self":[{"href":"https:\/\/www.blakors.no\/ferier\/wp-json\/wp\/v2\/pages\/561","targetHints":{"allow":["GET"]}}],"collection":[{"href":"https:\/\/www.blakors.no\/ferier\/wp-json\/wp\/v2\/pages"}],"about":[{"href":"https:\/\/www.blakors.no\/ferier\/wp-json\/wp\/v2\/types\/page"}],"author":[{"embeddable":true,"href":"https:\/\/www.blakors.no\/ferier\/wp-json\/wp\/v2\/users\/26"}],"replies":[{"embeddable":true,"href":"https:\/\/www.blakors.no\/ferier\/wp-json\/wp\/v2\/comments?post=561"}],"version-history":[{"count":5,"href":"https:\/\/www.blakors.no\/ferier\/wp-json\/wp\/v2\/pages\/561\/revisions"}],"predecessor-version":[{"id":4614,"href":"https:\/\/www.blakors.no\/ferier\/wp-json\/wp\/v2\/pages\/561\/revisions\/4614"}],"wp:featuredmedia":[{"embeddable":true,"href":"https:\/\/www.blakors.no\/ferier\/wp-json\/wp\/v2\/media\/407"}],"wp:attachment":[{"href":"https:\/\/www.blakors.no\/ferier\/wp-json\/wp\/v2\/media?parent=561"}],"curies":[{"name":"wp","href":"https:\/\/api.w.org\/{rel}","templated":true}]}}

Høstferie på Hallingdal Feriepark

<div class="custom-block-banner alignwide contenthalf"><div class="banner-image" style="background-image:url(https://www.blakors.no/content/uploads/sites/10/2020/08/Hallingdal-Feriepark.jpg)"></div><div class="banner-inner"><div><h1 id="hostferie-pa-hallingdal-feriepark"  class="title small " >Høstferie på Hallingdal Feriepark</h1><p>Langweekend i høstferien på flotte Hallingdal Feriepark.
Du kan søke om hytte fra torsdag 1. oktober &#8211; søndag 4. oktober.</p></div></div></div>


<p><strong>Søknadsfristen for denne ferien har nå gått ut.</strong></p>



<p>Nå har du mulighet for å søke om langweekend i 6-mannshytte på Hallingdal Feriepark&nbsp;ved vakre Ål i Hallingdal.&nbsp; Oppholdet vil være fra torsdag 1. oktober til søndag 4. oktober.&nbsp;Hele ferieparken er full av aktiviteter for barn i alle aldre!&nbsp;</p>



<p>Høyt&amp;Lavt&nbsp;klatrepark med&nbsp;zip-lines og Ørnestupet &laquo;fritt fall&raquo; fra 12 meter, Hallingkastet vertikale lekepark,&nbsp;Hurramegrundt&nbsp;innendørs lekeland, 4H-gård med dyr og traktorkjøring, aktivitetsløyper, ballspill, fiske, kanopadling, sykling, show osv&#8230;&nbsp;</p>



<h2 class="wp-block-heading" id="h-litt-om-stedet">Litt om stedet</h2>



<p>Noen av aktivitetene er ikke inkludert i denne ferien og må kjøpes av hver enkelt familie.</p>



<p>Hyttene er på 42 kvm med 2 soverom; ett med dobbeltseng og ett med to&nbsp;køyesenger. Hyttene har hems&nbsp;på 13 kvm. Romslig bad med varmekabler og dusj, moderne kjøkken med oppvaskmaskin og utstyr for 6 personer.&nbsp;</p>



<p>Trivelig oppholdsrom med flislagt gulv og varmekabler, samt store vinduer med panoramautsikt over elven. Blir kvelden litt kjølig, er det bare å fyre opp i&nbsp;vedpeisen&nbsp;for&nbsp;ekstrakos! (Ved er ikke inkludert. Kan medbringes eller kjøpes) </p>



<p>Kabel-TV og&nbsp;WiFi&nbsp;er inkludert. De fleste hyttene har parkering rett utenfor hytta.&nbsp;</p>



<h2 class="wp-block-heading" id="h-selvstendig-ferie">Selvstendig ferie</h2>



<p>Oppholdet på Hallingdal Feriepark er lagt opp som en selvstendig ferie og passer for de som ønsker å feriere sammen med sin familie og ordner måltider, aktiviteter, og transport selv.&nbsp;</p>



<p>For mer informasjon eller ytterligere spørsmål ta kontakt med Hjerterom-koordinator i Blå Kors ferier, Carina Klungland, på telefon 924 60 305 eller e-post: <a rel="noreferrer noopener" href="mailto:carina.klungland@blakors.no" target="_blank">carina.klungland@blakors.no</a>.</p>



<p><strong>Søknadsfrist: </strong>6. september</p>



<h2 class="wp-block-heading" id="h-adresse-til-hallingdal-feriepark">Adresse til Hallingdal Feriepark</h2>



<p>Myrovegen&nbsp;15, 3570 ÅL&nbsp;</p>



<h2 class="wp-block-heading" id="h-inkludert">Inkludert:</h2>



<p>Overnatting på egen hytte i 3 døgn, torsdag 1. oktober &#8211; søndag 4. oktober.&nbsp;</p>



<h2 class="wp-block-heading" id="h-forsikring">Forsikring</h2>



<p>Deltakere må ha egen reiseforsikring.&nbsp;</p>



<h2 class="wp-block-heading" id="h-pris">Pris</h2>



<p><strong>Hyttene på Hallingdal Feriepark er gratis.</strong>&nbsp;Familiene betaler selv for måltider, aktiviteter og transport.</p>



<h2 class="wp-block-heading" id="h-smittevern">Smittevern</h2>





<h2 class="wp-block-heading" id="h-personvern">Personvern</h2>



<p>Jeg forstår at det er en fullstendig personvernerklæring tilgjengelig nederst på nettsiden, og at jeg kan lese den hvis jeg ønsker.<br><br>Ved å sende inn en søknad, samtykker jeg i at Blå Kors ferier behandler mine opplysninger.<br>Ved å krysse av på hvilken målgruppe jeg definerer meg og min familie, samtykker jeg i å dele disse opplysningene med Blå Kors ferier.</p>



<p>Ved å oppgi mine allergier, bidrar jeg til at Blå Kors ferier kan legge til rette for å servere trygge/ helsebringende måltider, og jeg samtykker i å dele disse helseopplysningene med Blå Kors ferier.</p>



<div class="wp-block-buttons is-horizontal is-content-justification-center is-layout-flex wp-container-core-buttons-is-layout-499968f5 wp-block-buttons-is-layout-flex">
<div class="wp-block-button is-style-primary"><a class="wp-block-button__link wp-element-button" href="https://www.blakors.no/ferier/personvernerklaering-ferier/">Personvernerklæring</a></div>
</div>



<p></p>

<p>Søknadsfristen for denne ferien har nå gått ut. Nå har du mulighet for å søke om langweekend i 6-mannshytte på Hallingdal Feriepark&nbsp;ved vakre Ål i Hallingdal.&nbsp; Oppholdet vil være fra torsdag 1. oktober til søndag 4. oktober.&nbsp;Hele ferieparken er full av aktiviteter for barn i alle aldre!&nbsp; Høyt&amp;Lavt&nbsp;klatrepark med&nbsp;zip-lines og Ørnestupet &laquo;fritt fall&raquo; fra 12 [&hellip;]</p>
