{"id":6146,"date":"2026-02-24T14:03:15","date_gmt":"2026-02-24T13:03:15","guid":{"rendered":"https:\/\/www.blakors.no\/ferier\/?page_id=6146"},"modified":"2026-05-04T08:49:29","modified_gmt":"2026-05-04T06:49:29","slug":"hjerterom-hotellweekend","status":"publish","type":"page","link":"https:\/\/www.blakors.no\/ferier\/hjerterom-hotellweekend\/","title":{"rendered":"Hjerterom: Hotellweekend i Stj\u00f8rdal eller Kristiansand"},"content":{"rendered":"<div class=\"custom-block-banner alignwide has-background has-green-light-background-color contenthalf\"><div class=\"banner-image\" style=\"background-image:url(https:\/\/www.blakors.no\/content\/uploads\/sites\/10\/2022\/06\/facade-quality-airport-vaernes-hotel-stjordal.jpg)\"><\/div><div class=\"banner-inner\"><div><h1 id=\"hjerterom-hotellweekend-i-stjordal-eller-kristiansand\"  class=\"title small \" >Hjerterom: Hotellweekend i Stj\u00f8rdal eller Kristiansand<\/h1><p>Mulighet for hotellweekend med familien. <\/p><\/div><\/div><\/div>\n\n\n<h3 id=\"soknadsfrist-utgatt\"  class=\"wp-block-heading has-text-align-center\" ><strong>S\u00f8knadsfrist: utg\u00e5tt<\/strong><\/h3>\n\n\n\n<p>Bl\u00e5 Kors ferier har v\u00e6rt s\u00e5 heldige \u00e5 f\u00e5 muligheten til \u00e5 gi bort hotellweekender gjennom \u00e5ret p\u00e5 to fine hotell som vi har et samarbeid med.<\/p>\n\n\n\n<p>Felles for alle weekendene er opphold to netter i familierom med inntil fire sengeplasser.<\/p>\n\n\n\n<p>Oppholdet er lagt opp som en selvstendig ferie, hvor hver familie selv bestemmer hva de \u00f8nsker \u00e5 bruke tiden p\u00e5. Frokost er inkludert, men andre m\u00e5ltider og aktiviteter er ikke inkludert i hotellweekenden med mindre annet er oppgitt.<\/p>\n\n\n\n<h3 id=\"disse-flotte-hotellene-gir-bort-weekender-til-oss\"  class=\"wp-block-heading has-text-align-center\" ><strong>Disse flotte hotellene gir bort weekender til oss<\/strong><\/h3>\n\n\n\n<div class=\"wp-block-media-text is-stacked-on-mobile\"><figure class=\"wp-block-media-text__media\"><img loading=\"lazy\" decoding=\"async\" width=\"1024\" height=\"682\" src=\"https:\/\/www.blakors.no\/content\/uploads\/sites\/10\/2020\/05\/107665818-1024x682.jpg\" alt=\"Bilde av fremsiden til hotell Scandic S\u00f8rlandet\" class=\"wp-image-335 size-full\" srcset=\"https:\/\/www.blakors.no\/content\/uploads\/sites\/10\/2020\/05\/107665818-1024x682.jpg 1024w, https:\/\/www.blakors.no\/content\/uploads\/sites\/10\/2020\/05\/107665818-300x200.jpg 300w, https:\/\/www.blakors.no\/content\/uploads\/sites\/10\/2020\/05\/107665818-768x512.jpg 768w, https:\/\/www.blakors.no\/content\/uploads\/sites\/10\/2020\/05\/107665818.jpg 1280w\" sizes=\"auto, (max-width: 1024px) 100vw, 1024px\" \/><\/figure><div class=\"wp-block-media-text__content\">\n<p><strong>Scandic S\u00f8rlandet, Kristiansand<\/strong><\/p>\n\n\n\n<p>Hotellet ligger sentralt til i S\u00f8rlandsparken utenfor Kristiansand med g\u00e5avstand til S\u00f8rlandsenteret, lekeland og Dyreparken. Her er ogs\u00e5 et utend\u00f8rsbasseng som er \u00e5pent sommertid.<br><\/p>\n\n\n\n<p>Hotellet tilbyr weekender i mai, juni, og september.<\/p>\n<\/div><\/div>\n\n\n\n<div class=\"wp-block-media-text has-media-on-the-right is-stacked-on-mobile\"><div class=\"wp-block-media-text__content\">\n<p><strong>Quality Airport Hotel V\u00e6rnes, Stj\u00f8rdal<\/strong><\/p>\n\n\n\n<p>Hotellet ligger i umiddelbar n\u00e6rhet til Stj\u00f8rdal sentrum med en morsom lekeplass i Kimen-parken, samt muligheter for kulturelle opplevelser\/kino\/bibliotek i Kimen kulturhus.<br><\/p>\n\n\n\n<p>Hotellet tilbyr weekender i juli, september og oktober.<\/p>\n<\/div><figure class=\"wp-block-media-text__media\"><img loading=\"lazy\" decoding=\"async\" width=\"1024\" height=\"570\" src=\"https:\/\/www.blakors.no\/content\/uploads\/sites\/10\/2022\/06\/facade-quality-airport-vaernes-hotel-stjordal.jpg\" alt=\"\" class=\"wp-image-3233 size-full\" srcset=\"https:\/\/www.blakors.no\/content\/uploads\/sites\/10\/2022\/06\/facade-quality-airport-vaernes-hotel-stjordal.jpg 1024w, https:\/\/www.blakors.no\/content\/uploads\/sites\/10\/2022\/06\/facade-quality-airport-vaernes-hotel-stjordal-300x167.jpg 300w, https:\/\/www.blakors.no\/content\/uploads\/sites\/10\/2022\/06\/facade-quality-airport-vaernes-hotel-stjordal-768x428.jpg 768w\" sizes=\"auto, (max-width: 1024px) 100vw, 1024px\" \/><\/figure><\/div>\n\n\n\n<p class=\"has-text-align-left\">For&nbsp;<strong>mer informasjon<\/strong>&nbsp;ta kontakt med Hjerterom-koordinator i Bl\u00e5 Kors ferier, Carina Klungland, p\u00e5 telefon 924 60 305 eller e-post:&nbsp;<a href=\"mailto:carina.klungland@blakorskrs.no\" target=\"_blank\" rel=\"noreferrer noopener\">carina.klungland@blakorskrs.no<\/a>.<\/p>\n\n\n\n<p class=\"has-text-align-center\">Vi har samlet noen vanlige sp\u00f8rsm\u00e5l og svar p\u00e5 <a href=\"https:\/\/www.blakors.no\/ferier\/sporsmal-og-svar\/\" target=\"_blank\" data-type=\"page\" data-id=\"4431\" rel=\"noreferrer noopener\">denne siden<\/a>!<\/p>\n\n\n\n<h3 id=\"soknadsfrist-utgatt\"  class=\"wp-block-heading has-text-align-center\" ><strong>S\u00f8knadsfrist: utg\u00e5tt<\/strong><\/h3>\n\n\n\n<p class=\"has-text-align-center\"><\/p>\n\n\n\n<h2 id=\"dette-lurer-du-kanskje-pa\"  class=\"wp-block-heading has-text-align-center\" >Dette lurer du kanskje p\u00e5<\/h2>\n\n\n\n<div class=\"wp-block-group is-layout-grid wp-container-core-group-is-layout-9649a0d9 wp-block-group-is-layout-grid\">\n<div class=\"wp-block-group wp-container-content-e29552f7 is-layout-grid wp-container-core-group-is-layout-9649a0d9 wp-block-group-is-layout-grid\">\n<div class=\"custom-block-factbox has-background has-blue-light-background-color wp-container-content-e29552f7\">\n\t<p><strong>Pris<\/strong><\/p>\n<p>Overnatting er <strong>gratis<\/strong>, men transport, m\u00e5ltider og andre utgifter m\u00e5 familien ordne selv<\/p>\n<\/div>\n<\/div>\n\n\n\n<div class=\"wp-block-group is-layout-constrained wp-block-group-is-layout-constrained\">\n<div class=\"custom-block-factbox has-background has-pink-light-background-color\">\n\t<p><strong>Forsikring<\/strong><\/p>\n<p>Alle gjester m\u00e5 ha egen reiseforsikring<\/p>\n<\/div>\n<\/div>\n\n\n\n<div class=\"custom-block-factbox has-background has-green-light-background-color wp-container-content-5f80b302\">\n\t<p><strong>Inkludert i oppholdet<\/strong><\/p>\n<ul>\n<li>Overnattingen p\u00e5 hotellet fredag til s\u00f8ndag.<\/li>\n<li>Frokost l\u00f8rdag og s\u00f8ndag<\/li>\n<li>Andre utgifter utover det m\u00e5 dekkes selv<\/li>\n<\/ul>\n<\/div>\n<\/div>\n\n\n\n<p class=\"has-text-align-center\"><\/p>\n\n\n\n\t\t<div class=\"wp-block-blakors-expanding-fact-box is-style-default wp-block-blakors-expanding-fact-box is-style-default wp-block-blakors-expanding-fact-box has-background has-blue-light-background-color\">\n\t\t\t<h3 id=\"hvem-far-vaere-med-bla-kors-ferier\"  class=\"blakors-fact-box__title\" >Hvem f\u00e5r v\u00e6re med Bl\u00e5 Kors ferier<\/h3>\n\t\t\t<div class=\"blakors-fact-box__content\">\n\t\t\t\t\n\n<p class=\"has-text-align-left has-blue-light-background-color has-background\">Alle som fyller ut s\u00f8knadsskjemaet og som er i m\u00e5lgruppen for tiltaket (dvs. har utfordringer relatert til psykisk helse, rus eller \u00f8konomi) er kvalifiserte til \u00e5 v\u00e6re med p\u00e5 ferie med Bl\u00e5 Kors ferier. Det er ikke behov for anbefaling fra Nav, barnevernstjeneste, eller lignende. Det er heller ikke krav til at barna m\u00e5 v\u00e6re i barneskolealder. Det er ikke tillatt \u00e5 ha med kj\u00e6ledyr p\u00e5 organiserte ferier med Bl\u00e5 Kors ferier.<\/p>\n\n\n\n<p>Bl\u00e5 Kors ferier opplever enorm p\u00e5gang og har ikke mulighet til \u00e5 gi et ferietilbud til alle som s\u00f8ker. Vi venter til etter s\u00f8knadsfrist med \u00e5 tildele feriene og \u00f8nsker at de som ikke tidligere har f\u00e5tt et tilbud, enten med oss, eller andre akt\u00f8rer skal f\u00e5 en mulighet f\u00f8rst. Derfor sp\u00f8r vi alltid om familien har v\u00e6rt med p\u00e5 en annen ferie, f\u00f8r vi gir mulighet til \u00e5 v\u00e6re med p\u00e5 ferie med Bl\u00e5 Kors ferier. <\/p>\n\n\n\n<p>Det er mange som opplever \u00e5 f\u00e5 gjentatte avslag p\u00e5 s\u00f8knadene sine. Dette er dessverre helt normalt, og betyr ikke at s\u00f8knaden ikke er godkjent. Det betyr kun at det ikke var plass til din familien p\u00e5 denne ferien, og vi kan ikke annet enn beklage. Vi anbefaler \u00e5 fortsette med \u00e5 s\u00f8ke, s\u00e5 vil det forh\u00e5pentligvis bli deres tur ogs\u00e5 til slutt.<\/p>\n\n\n\n<p>I henhold til Personvernregelverket oppbevarer vi ikke opplysninger om s\u00f8kere lenger enn n\u00f8dvendig.<\/p>\n\n\n\t\t\t<\/div>\n\t\t\t<div class=\"blakors-fact-box__toggle\">\n\t\t\t\t<button class=\"blakors-fact-box__button\"><svg xmlns=\"http:\/\/www.w3.org\/2000\/svg\" viewBox=\"0 0 17.367 17.367\"><path d=\"M0-8.684v-2.133H13.2L7.16-16.91l1.523-1.523L17.367-9.75,8.684-1.066,7.109-2.59,13.2-8.684Z\" transform=\"translate(0 18.434)\" \/><\/svg><\/button>\n\t\t\t<\/div>\n\t\t<\/div>\n\n\n<h2 class=\"wp-block-heading has-text-align-center\" id=\"h-personvern\"><strong>Personvern<\/strong><\/h2>\n\n\n\n<p>Ved \u00e5 sende inn en s\u00f8knad til Bl\u00e5 Kors ferier, samtykker jeg i at Bl\u00e5 Kors ferier behandler mine opplysninger i tr\u00e5d med det som st\u00e5r i personvernerkl\u00e6ringen og gjeldende regelverk.<\/p>\n\n\n\n<div class=\"wp-block-buttons is-content-justification-center is-layout-flex wp-block-buttons-is-layout-flex\">\n<div class=\"wp-block-button is-style-primary\"><a class=\"wp-block-button__link\" href=\"https:\/\/www.blakors.no\/ferier\/personvernerklaering-ferier\/\">Personvernerkl\u00e6ring<\/a><\/div>\n<\/div>\n\n\n\n<p class=\"has-text-align-center\"><\/p>\n\n\n\n<p>Ved \u00e5 krysse av p\u00e5 hvilken m\u00e5lgruppe jeg definerer meg og min familie, s\u00e5 samtykker jeg i \u00e5 dele disse opplysningene med Bl\u00e5 Kors ferier. Ved \u00e5 oppgi mine allergier, samtykker jeg til at Bl\u00e5 Kors ferier behandler helseopplysninger om meg. Form\u00e5let med \u00e5 oppgi allergier, er at Bl\u00e5 Kors ferier kan legge til rette for \u00e5 servere trygge og helsebringende m\u00e5ltider og vurdere en passende ferie tilpasset mine behov. Alle personopplysninger blir behandlet trygt, og deles kun med utvalgte personer som trenger opplysningene for \u00e5 legge til rette for ferietilbudet. Informasjonen Bl\u00e5 Kors ferier samler inn, slettes n\u00e5r vi ikke lenger har bruk for de, eller n\u00e5r du trekker ditt samtykke for behandling av personopplysninger.<\/p>\n\n\n\n<div class=\"wp-block-buttons is-horizontal is-content-justification-center is-layout-flex wp-container-core-buttons-is-layout-499968f5 wp-block-buttons-is-layout-flex\">\n<div class=\"wp-block-button is-style-primary\"><a class=\"wp-block-button__link wp-element-button\" href=\"https:\/\/www.blakors.no\/ferier\/hjerterom-hotellweekend\/\">Tilbake til toppen<\/a><\/div>\n<\/div>\n\n\n\n<p><\/p>\n","protected":false},"excerpt":{"rendered":"<p>S\u00f8knadsfrist: utg\u00e5tt Bl\u00e5 Kors ferier har v\u00e6rt s\u00e5 heldige \u00e5 f\u00e5 muligheten til \u00e5 gi bort hotellweekender gjennom \u00e5ret p\u00e5 to fine hotell som vi har et samarbeid med. Felles for alle weekendene er opphold to netter i familierom med inntil fire sengeplasser. Oppholdet er lagt opp som en selvstendig ferie, hvor hver familie selv [&hellip;]<\/p>\n","protected":false},"author":146,"featured_media":3233,"parent":0,"menu_order":0,"comment_status":"closed","ping_status":"closed","template":"","meta":{"_acf_changed":false,"_relevanssi_hide_post":"","_relevanssi_hide_content":"","_relevanssi_pin_for_all":"","_relevanssi_pin_keywords":"","_relevanssi_unpin_keywords":"","_relevanssi_related_keywords":"","_relevanssi_related_include_ids":"","_relevanssi_related_exclude_ids":"","_relevanssi_related_no_append":"","_relevanssi_related_not_related":"","_relevanssi_related_posts":"1","_relevanssi_noindex_reason":"","_custom_cards_description":"Selvstendig ferie med egen familie p\u00e5 hotell p\u00e5 Scandic S\u00f8rlandet eller Quality Airport Hotel V\u00e6rnes (flere helger i 2026). S\u00f8knadsfrist: 3. mai.","footnotes":""},"class_list":["post-6146","page","type-page","status-publish","has-post-thumbnail","hentry"],"acf":[],"_links":{"self":[{"href":"https:\/\/www.blakors.no\/ferier\/wp-json\/wp\/v2\/pages\/6146","targetHints":{"allow":["GET"]}}],"collection":[{"href":"https:\/\/www.blakors.no\/ferier\/wp-json\/wp\/v2\/pages"}],"about":[{"href":"https:\/\/www.blakors.no\/ferier\/wp-json\/wp\/v2\/types\/page"}],"author":[{"embeddable":true,"href":"https:\/\/www.blakors.no\/ferier\/wp-json\/wp\/v2\/users\/146"}],"replies":[{"embeddable":true,"href":"https:\/\/www.blakors.no\/ferier\/wp-json\/wp\/v2\/comments?post=6146"}],"version-history":[{"count":5,"href":"https:\/\/www.blakors.no\/ferier\/wp-json\/wp\/v2\/pages\/6146\/revisions"}],"predecessor-version":[{"id":6501,"href":"https:\/\/www.blakors.no\/ferier\/wp-json\/wp\/v2\/pages\/6146\/revisions\/6501"}],"wp:featuredmedia":[{"embeddable":true,"href":"https:\/\/www.blakors.no\/ferier\/wp-json\/wp\/v2\/media\/3233"}],"wp:attachment":[{"href":"https:\/\/www.blakors.no\/ferier\/wp-json\/wp\/v2\/media?parent=6146"}],"curies":[{"name":"wp","href":"https:\/\/api.w.org\/{rel}","templated":true}]}}