{"id":6341,"date":"2026-03-17T09:52:03","date_gmt":"2026-03-17T08:52:03","guid":{"rendered":"https:\/\/www.blakors.no\/ferier\/?page_id=6341"},"modified":"2026-04-08T08:45:46","modified_gmt":"2026-04-08T06:45:46","slug":"dagstur-til-oslo-odeon-kino","status":"publish","type":"page","link":"https:\/\/www.blakors.no\/ferier\/dagstur-til-oslo-odeon-kino\/","title":{"rendered":"Dagstur i Oslo: Odeon Kino"},"content":{"rendered":"<div class=\"custom-block-banner alignwide has-background has-lila-light-background-color contenthalf\"><div class=\"banner-image\" style=\"background-image:url(https:\/\/www.blakors.no\/content\/uploads\/sites\/10\/2026\/03\/PAYOFF_POSTERS_NORWAY-1-717x1024.jpg)\"><\/div><div class=\"banner-inner\"><div><h1 id=\"dagstur-i-oslo-odeon-kino\"  class=\"title small \" >Dagstur i Oslo: Odeon Kino<\/h1><p>Vi skal se filmen &quot;Operasjon Bever&quot; p\u00e5 Odeon Kino fredag 24. april. <\/p><\/div><\/div><\/div>\n\n\n<h3 id=\"soknadsfrist-utgatt\"  class=\"wp-block-heading has-text-align-center\" ><strong>S\u00f8knadsfrist: utg\u00e5tt<\/strong><\/h3>\n\n\n\n<p><strong>Fredag 24. april vil flere barnefamilier f\u00e5 muligheten til \u00e5 se filmen &laquo;Operasjon Bever&raquo; p\u00e5 Odeon Kino i Oslo.<\/strong><\/p>\n\n\n\n<p>Odeon Kino er Norges st\u00f8rste kinosenter og landets eneste IMAX!<\/p>\n\n\n\n<p><strong>Filmen starter klokka 17:00<\/strong> og alle som skal se filmen f\u00e5r ogs\u00e5 gratis popkorn og valgfri drikke.<\/p>\n\n\n\n<p>Dere vil bli tatt godt i mot av noen fra Bl\u00e5 Kors ferier n\u00e5r dere kommer til Odeon Kino. <\/p>\n\n\n\n<p><strong>Se traileren her:<\/strong><\/p>\n\n\n\n<figure class=\"wp-block-embed is-type-rich is-provider-h-ndterer-for-innbygging wp-block-embed-h-ndterer-for-innbygging\"><div class=\"wp-block-embed__wrapper\">\n<div style=\"width: 640px;\" class=\"wp-video\"><!--[if lt IE 9]><script>document.createElement('video');<\/script><![endif]-->\n<video class=\"wp-video-shortcode\" id=\"video-6341-1\" width=\"640\" height=\"360\" preload=\"metadata\" controls=\"controls\"><source type=\"video\/mp4\" src=\"https:\/\/video.filmweb.no\/64968570\/118782101\/9d583fbcc9a4f7600ea4e58fd44762c3\/video_hd\/operasjon-bever-2-8-video.mp4?_=1\" \/><a href=\"https:\/\/video.filmweb.no\/64968570\/118782101\/9d583fbcc9a4f7600ea4e58fd44762c3\/video_hd\/operasjon-bever-2-8-video.mp4\" target=\"_blank\" rel=\"noopener\">https:\/\/video.filmweb.no\/64968570\/118782101\/9d583fbcc9a4f7600ea4e58fd44762c3\/video_hd\/operasjon-bever-2-8-video.mp4<\/a><\/video><\/div>\n<\/div><\/figure>\n\n\n\n<h3 id=\"annen-info\"  class=\"wp-block-heading has-text-align-left\" ><strong>Annen info<\/strong><\/h3>\n\n\n\n<ul class=\"wp-block-list\">\n<li>Alle foreldre har ansvar for sine egne barn<\/li>\n\n\n\n<li>Transport til og fra kinoen m\u00e5 hver familie ordne og betale for selv<\/li>\n\n\n\n<li>Filmen har norsk tale + norsk tekst<\/li>\n\n\n\n<li>Filmen har aldersgrense 6 \u00e5r<\/li>\n<\/ul>\n\n\n\n<h2 id=\"soknadsfrist-utgatt\"  class=\"wp-block-heading has-text-align-center\" >S\u00f8knadsfrist: utg\u00e5tt<\/h2>\n\n\n\n<p class=\"has-text-align-center\"><\/p>\n\n\n\n<h2 class=\"wp-block-heading has-text-align-center\" id=\"h-inkludert\"><strong>Dette lurer du kanskje p\u00e5<\/strong><\/h2>\n\n\n\n<div class=\"wp-block-group is-layout-grid wp-container-core-group-is-layout-bacfd918 wp-block-group-is-layout-grid\">\n<div class=\"custom-block-factbox has-background has-lila-light-background-color\">\n\t<p><strong>Pris<\/strong><\/p>\n<ul>\n<li>Billett til kinoen og popkornmeny inkludert brus er <strong>gratis<\/strong><\/li>\n<li>Transport til og fra Odeon Kino m\u00e5 hver familie ordne og betale for selv<\/li>\n<\/ul>\n<\/div>\n\n\n\n<div class=\"custom-block-factbox has-background has-pink-light-background-color\">\n\t<p><strong>Forsikring<\/strong><\/p>\n<p>Alle deltakere dekkes av Bl\u00e5 Kors egen gruppeforsikring. Deltakere b\u00f8r ogs\u00e5 ha sin egen reiseforsikring.<\/p>\n<\/div>\n\n\n\n<div class=\"custom-block-factbox has-background has-green-light-background-color wp-container-content-86016f9f\">\n\t<p><strong>Inkludert i dagsturen<\/strong><\/p>\n<ul>\n<li>Kinobillett<\/li>\n<li>Popkornmeny inkludert valgfri drikke<\/li>\n<\/ul>\n<\/div>\n<\/div>\n\n\n\n<h3 id=\"odeon-kino-finner-du-her\"  class=\"wp-block-heading has-text-align-center\" ><strong>Odeon Kino finner du her<\/strong><\/h3>\n\n\n\n<p><strong>Adresse:<\/strong> Vitaminveien 27, 0485 Oslo<\/p>\n\n\n\n<div class=\"wp-block-group is-content-justification-right is-layout-constrained wp-container-core-group-is-layout-07b51d56 wp-block-group-is-layout-constrained\">\n<iframe src=\"https:\/\/www.google.com\/maps\/embed?pb=!1m18!1m12!1m3!1d1998.069168165998!2d10.76941617784295!3d59.947586661378985!2m3!1f0!2f0!3f0!3m2!1i1024!2i768!4f13.1!3m3!1m2!1s0x46416e1845b4c0ab%3A0xd6a2be49268393da!2sODEON%20Oslo%20IMAX!5e0!3m2!1sno!2sno!4v1772096616470!5m2!1sno!2sno\" width=\"600\" height=\"450\" style=\"border:0;\" allowfullscreen=\"\" loading=\"lazy\" referrerpolicy=\"no-referrer-when-downgrade\"><\/iframe>\n<\/div>\n\n\n\n\t\t<div class=\"wp-block-blakors-expanding-fact-box is-style-default wp-block-blakors-expanding-fact-box is-style-default wp-block-blakors-expanding-fact-box has-background has-blue-light-background-color\">\n\t\t\t<h3 id=\"hvem-far-vaere-med-bla-kors-ferier\"  class=\"blakors-fact-box__title\" >Hvem f\u00e5r v\u00e6re med Bl\u00e5 Kors ferier<\/h3>\n\t\t\t<div class=\"blakors-fact-box__content\">\n\t\t\t\t\n\n<p class=\"has-text-align-left has-blue-light-background-color has-background\">Alle som fyller ut s\u00f8knadsskjemaet og som er i m\u00e5lgruppen for tiltaket (dvs. har utfordringer relatert til psykisk helse, rus eller \u00f8konomi) er kvalifiserte til \u00e5 v\u00e6re med p\u00e5 ferie med Bl\u00e5 Kors ferier. Det er ikke behov for anbefaling fra Nav, barnevernstjeneste, eller lignende. Det er heller ikke krav til at barna m\u00e5 v\u00e6re i barneskolealder. Det er ikke tillatt \u00e5 ha med kj\u00e6ledyr p\u00e5 organiserte ferier med Bl\u00e5 Kors ferier.<\/p>\n\n\n\n<p>Bl\u00e5 Kors ferier opplever enorm p\u00e5gang og har ikke mulighet til \u00e5 gi et ferietilbud til alle som s\u00f8ker. Vi venter til etter s\u00f8knadsfrist med \u00e5 tildele feriene og \u00f8nsker at de som ikke tidligere har f\u00e5tt et tilbud, enten med oss, eller andre akt\u00f8rer skal f\u00e5 en mulighet f\u00f8rst. Derfor sp\u00f8r vi alltid om familien har v\u00e6rt med p\u00e5 en annen ferie, f\u00f8r vi gir mulighet til \u00e5 v\u00e6re med p\u00e5 ferie med Bl\u00e5 Kors ferier. <\/p>\n\n\n\n<p>Det er mange som opplever \u00e5 f\u00e5 gjentatte avslag p\u00e5 s\u00f8knadene sine. Dette er dessverre helt normalt, og betyr ikke at s\u00f8knaden ikke er godkjent. Det betyr kun at det ikke var plass til din familien p\u00e5 denne ferien, og vi kan ikke annet enn beklage. Vi anbefaler \u00e5 fortsette med \u00e5 s\u00f8ke, s\u00e5 vil det forh\u00e5pentligvis bli deres tur ogs\u00e5 til slutt.<\/p>\n\n\n\n<p>I henhold til Personvernregelverket oppbevarer vi ikke opplysninger om s\u00f8kere lenger enn n\u00f8dvendig.<\/p>\n\n\n\t\t\t<\/div>\n\t\t\t<div class=\"blakors-fact-box__toggle\">\n\t\t\t\t<button class=\"blakors-fact-box__button\"><svg xmlns=\"http:\/\/www.w3.org\/2000\/svg\" viewBox=\"0 0 17.367 17.367\"><path d=\"M0-8.684v-2.133H13.2L7.16-16.91l1.523-1.523L17.367-9.75,8.684-1.066,7.109-2.59,13.2-8.684Z\" transform=\"translate(0 18.434)\" \/><\/svg><\/button>\n\t\t\t<\/div>\n\t\t<\/div>\n\n\n\n\n<h2 class=\"wp-block-heading has-text-align-center\" id=\"h-personvern\"><strong>Personvern<\/strong><\/h2>\n\n\n\n<p>Ved \u00e5 sende inn en s\u00f8knad til Bl\u00e5 Kors ferier, samtykker jeg i at Bl\u00e5 Kors ferier behandler mine opplysninger i tr\u00e5d med det som st\u00e5r i personvernerkl\u00e6ringen og gjeldende regelverk.<\/p>\n\n\n\n<div class=\"wp-block-buttons is-content-justification-center is-layout-flex wp-block-buttons-is-layout-flex\">\n<div class=\"wp-block-button is-style-primary\"><a class=\"wp-block-button__link\" href=\"https:\/\/www.blakors.no\/ferier\/personvernerklaering-ferier\/\">Personvernerkl\u00e6ring<\/a><\/div>\n<\/div>\n\n\n\n<p>Ved \u00e5 krysse av p\u00e5 hvilken m\u00e5lgruppe jeg definerer meg og min familie, s\u00e5 samtykker jeg i \u00e5 dele disse opplysningene med Bl\u00e5 Kors ferier. Ved \u00e5 oppgi mine allergier, samtykker jeg til at Bl\u00e5 Kors ferier behandler helseopplysninger om meg. Form\u00e5let med \u00e5 oppgi allergier, er at Bl\u00e5 Kors ferier kan legge til rette for \u00e5 servere trygge og helsebringende m\u00e5ltider og vurdere en passende ferie tilpasset mine behov. Alle personopplysninger blir behandlet trygt, og deles kun med utvalgte personer som trenger opplysningene for \u00e5 legge til rette for ferietilbudet. Informasjonen Bl\u00e5 Kors ferier samler inn, slettes n\u00e5r vi ikke lenger har bruk for de, eller n\u00e5r du trekker ditt samtykke for behandling av personopplysninger.<\/p>\n\n\n\n<div class=\"wp-block-buttons is-horizontal is-content-justification-center is-layout-flex wp-container-core-buttons-is-layout-499968f5 wp-block-buttons-is-layout-flex\">\n<div class=\"wp-block-button is-style-primary\"><a class=\"wp-block-button__link wp-element-button\" href=\"https:\/\/www.blakors.no\/ferier\/dagstur-til-oslo-odeon-kino\/\">Tilbake til toppen<\/a><\/div>\n<\/div>\n\n\n\n<h2 class=\"wp-block-heading has-text-align-center\"><\/h2>\n\n\n\n<p><\/p>\n","protected":false},"excerpt":{"rendered":"<p>S\u00f8knadsfrist: utg\u00e5tt Fredag 24. april vil flere barnefamilier f\u00e5 muligheten til \u00e5 se filmen &laquo;Operasjon Bever&raquo; p\u00e5 Odeon Kino i Oslo. Odeon Kino er Norges st\u00f8rste kinosenter og landets eneste IMAX! Filmen starter klokka 17:00 og alle som skal se filmen f\u00e5r ogs\u00e5 gratis popkorn og valgfri drikke. Dere vil bli tatt godt i mot [&hellip;]<\/p>\n","protected":false},"author":146,"featured_media":6391,"parent":0,"menu_order":0,"comment_status":"closed","ping_status":"closed","template":"","meta":{"_acf_changed":false,"_relevanssi_hide_post":"","_relevanssi_hide_content":"","_relevanssi_pin_for_all":"","_relevanssi_pin_keywords":"","_relevanssi_unpin_keywords":"","_relevanssi_related_keywords":"","_relevanssi_related_include_ids":"","_relevanssi_related_exclude_ids":"","_relevanssi_related_no_append":"","_relevanssi_related_not_related":"","_relevanssi_related_posts":"1","_relevanssi_noindex_reason":"","_custom_cards_description":"Organisert dagstur med andre familier fredag 24. april. S\u00f8knadsfrist: 6. april","footnotes":""},"class_list":["post-6341","page","type-page","status-publish","has-post-thumbnail","hentry"],"acf":[],"_links":{"self":[{"href":"https:\/\/www.blakors.no\/ferier\/wp-json\/wp\/v2\/pages\/6341","targetHints":{"allow":["GET"]}}],"collection":[{"href":"https:\/\/www.blakors.no\/ferier\/wp-json\/wp\/v2\/pages"}],"about":[{"href":"https:\/\/www.blakors.no\/ferier\/wp-json\/wp\/v2\/types\/page"}],"author":[{"embeddable":true,"href":"https:\/\/www.blakors.no\/ferier\/wp-json\/wp\/v2\/users\/146"}],"replies":[{"embeddable":true,"href":"https:\/\/www.blakors.no\/ferier\/wp-json\/wp\/v2\/comments?post=6341"}],"version-history":[{"count":5,"href":"https:\/\/www.blakors.no\/ferier\/wp-json\/wp\/v2\/pages\/6341\/revisions"}],"predecessor-version":[{"id":6467,"href":"https:\/\/www.blakors.no\/ferier\/wp-json\/wp\/v2\/pages\/6341\/revisions\/6467"}],"wp:featuredmedia":[{"embeddable":true,"href":"https:\/\/www.blakors.no\/ferier\/wp-json\/wp\/v2\/media\/6391"}],"wp:attachment":[{"href":"https:\/\/www.blakors.no\/ferier\/wp-json\/wp\/v2\/media?parent=6341"}],"curies":[{"name":"wp","href":"https:\/\/api.w.org\/{rel}","templated":true}]}}