{"id":17,"date":"2023-04-05T10:02:35","date_gmt":"2023-04-05T08:02:35","guid":{"rendered":"https:\/\/www.blakors.no\/gatenaert\/?page_id=17"},"modified":"2025-08-06T14:16:56","modified_gmt":"2025-08-06T12:16:56","slug":"fredrikstad","status":"publish","type":"page","link":"https:\/\/www.blakors.no\/gatenaert\/fredrikstad\/","title":{"rendered":"Bl\u00e5 Kors Varmestua Fredrikstad"},"content":{"rendered":"\n\t<div style=\"--t2-hero-dim:0;\" class=\"t2-hero t2-hero-content-position-center-left t2-hero-has-dim-0 alignfull wp-block-t2-hero has-background has-blue-light-background-color\">\n\t\t\n\t\t<div class=\"t2-hero__header\"><div class=\"t2-hero__header__content\">\n\n<h1 id=\"bla-kors-varmestua-fredrikstad\"  class=\"wp-block-heading\" >Bl\u00e5 Kors varmestua Fredrikstad<\/h1>\n\n\n\n<p>Bl\u00e5 Kors Varmestua i Fredrikstad\u00a0er et gaten\u00e6rt lavterskeltilbud drevet av Stiftelsen Bl\u00e5 Kors Fredrikstad. Det er et viktig m\u00f8tested for rusavhengige i Fredrikstad. Et trygt og godt sted hvor en kan f\u00e5 et m\u00e5ltid mat. Stua er ogs\u00e5 en verdifull sosial arena.<\/p>\n\n<\/div><\/div>\n\t<\/div>\n\n\n<div class=\"wp-block-rank-math-toc-block\" id=\"rank-math-toc\"><p class=\"title-wrapper\"><button id=\"hopp-til\" class=\"blakors-table-of-contents-toggle\" aria-expanded=\"true\">\n\t\t\t<strong>Hopp til<\/strong>\n\t\t\t<svg xmlns=\"http:\/\/www.w3.org\/2000\/svg\" viewBox=\"0 0 24 24\" height=\"24\" width=\"24\" class=\"t2-icon t2-icon-chevrondown\" aria-hidden=\"true\" focusable=\"false\"><path d=\"M12 14.9c-.1 0-.3 0-.4-.1-.1 0-.2-.1-.3-.2L6.7 10c-.2-.1-.3-.4-.3-.6 0-.3.1-.5.3-.7.2-.2.4-.3.7-.3s.5.1.7.3l3.9 3.9 3.9-3.9c.2-.2.4-.3.7-.3.3 0 .5.1.7.3.2.2.3.4.3.7s-.1.5-.3.7l-4.6 4.6c-.1.1-.2.2-.3.2H12z\" fill=\"currentColor\" \/><\/svg>\n\t\t<\/button><\/p><nav><ul><li class=\"\"><a href=\"#bla-kors-varmestua-fredrikstad-tilbyr\">Bl\u00e5 Kors Varmestua Fredrikstad tilbyr<\/a><\/li><li class=\"\"><a href=\"#praktisk-informasjon\">Praktisk informasjon<\/a><\/li><li class=\"\"><a href=\"#disse-moter-du-pa-bla-kors-varmestua-fredrikstad\">Disse m\u00f8ter du p\u00e5 Bl\u00e5 Kors Varmestua Fredrikstad<\/a><\/li><li class=\"\"><a href=\"#her-finner-du-oss\">Her finner du oss<\/a><\/li><\/ul><\/nav><\/div>\n\n\n\n<h2 class=\"wp-block-heading\" id=\"bla-kors-varmestua-fredrikstad-tilbyr\">Bl\u00e5 Kors Varmestua Fredrikstad tilbyr<\/h2>\n\n\n\n<p>Bl\u00e5 Kors Varmestua Fredrikstad er et lavterskeltilbud drevet av Stiftelsen Bl\u00e5 Kors Fredrikstad. Det er et viktig m\u00f8tested for rusavhengige i Fredrikstad.<\/p>\n\n\n\n<p>Varmestua har tre tjenesteomr\u00e5der: mat og omsorg, aktiviteter og milj\u00f8tjenesten.<\/p>\n\n\n\n<figure class=\"wp-block-image size-large\"><img loading=\"lazy\" decoding=\"async\" width=\"1024\" height=\"682\" src=\"https:\/\/www.blakors.no\/content\/uploads\/sites\/38\/2024\/02\/Varmestua_websize-25-1024x682.jpg\" alt=\"\" class=\"wp-image-1505\" srcset=\"https:\/\/www.blakors.no\/content\/uploads\/sites\/38\/2024\/02\/Varmestua_websize-25-1024x682.jpg 1024w, https:\/\/www.blakors.no\/content\/uploads\/sites\/38\/2024\/02\/Varmestua_websize-25-300x200.jpg 300w, https:\/\/www.blakors.no\/content\/uploads\/sites\/38\/2024\/02\/Varmestua_websize-25-768x512.jpg 768w, https:\/\/www.blakors.no\/content\/uploads\/sites\/38\/2024\/02\/Varmestua_websize-25.jpg 1499w\" sizes=\"auto, (max-width: 1024px) 100vw, 1024px\" \/><\/figure>\n\n\n\n<h3 id=\"mat-og-omsorg\"  class=\"wp-block-heading\" ><strong>Mat og omsorg<\/strong><\/h3>\n\n\n\n<p>Gjestene f\u00e5r gratis mat, b\u00e5de p\u00e5 huset og med seg hjem. Gjennom samtaler og tilstedev\u00e6relse opplever gjestene omsorg, tilh\u00f8righet og trygghet. Vi har ogs\u00e5 et kleslager p\u00e5 Varmestua hvor det deles ut kl\u00e6r, skoog hygieneartikler ved behov.<\/p>\n\n\n\n<h3 id=\"miljotjeneste\"  class=\"wp-block-heading\" ><strong>Milj\u00f8tjeneste<\/strong><\/h3>\n\n\n\n<p>Milj\u00f8tjenesten best\u00e5r av en milj\u00f8terapeut og et milj\u00f8team med Tidgivere. Milj\u00f8tjenesten f\u00f8lger opp gjestene p\u00e5 Varmestua med sine behov, i tett samarbeid med \u00f8vrig hjelpeapparat. I tillegg er tjenesten en del av milj\u00f8et, hvor de veileder og har samtaler med hele gjestegruppa.<\/p>\n\n\n\n<h3 id=\"aktiviteter\"  class=\"wp-block-heading\" ><strong>Aktiviteter<\/strong><\/h3>\n\n\n\n<p>Hver uke tilbys flere varierte aktiviteter, b\u00e5de inne p\u00e5 Varmestua og i v\u00e5rt lokalmilj\u00f8. Gjennom aktiviteter \u00f8nsker vi \u00e5 bidra til \u00e5 skape mestring og en meningsfull hverdag, samtidig som det tar bort fokus fra rusen og dens konsekvenser.<\/p>\n\n\n\n<h2 class=\"wp-block-heading\" id=\"praktisk-informasjon\">Praktisk informasjon<\/h2>\n\n\n\n<div class=\"wp-block-group has-pink-light-background-color has-background is-layout-constrained wp-block-group-is-layout-constrained\">\n<h3 class=\"wp-block-heading\" id=\"h-apningstider\"><strong>\u00c5pningstider<\/strong><\/h3>\n\n\n\n<h4 class=\"wp-block-heading\" id=\"mandag-til-fredag\">Mandag og onsdag<\/h4>\n\n\n\n<p>09.30 &#8211; 17.00<\/p>\n\n\n\n<h4 class=\"wp-block-heading\" id=\"torsdager\">Tirsdager, torsdager og fredager<\/h4>\n\n\n\n<p>09.30 &#8211; 14.00<\/p>\n\n\n<div class=\"social-block\"><div class=\"social-grid\"><a href=\"http:\/\/F\u00f8lg%20oss%20p\u00e5%20Facebook\"><img decoding=\"async\" loading=\"lazy\" src=\"https:\/\/www.blakors.no\/content\/themes\/blakors\/assets\/icons\/footer-facebook.svg\" alt=\"Facebook\"><\/a><\/div><\/div><\/div>\n\n\n<div class=\"t2-accordion wp-block-t2-accordion\" data-allow-multiple=\"1\" role=\"list\"><div class=\"t2-accordion-item wp-block-t2-accordion-item\" role=\"listitem\">\n\t\t\t<h2 class=\"t2-accordion-title\">\n\t\t\t\t<button type=\"button\" class=\"t2-accordion-trigger\" id=\"hvem-er-vi-til-for?\" aria-controls=\"accordion-panel\" aria-expanded=\"false\">\n\t\t\t\t\tHvem er vi til for?\n\t\t\t\t\t<span class=\"t2-accordion-icon is-closed-icon\"><svg xmlns=\"http:\/\/www.w3.org\/2000\/svg\" viewBox=\"0 0 24 24\" height=\"24\" width=\"24\" class=\"t2-icon t2-icon-chevrondown\" aria-hidden=\"true\" focusable=\"false\"><path d=\"M12 14.9c-.1 0-.3 0-.4-.1-.1 0-.2-.1-.3-.2L6.7 10c-.2-.1-.3-.4-.3-.6 0-.3.1-.5.3-.7.2-.2.4-.3.7-.3s.5.1.7.3l3.9 3.9 3.9-3.9c.2-.2.4-.3.7-.3.3 0 .5.1.7.3.2.2.3.4.3.7s-.1.5-.3.7l-4.6 4.6c-.1.1-.2.2-.3.2H12z\" fill=\"currentColor\" \/><\/svg><\/span>\n\t\t\t\t\t<span class=\"t2-accordion-icon is-open-icon\"><svg xmlns=\"http:\/\/www.w3.org\/2000\/svg\" viewBox=\"0 0 24 24\" height=\"24\" width=\"24\" class=\"t2-icon t2-icon-chevronup\" aria-hidden=\"true\" focusable=\"false\"><path d=\"M6.7 14.7c-.2-.2-.3-.4-.3-.7s.1-.5.3-.7l4.6-4.6c.1-.1.2-.2.3-.2.1 0 .2-.1.4-.1.1 0 .3 0 .4.1.1 0 .2.1.3.2l4.6 4.6c.2.2.3.4.3.7s-.1.5-.3.7c-.2.2-.4.3-.7.3s-.5-.1-.7-.3L12 10.8l-3.9 3.9c-.2.2-.4.3-.7.3s-.5-.1-.7-.3z\" fill=\"currentColor\" \/><\/svg><\/span>\n\t\t\t\t<\/button>\n\t\t\t<\/h2>\n\t\t\t<div class=\"t2-accordion-item__inner-container is-layout-flow\" id=\"accordion-panel\" aria-labelledby=\"hvem-er-vi-til-for?\" role=\"region\" hidden>\n\t\t\t\t\n\t\t\t\t<p>Bl\u00e5 Kors Varmestua Fredrikstad er til for rusavhengige.<\/p>\n\n\t\t\t\n\t\t\t<\/div>\n\t\t<\/div><div class=\"t2-accordion-item wp-block-t2-accordion-item\" role=\"listitem\">\n\t\t\t<h2 class=\"t2-accordion-title\">\n\t\t\t\t<button type=\"button\" class=\"t2-accordion-trigger\" id=\"hvor-finner-du-oss?\" aria-controls=\"accordion-panel-1\" aria-expanded=\"false\">\n\t\t\t\t\tHvor finner du oss?\n\t\t\t\t\t<span class=\"t2-accordion-icon is-closed-icon\"><svg xmlns=\"http:\/\/www.w3.org\/2000\/svg\" viewBox=\"0 0 24 24\" height=\"24\" width=\"24\" class=\"t2-icon t2-icon-chevrondown\" aria-hidden=\"true\" focusable=\"false\"><path d=\"M12 14.9c-.1 0-.3 0-.4-.1-.1 0-.2-.1-.3-.2L6.7 10c-.2-.1-.3-.4-.3-.6 0-.3.1-.5.3-.7.2-.2.4-.3.7-.3s.5.1.7.3l3.9 3.9 3.9-3.9c.2-.2.4-.3.7-.3.3 0 .5.1.7.3.2.2.3.4.3.7s-.1.5-.3.7l-4.6 4.6c-.1.1-.2.2-.3.2H12z\" fill=\"currentColor\" \/><\/svg><\/span>\n\t\t\t\t\t<span class=\"t2-accordion-icon is-open-icon\"><svg xmlns=\"http:\/\/www.w3.org\/2000\/svg\" viewBox=\"0 0 24 24\" height=\"24\" width=\"24\" class=\"t2-icon t2-icon-chevronup\" aria-hidden=\"true\" focusable=\"false\"><path d=\"M6.7 14.7c-.2-.2-.3-.4-.3-.7s.1-.5.3-.7l4.6-4.6c.1-.1.2-.2.3-.2.1 0 .2-.1.4-.1.1 0 .3 0 .4.1.1 0 .2.1.3.2l4.6 4.6c.2.2.3.4.3.7s-.1.5-.3.7c-.2.2-.4.3-.7.3s-.5-.1-.7-.3L12 10.8l-3.9 3.9c-.2.2-.4.3-.7.3s-.5-.1-.7-.3z\" fill=\"currentColor\" \/><\/svg><\/span>\n\t\t\t\t<\/button>\n\t\t\t<\/h2>\n\t\t\t<div class=\"t2-accordion-item__inner-container is-layout-flow\" id=\"accordion-panel-1\" aria-labelledby=\"hvor-finner-du-oss?\" role=\"region\" hidden>\n\t\t\t\t\n\t\t\t\t<p>Bl\u00e5 Kors Varmestua Fredrikstad finner du i Farmannsgate 20, 1607 Fredrikstad.<\/p>\n\n\t\t\t\n\t\t\t<\/div>\n\t\t<\/div><div class=\"t2-accordion-item wp-block-t2-accordion-item\" role=\"listitem\">\n\t\t\t<h2 class=\"t2-accordion-title\">\n\t\t\t\t<button type=\"button\" class=\"t2-accordion-trigger\" id=\"vil-du-bidra?\" aria-controls=\"accordion-panel-2\" aria-expanded=\"false\">\n\t\t\t\t\tVil du bidra?\n\t\t\t\t\t<span class=\"t2-accordion-icon is-closed-icon\"><svg xmlns=\"http:\/\/www.w3.org\/2000\/svg\" viewBox=\"0 0 24 24\" height=\"24\" width=\"24\" class=\"t2-icon t2-icon-chevrondown\" aria-hidden=\"true\" focusable=\"false\"><path d=\"M12 14.9c-.1 0-.3 0-.4-.1-.1 0-.2-.1-.3-.2L6.7 10c-.2-.1-.3-.4-.3-.6 0-.3.1-.5.3-.7.2-.2.4-.3.7-.3s.5.1.7.3l3.9 3.9 3.9-3.9c.2-.2.4-.3.7-.3.3 0 .5.1.7.3.2.2.3.4.3.7s-.1.5-.3.7l-4.6 4.6c-.1.1-.2.2-.3.2H12z\" fill=\"currentColor\" \/><\/svg><\/span>\n\t\t\t\t\t<span class=\"t2-accordion-icon is-open-icon\"><svg xmlns=\"http:\/\/www.w3.org\/2000\/svg\" viewBox=\"0 0 24 24\" height=\"24\" width=\"24\" class=\"t2-icon t2-icon-chevronup\" aria-hidden=\"true\" focusable=\"false\"><path d=\"M6.7 14.7c-.2-.2-.3-.4-.3-.7s.1-.5.3-.7l4.6-4.6c.1-.1.2-.2.3-.2.1 0 .2-.1.4-.1.1 0 .3 0 .4.1.1 0 .2.1.3.2l4.6 4.6c.2.2.3.4.3.7s-.1.5-.3.7c-.2.2-.4.3-.7.3s-.5-.1-.7-.3L12 10.8l-3.9 3.9c-.2.2-.4.3-.7.3s-.5-.1-.7-.3z\" fill=\"currentColor\" \/><\/svg><\/span>\n\t\t\t\t<\/button>\n\t\t\t<\/h2>\n\t\t\t<div class=\"t2-accordion-item__inner-container is-layout-flow\" id=\"accordion-panel-2\" aria-labelledby=\"vil-du-bidra?\" role=\"region\" hidden>\n\t\t\t\t\n\t\t\t\t<p><strong>Gi tid og engasjement:<\/strong><\/p>\n<p>Tidgiverne p\u00e5 Varmestua bidrar i milj\u00f8et, aktiviteter og milj\u00f8tjeneste. Arbeidsoppgavene er blant annet sm\u00f8re br\u00f8dskiver, koke kaffe, \u00e5pne kafeen, servere og sosialisere med gjestene.<\/p>\n<p>Frivillig innsats er helt n\u00f8dvendig for at vi kan levere et godt tilbud til m\u00e5lgruppen. Vi har alltid behov for nye frivillige, eller tidgivere som vi kaller det. Om du kunne tenke deg \u00e5 bli tidgiver hos oss,\u00a0 kan du ta kontakt med <a href=\"mailto:eileen.olsen@blaakors.no\">Eileen Myrbakk Olsen<\/a><\/p>\n<p><strong>Gi en gave:<\/strong><\/p>\n<p>Har du anledning til \u00e5 gi oss en gave, vil midlene bli godt brukt til beste for v\u00e5re gjester. St\u00f8tte kan gis til<\/p>\n<p>Gavekonto: 3126.31.12868 (merk med Varmestua)<\/p>\n<p>VIPPS til\u00a0 83994 (valgfritt bel\u00f8p)<\/p>\n\n\t\t\t\n\t\t\t<\/div>\n\t\t<\/div><div class=\"t2-accordion-item wp-block-t2-accordion-item\" role=\"listitem\">\n\t\t\t<h2 class=\"t2-accordion-title\">\n\t\t\t\t<button type=\"button\" class=\"t2-accordion-trigger\" id=\"om-bl\u00e5-kors-gaten\u00e6rt-fredrikstad\" aria-controls=\"accordion-panel-3\" aria-expanded=\"false\">\n\t\t\t\t\tOm Bl\u00e5 Kors gaten\u00e6rt Fredrikstad\n\t\t\t\t\t<span class=\"t2-accordion-icon is-closed-icon\"><svg xmlns=\"http:\/\/www.w3.org\/2000\/svg\" viewBox=\"0 0 24 24\" height=\"24\" width=\"24\" class=\"t2-icon t2-icon-chevrondown\" aria-hidden=\"true\" focusable=\"false\"><path d=\"M12 14.9c-.1 0-.3 0-.4-.1-.1 0-.2-.1-.3-.2L6.7 10c-.2-.1-.3-.4-.3-.6 0-.3.1-.5.3-.7.2-.2.4-.3.7-.3s.5.1.7.3l3.9 3.9 3.9-3.9c.2-.2.4-.3.7-.3.3 0 .5.1.7.3.2.2.3.4.3.7s-.1.5-.3.7l-4.6 4.6c-.1.1-.2.2-.3.2H12z\" fill=\"currentColor\" \/><\/svg><\/span>\n\t\t\t\t\t<span class=\"t2-accordion-icon is-open-icon\"><svg xmlns=\"http:\/\/www.w3.org\/2000\/svg\" viewBox=\"0 0 24 24\" height=\"24\" width=\"24\" class=\"t2-icon t2-icon-chevronup\" aria-hidden=\"true\" focusable=\"false\"><path d=\"M6.7 14.7c-.2-.2-.3-.4-.3-.7s.1-.5.3-.7l4.6-4.6c.1-.1.2-.2.3-.2.1 0 .2-.1.4-.1.1 0 .3 0 .4.1.1 0 .2.1.3.2l4.6 4.6c.2.2.3.4.3.7s-.1.5-.3.7c-.2.2-.4.3-.7.3s-.5-.1-.7-.3L12 10.8l-3.9 3.9c-.2.2-.4.3-.7.3s-.5-.1-.7-.3z\" fill=\"currentColor\" \/><\/svg><\/span>\n\t\t\t\t<\/button>\n\t\t\t<\/h2>\n\t\t\t<div class=\"t2-accordion-item__inner-container is-layout-flow\" id=\"accordion-panel-3\" aria-labelledby=\"om-bl\u00e5-kors-gaten\u00e6rt-fredrikstad\" role=\"region\" hidden>\n\t\t\t\t\n\t\t\t\t<p>Varmestua ble \u00e5pnet 7 oktober 2002.<\/p>\n<p class=\"x_elementtoproof\">Ved \u00e5pning av Varmestua var frivilligheten, som i dag, avgj\u00f8rende. Den gangen var kjernen i tilbudet gratis mat til byens rusavhengige, og Varmestua var det som ofte omtales som et suppekj\u00f8kken. Med st\u00f8tte fra kommunen, private givere og ogs\u00e5 nasjonalt har vi de siste \u00e5rene kunne utvide tilbudet p\u00e5 Varmestua.<\/p>\n<p class=\"x_elementtoproof\">I 2017 fikk vi for f\u00f8rste gang midler fra Helsedirektoratet, noe som gjorde det mulig \u00e5 tilby mer aktiviteter og etablere en milj\u00f8tjeneste som f\u00f8lger opp hver enkelt gjest ut ifra deres behov. De ansatte p\u00e5 Varmestua bidrar til et mer profesjonelt og faglig tilbud, og sammen med de frivillige har vi etablert en viktig, tilgjengelig og inkluderende m\u00f8teplass i Fredrikstad sentrum.<\/p>\n<p class=\"x_elementtoproof\">Varmestua har et godt samarbeid med Fredrikstad kommune. Som en ideell og frivillig organisasjon samarbeider vi ogs\u00e5 godt og tett med n\u00e6ringslivet i byen og ikke minst privatpersoner. Stiftelsen Bl\u00e5 Kors Fredrikstad har en viktig rolle som samfunnsakt\u00f8r i byen. Varmestua er kjent for mange av byens innbyggere, og vi har mange st\u00f8ttespillere i lag, foreninger, n\u00e6ringsliv og privatpersoner som bidrar med tid, gavemidler, mat, kl\u00e6r og annet. Dette er helt avgj\u00f8rende for oss.<\/p>\n<p>Varmestua har \u00e5pent 6 dager i uka og er et viktig m\u00f8tested og fristed for byens rusavhengige, med ansatte og tidgivere tilbyr vi b\u00e5de et faglig sterkt tilbud samtidig som v\u00e5re Tidgivere representerer medmenneskelighet, varme og verdighet p\u00e5 en uts\u00f8kt m\u00e5te.<\/p>\n\n\t\t\t\n\t\t\t<\/div>\n\t\t<\/div><\/div>\n\n\n<div class=\"wp-block-lib-header alignfull hide\"><div class=\"image-wrapper\"><img decoding=\"async\" srcset=\"https:\/\/v.imgi.no\/blakors-1748-7b716aeb9224efc9dcb40b90e64e15dc-150x100\/2025_05_varmestua_websize-74.webp 150w, https:\/\/v.imgi.no\/blakors-1748-7b716aeb9224efc9dcb40b90e64e15dc-300x200\/2025_05_varmestua_websize-74.webp 300w, https:\/\/v.imgi.no\/blakors-1748-7b716aeb9224efc9dcb40b90e64e15dc-768x511\/2025_05_varmestua_websize-74.webp 768w, https:\/\/v.imgi.no\/blakors-1748-7b716aeb9224efc9dcb40b90e64e15dc-1024x682\/2025_05_varmestua_websize-74.webp 1024w, https:\/\/v.imgi.no\/blakors-1748-7b716aeb9224efc9dcb40b90e64e15dc-1499x999\/2025_05_varmestua_websize-74.webp 1499w, https:\/\/v.imgi.no\/blakors-1748-7b716aeb9224efc9dcb40b90e64e15dc-1499x999\/2025_05_varmestua_websize-74.webp 1499w, https:\/\/v.imgi.no\/blakors-1748-7b716aeb9224efc9dcb40b90e64e15dc-300x200\/2025_05_varmestua_websize-74.webp 300w, https:\/\/v.imgi.no\/blakors-1748-7b716aeb9224efc9dcb40b90e64e15dc-450x300\/2025_05_varmestua_websize-74.webp 450w, https:\/\/v.imgi.no\/blakors-1748-7b716aeb9224efc9dcb40b90e64e15dc-200x133\/2025_05_varmestua_websize-74.webp 200w, https:\/\/v.imgi.no\/blakors-1748-7b716aeb9224efc9dcb40b90e64e15dc-1499x999\/2025_05_varmestua_websize-74.webp 1499w, https:\/\/v.imgi.no\/blakors-1748-7b716aeb9224efc9dcb40b90e64e15dc-300x200\/2025_05_varmestua_websize-74.webp 300w, https:\/\/v.imgi.no\/blakors-1748-7b716aeb9224efc9dcb40b90e64e15dc-400x267\/2025_05_varmestua_websize-74.webp 400w, https:\/\/v.imgi.no\/blakors-1748-7b716aeb9224efc9dcb40b90e64e15dc-600x400\/2025_05_varmestua_websize-74.webp 600w, https:\/\/v.imgi.no\/blakors-1748-7b716aeb9224efc9dcb40b90e64e15dc-1499x999\/2025_05_varmestua_websize-74.webp 1499w, https:\/\/v.imgi.no\/blakors-1748-7b716aeb9224efc9dcb40b90e64e15dc-1499x999\/2025_05_varmestua_websize-74.webp 1499w\" sizes=\"(max-width: 1499px) 100vw, 1499px\" src=\"https:\/\/v.imgi.no\/blakors-1748-7b716aeb9224efc9dcb40b90e64e15dc-1499x999\/Varmestua_websize-74.jpg\" alt=\"header\"\/><\/div><div class=\"header-innercontent\"><\/div><\/div>\n\n\n\n<div class=\"wp-block-buttons is-layout-flex wp-block-buttons-is-layout-flex\">\n<div class=\"wp-block-button aligncenter\"><a class=\"wp-block-button__link has-white-color has-blue-background-color has-text-color has-background wp-element-button\" href=\"https:\/\/blaakors.no\/varmestua\/\" target=\"_blank\" rel=\"noreferrer noopener\">Les mer om Varmestua Fredrikstad<\/a><\/div>\n<\/div>\n\n\n\n<h2 class=\"wp-block-heading\" id=\"disse-moter-du-pa-bla-kors-varmestua-fredrikstad\">Disse m\u00f8ter du p\u00e5 Bl\u00e5 Kors Varmestua Fredrikstad<\/h2>\n\n\n<div class=\"t2-featured-content-layout alignwide alignwide wp-block-blakors-multisite-query-loop wp-block-t2-featured-content-layout\" role=\"list\">\n\t\t\t\t<div class=\"t2-featured-single-post t2-featured-content-layout-col-6 t2-featured-content is-post-type-person t2-featured-content-layout-col-6 wp-block-t2-featured-single-post\"><figure style=\"--t2-focal-point: 50% 50%;\" class=\"t2-post-featured-image has-image-ratio-1-1 wp-block-t2-post-featured-image\"><img loading=\"lazy\" decoding=\"async\" width=\"1580\" height=\"2048\" src=\"https:\/\/www.blakors.no\/content\/uploads\/sites\/38\/2023\/08\/Jorid-D.-Bertelsen-scaled.jpg\" class=\"attachment-post-thumbnail size-post-thumbnail wp-post-image\" alt=\"\" srcset=\"https:\/\/www.blakors.no\/content\/uploads\/sites\/38\/2023\/08\/Jorid-D.-Bertelsen-scaled.jpg 1580w, https:\/\/www.blakors.no\/content\/uploads\/sites\/38\/2023\/08\/Jorid-D.-Bertelsen-231x300.jpg 231w, https:\/\/www.blakors.no\/content\/uploads\/sites\/38\/2023\/08\/Jorid-D.-Bertelsen-790x1024.jpg 790w, https:\/\/www.blakors.no\/content\/uploads\/sites\/38\/2023\/08\/Jorid-D.-Bertelsen-768x995.jpg 768w, https:\/\/www.blakors.no\/content\/uploads\/sites\/38\/2023\/08\/Jorid-D.-Bertelsen-1185x1536.jpg 1185w\" sizes=\"auto, (min-width: 782px) 768px, 100vw\" \/><\/figure>\n\n<div class=\"wp-block-group alignfull is-layout-flow wp-block-group-is-layout-flow\">\n\t<div class=\"t2-post-dynamic-part is-source-filter filter-person_card_meta post-meta wp-block-t2-post-dynamic-part\"><div class=\"title\"><h2 id=\"jorid-dalsegg-bertelsen\"  class=\"t2-post-title wp-block-t2-post-title\" >Jorid Dalsegg Bertelsen<\/h2><p class=\"position\">Virksomhetsleder<\/p><\/div><div class=\"contact-info\"><p class=\"phone\"><a href=\"tel:+4797125661\">97125661<\/a><\/p><p class=\"email\"><a href=\"mailto:jorid.bertelsen@blaakors.no\">jorid.bertelsen@blaakors.no<\/a><\/p><\/div><\/div>\n<\/div>\n\n<\/div><div class=\"t2-featured-single-post t2-featured-content-layout-col-6 t2-featured-content is-post-type-person t2-featured-content-layout-col-6 wp-block-t2-featured-single-post\"><figure style=\"--t2-focal-point: 50% 50%;\" class=\"t2-post-featured-image has-image-ratio-1-1 wp-block-t2-post-featured-image\"><img loading=\"lazy\" decoding=\"async\" width=\"1279\" height=\"1639\" src=\"https:\/\/www.blakors.no\/content\/uploads\/sites\/38\/2023\/08\/Elsa-Hagstrom.jpg\" class=\"attachment-post-thumbnail size-post-thumbnail wp-post-image\" alt=\"\" srcset=\"https:\/\/www.blakors.no\/content\/uploads\/sites\/38\/2023\/08\/Elsa-Hagstrom.jpg 1279w, https:\/\/www.blakors.no\/content\/uploads\/sites\/38\/2023\/08\/Elsa-Hagstrom-234x300.jpg 234w, https:\/\/www.blakors.no\/content\/uploads\/sites\/38\/2023\/08\/Elsa-Hagstrom-799x1024.jpg 799w, https:\/\/www.blakors.no\/content\/uploads\/sites\/38\/2023\/08\/Elsa-Hagstrom-768x984.jpg 768w, https:\/\/www.blakors.no\/content\/uploads\/sites\/38\/2023\/08\/Elsa-Hagstrom-1199x1536.jpg 1199w\" sizes=\"auto, (min-width: 782px) 768px, 100vw\" \/><\/figure>\n\n<div class=\"wp-block-group alignfull is-layout-flow wp-block-group-is-layout-flow\">\n\t<div class=\"t2-post-dynamic-part is-source-filter filter-person_card_meta post-meta wp-block-t2-post-dynamic-part\"><div class=\"title\"><h2 id=\"elsa-hagstrom\"  class=\"t2-post-title wp-block-t2-post-title\" >Elsa Hagstr\u00f8m<\/h2><p class=\"position\">Milj\u00f8terapeut<\/p><\/div><div class=\"contact-info\"><p class=\"phone\"><a href=\"tel:+4790106215\">90106215<\/a><\/p><p class=\"email\"><a href=\"mailto:elsa.hagstrom@blaakors.no\">elsa.hagstrom@blaakors.no<\/a><\/p><\/div><\/div>\n<\/div>\n\n<\/div>\n\t\t\t\t\n\t\t\t<\/div>\n\n\n<div class=\"wp-block-group is-layout-constrained wp-block-group-is-layout-constrained\">\n<h2 class=\"wp-block-heading\" id=\"her-finner-du-oss\">Her finner du oss<\/h2>\n\n\n\n<iframe src=\"https:\/\/www.google.com\/maps\/embed?pb=!1m18!1m12!1m3!1d2042.0615562298347!2d10.928277995644693!3d59.21498605457594!2m3!1f0!2f0!3f0!3m2!1i1024!2i768!4f13.1!3m3!1m2!1s0x464402decf65c93f%3A0xda34142792665955!2sVarmestua%20i%20Fredrikstad%20(Bl%C3%A5%20Kors%20Fredrikstad)!5e0!3m2!1sno!2sno!4v1697183952699!5m2!1sno!2sno\" width=\"100%\" height=\"100%\" style=\"border:0;\" allowfullscreen=\"\" loading=\"lazy\" referrerpolicy=\"no-referrer-when-downgrade\"><\/iframe>\n<\/div>\n","protected":false},"excerpt":{"rendered":"<p>Bl\u00e5 Kors Varmestua Fredrikstad tilbyr Bl\u00e5 Kors Varmestua Fredrikstad er et lavterskeltilbud drevet av Stiftelsen Bl\u00e5 Kors Fredrikstad. Det er et viktig m\u00f8tested for rusavhengige i Fredrikstad. Varmestua har tre tjenesteomr\u00e5der: mat og omsorg, aktiviteter og milj\u00f8tjenesten. Mat og omsorg Gjestene f\u00e5r gratis mat, b\u00e5de p\u00e5 huset og med seg hjem. Gjennom samtaler og tilstedev\u00e6relse [&hellip;]<\/p>\n","protected":false},"author":86,"featured_media":1748,"parent":0,"menu_order":0,"comment_status":"closed","ping_status":"closed","template":"","meta":{"_acf_changed":false,"_relevanssi_hide_post":"","_relevanssi_hide_content":"","_relevanssi_pin_for_all":"","_relevanssi_pin_keywords":"","_relevanssi_unpin_keywords":"","_relevanssi_related_keywords":"","_relevanssi_related_include_ids":"","_relevanssi_related_exclude_ids":"","_relevanssi_related_no_append":"","_relevanssi_related_not_related":"","_relevanssi_related_posts":"195","_relevanssi_noindex_reason":"","_custom_cards_description":"","footnotes":""},"class_list":["post-17","page","type-page","status-publish","has-post-thumbnail","hentry"],"acf":[],"_links":{"self":[{"href":"https:\/\/www.blakors.no\/gatenaert\/wp-json\/wp\/v2\/pages\/17","targetHints":{"allow":["GET"]}}],"collection":[{"href":"https:\/\/www.blakors.no\/gatenaert\/wp-json\/wp\/v2\/pages"}],"about":[{"href":"https:\/\/www.blakors.no\/gatenaert\/wp-json\/wp\/v2\/types\/page"}],"author":[{"embeddable":true,"href":"https:\/\/www.blakors.no\/gatenaert\/wp-json\/wp\/v2\/users\/86"}],"replies":[{"embeddable":true,"href":"https:\/\/www.blakors.no\/gatenaert\/wp-json\/wp\/v2\/comments?post=17"}],"version-history":[{"count":5,"href":"https:\/\/www.blakors.no\/gatenaert\/wp-json\/wp\/v2\/pages\/17\/revisions"}],"predecessor-version":[{"id":2011,"href":"https:\/\/www.blakors.no\/gatenaert\/wp-json\/wp\/v2\/pages\/17\/revisions\/2011"}],"wp:featuredmedia":[{"embeddable":true,"href":"https:\/\/www.blakors.no\/gatenaert\/wp-json\/wp\/v2\/media\/1748"}],"wp:attachment":[{"href":"https:\/\/www.blakors.no\/gatenaert\/wp-json\/wp\/v2\/media?parent=17"}],"curies":[{"name":"wp","href":"https:\/\/api.w.org\/{rel}","templated":true}]}}