{"id":286,"date":"2021-12-10T14:39:50","date_gmt":"2021-12-10T13:39:50","guid":{"rendered":"https:\/\/www.blakors.no\/haugaland-asenter\/?page_id=286"},"modified":"2025-05-26T10:04:04","modified_gmt":"2025-05-26T08:04:04","slug":"behandlingsenhet","status":"publish","type":"page","link":"https:\/\/www.blakors.no\/klinikk-haugaland\/behandlingsenhet\/","title":{"rendered":"D\u00f8gnenhet"},"content":{"rendered":"<div class=\"custom-block-banner alignwide contenthalf\"><div class=\"banner-image\" style=\"background-image:url(https:\/\/www.blakors.no\/content\/uploads\/sites\/26\/2021\/11\/Gruppeterapi-Bla\u030a-Kors-Haugaland-A-senter-1024x667.jpg)\"><\/div><div class=\"banner-inner\"><div><h1 id=\"dognenhet\"  class=\"title large \" >D\u00f8gnenhet<\/h1><p>Vi tilbyr d\u00f8gnbehandling for ulike rusmiddel- og avhengighetslidelser. Du vil som regel v\u00e6re innlagt i 3 m\u00e5neder. Behandling foreg\u00e5r i grupper og individuelt. D\u00f8gnenheten har 30 pasientplasser.<\/p><div class=\"wp-block-button is-style-primary small\"><a class=\"wp-block-button__link\" href=\"https:\/\/www.blakors.no\/klinikk-haugaland\/sok-behandling\/\" target=\"\">Slik s\u00f8ker du behandling<\/a><\/div><\/div><\/div><\/div>\n\n\n<div class=\"wp-block-lib-header alignfull hide\"><div class=\"image-wrapper\"><img decoding=\"async\" src=\"https:\/\/www.blakors.no\/content\/uploads\/sites\/26\/2021\/11\/Gruppeterapi-Bla\u030a-Kors-Haugaland-A-senter-scaled.jpg\" \/><\/div><div class=\"header-innercontent\">\n\n<\/div><\/div>\n\n\n\n<p>Dette er d\u00f8gnplasser for opphold av noe lengre varighet, som oftest 3 m\u00e5neder. Vi vurderer lengden p\u00e5 oppholdet individuelt. Etter innleggelsen vil du ofte fortsette med behandling i poliklinikken. Du har da den samme behandleren som du har gjennom innleggelsen her hos oss.<\/p>\n\n\n\n<p>\u00c5 v\u00e6re innlagt i en d\u00f8gninstitusjon inneb\u00e6rer tett struktur med tydelige rammer. En rekke terapeutiske grupper, milj\u00f8terapi&nbsp;og fysisk aktivitet skal p\u00e5 ulike vis kunne bidra til utvikling av alternative mestringsstrategier til rusmiddelbruk. I tillegg blir du fulgt opp med individuelle samtaler med din behandler og prim\u00e6rkontakt. <\/p>\n\n\n\n<p>Under oppholdet vil behandlingen v\u00e6re et samarbeid mellom deg, din behandler og prim\u00e6rkontakt, samt milj\u00f8terapeutene som jobber p\u00e5 d\u00f8gnenheten. Milj\u00f8terapeutene har ulik helse- og sosialfaglig bakgrunn, blant annet sykepleiere, vernepleiere, barnevernspedagoger og sosionomer.<\/p>\n\n\n\n<p>D\u00f8gnbehandlingen er individuelt tilpasset. Behandlingsplanene og lengden p\u00e5 innleggelsene vil derfor variere etter det som er ditt individuelle behov. Behandlingstilbudet best\u00e5r i en rekke kunnskapsbaserte behandlingstiltak p\u00e5 individ- og gruppeniv\u00e5. Vi oppfordrer deg til \u00e5 delta p\u00e5 de ulike gruppetilbudene v\u00e5re. <\/p>\n\n\n\n<p>Individuell tilpasning av behandlingstilbudet ved Bl\u00e5 Kors klinikk Haugaland har lenge v\u00e6rt et helt grunnleggende prinsipp som en finner nedfelt i pasientens behandlingsplan.&nbsp;Vi jobber stadig med \u00e5 videreutvikle den individuelle tilpasningen.&nbsp;<\/p>\n\n\n\n\t\t<div class=\"wp-block-lib-accentuated-link\">\n\t\t\t<a\n\t\t\t\tclass=\"lib-link__link\"\n\t\t\t\thref=\"https:\/\/www.blakors.no\/klinikk-haugaland\/rus-og-avhengighetsbehandling\/\"\n\t\t\t\ttarget=\"\"\n\t\t\t\trel=\"\"\n\t\t\t>\n\t\t\t\t\n\t\t\t\t<div class=\"lib-link__text-content\">\n\t\t\t\t\t<span class=\"lib-link__tagline\">\n\t\t\t\t\t\tLes ogs\u00e5\n\t\t\t\t\t<\/span>\n\n\t\t\t\t\t<h3 class=\"lib-link__title\">\n\t\t\t\t\t\tBehandlingshverdagen\n\t\t\t\t\t<\/h3>\n\n\t\t\t\t\t\n\t\t\t\t<\/div>\n\t\t\t<\/a>\n\t\t<\/div>\n\n\n<h2 class=\"wp-block-heading\" id=\"h-behandlingsplanen\">Behandlingsplanen<\/h2>\n\n\n\n<p>Behandlingstilbudet blir tilpasset den enkelte i form av en behandlingsplan. Dette er f\u00f8rst og fremst et arbeidsverkt\u00f8y som gir oversikt over din behandling. Vi utarbeider planen for hver enkelt pasient ved starten av behandlingsforl\u00f8pet. M\u00e5lsettingen er at den skal kunne definere og koordinere tiltakene, samt gi \u00f8kt kvalitet p\u00e5 behandlingen. <\/p>\n\n\n\n<p>Planen inneholder:<\/p>\n\n\n\n<ul class=\"wp-block-list\">\n<li>Hvem er  behandlingsansvarlig<\/li>\n\n\n\n<li>Hva er arbeidsdiagnose<\/li>\n\n\n\n<li>Hvilke unders\u00f8kelser blir gjort<\/li>\n\n\n\n<li>Hva inneholder behandlingen<\/li>\n\n\n\n<li>Hva er plan for utskrivelse<\/li>\n<\/ul>\n\n\n\n<p>Behandlingsplan er noe annet enn individuell plan, som klargj\u00f8r ansvarsforholdet mellom ulike involverte instanser (fastlege, NAV, psykisk helsevern), og som vil bidra til en mer helhetlig og sammenhengende oppf\u00f8lging.<\/p>\n","protected":false},"excerpt":{"rendered":"<p>Dette er d\u00f8gnplasser for opphold av noe lengre varighet, som oftest 3 m\u00e5neder. Vi vurderer lengden p\u00e5 oppholdet individuelt. Etter innleggelsen vil du ofte fortsette med behandling i poliklinikken. Du har da den samme behandleren som du har gjennom innleggelsen her hos oss. \u00c5 v\u00e6re innlagt i en d\u00f8gninstitusjon inneb\u00e6rer tett struktur med tydelige rammer. [&hellip;]<\/p>\n","protected":false},"author":23,"featured_media":52,"parent":0,"menu_order":0,"comment_status":"closed","ping_status":"closed","template":"","meta":{"_acf_changed":false,"_relevanssi_hide_post":"","_relevanssi_hide_content":"","_relevanssi_pin_for_all":"","_relevanssi_pin_keywords":"","_relevanssi_unpin_keywords":"","_relevanssi_related_keywords":"","_relevanssi_related_include_ids":"","_relevanssi_related_exclude_ids":"","_relevanssi_related_no_append":"","_relevanssi_related_not_related":"","_relevanssi_related_posts":"1","_relevanssi_noindex_reason":"","_custom_cards_description":"","footnotes":""},"class_list":["post-286","page","type-page","status-publish","has-post-thumbnail","hentry"],"acf":[],"_links":{"self":[{"href":"https:\/\/www.blakors.no\/klinikk-haugaland\/wp-json\/wp\/v2\/pages\/286","targetHints":{"allow":["GET"]}}],"collection":[{"href":"https:\/\/www.blakors.no\/klinikk-haugaland\/wp-json\/wp\/v2\/pages"}],"about":[{"href":"https:\/\/www.blakors.no\/klinikk-haugaland\/wp-json\/wp\/v2\/types\/page"}],"author":[{"embeddable":true,"href":"https:\/\/www.blakors.no\/klinikk-haugaland\/wp-json\/wp\/v2\/users\/23"}],"replies":[{"embeddable":true,"href":"https:\/\/www.blakors.no\/klinikk-haugaland\/wp-json\/wp\/v2\/comments?post=286"}],"version-history":[{"count":4,"href":"https:\/\/www.blakors.no\/klinikk-haugaland\/wp-json\/wp\/v2\/pages\/286\/revisions"}],"predecessor-version":[{"id":1179,"href":"https:\/\/www.blakors.no\/klinikk-haugaland\/wp-json\/wp\/v2\/pages\/286\/revisions\/1179"}],"wp:featuredmedia":[{"embeddable":true,"href":"https:\/\/www.blakors.no\/klinikk-haugaland\/wp-json\/wp\/v2\/media\/52"}],"wp:attachment":[{"href":"https:\/\/www.blakors.no\/klinikk-haugaland\/wp-json\/wp\/v2\/media?parent=286"}],"curies":[{"name":"wp","href":"https:\/\/api.w.org\/{rel}","templated":true}]}}