{"id":18,"date":"2020-06-21T18:26:36","date_gmt":"2020-06-21T16:26:36","guid":{"rendered":"https:\/\/www.blakors.no\/klinikk-innlandet\/?page_id=18"},"modified":"2025-06-05T09:50:55","modified_gmt":"2025-06-05T07:50:55","slug":"for-helsepersonell","status":"publish","type":"page","link":"https:\/\/www.blakors.no\/klinikk-innlandet\/for-helsepersonell\/","title":{"rendered":"Henvisning"},"content":{"rendered":"\n<p>Vi viser til <a href=\"https:\/\/www.helsedirektoratet.no\/veiledere\/henvisningsveileder\" target=\"_blank\" rel=\"noopener\">Nasjonal veileder for henvisninger til spesialisthelsetjenesten <\/a>(Helsedirektoratet 2015). Helsedirektoratet \u00f8nsker om mulig at dette blir tatt med i et fors\u00f8k p\u00e5 \u00e5 f\u00e5 bedre, mer informative henvisninger. Vurderingsinstansen m\u00e5 innhente dokumentasjon f\u00f8r vurdering, dersom henvisning er mangelfull. <\/p>\n\n\n\n<h2 id=\"innhold-i-henvisningen\"  class=\"wp-block-heading\" >Innhold i henvisningen<\/h2>\n\n\n\n<ul class=\"wp-block-list\"><li>Personopplysninger; navn, personnummer, adresse, telefon<\/li><li>Diagnose, tentativ diagnose<\/li><li>Rusmiddelbruk og annen avhengighetsproblematikk, aktuell situasjon, hvilke rusmidler, omfang, varighet, m\u00e5ten det inntas p\u00e5<\/li><li>Samarbeidspartnere og andre hjelpeinstanser som pasienten er i kontakt med<\/li><li>Ansvarsgruppe og IP<\/li><li>Tidligere og n\u00e5v\u00e6rende behandling- og oppf\u00f8lgingstiltak<\/li><li>Pasientens bakgrunn<\/li><li>Beskrivelse av somatisk helse, levevaner og bruk av legemidler<\/li><li>Beskrivelse av Psykisk helse og bruk av legemidler.<\/li><li>Resultater av relevante utredninger og unders\u00f8kelser<\/li><li>Vurdering av overdose- og selvmordsrisiko<\/li><li>Sosiale forhold; boligforhold, utdannelse og arbeid, \u00f8konomi, nettverk<\/li><li>Ansvar for mindre\u00e5rige barn<\/li><li>Familieforhold<\/li><li>Voldsrisiko, tidligere dommer<\/li><li>Forslag til \u00f8nske om type behandlingstiltak<\/li><li>Pasientens m\u00e5l for behandlingen<\/li><li>Beskrivelse og vurdering av pasientens motivasjon for behandling<\/li><li>Spesielle hensyn; tolk, kosthold, ev tilrettelegginger<\/li><\/ul>\n\n\n\n<p>Henvisning  blir sendt til n\u00e6rmeste vurderingsinstans.<\/p>\n\n\n\n<p>Vurderingsinstansen rettighetsvurderer om pasienten har rett til n\u00f8dvendig helsehjelp i TSB, n\u00e5r behandlingen b\u00f8r starte og hvilken behandlingsinstitusjon som kan ivareta pasientens behandlingsbehov.<\/p>\n\n\n\n<p>Ferdig rettighetsvurdering blir sendt pr brev til pasienten med kopi til henviser. Her er blir det opplyst ogs\u00e5 om frist for start av behandling.<\/p>\n","protected":false},"excerpt":{"rendered":"<p>Vi viser til Nasjonal veileder for henvisninger til spesialisthelsetjenesten (Helsedirektoratet 2015). Helsedirektoratet \u00f8nsker om mulig at dette blir tatt med i et fors\u00f8k p\u00e5 \u00e5 f\u00e5 bedre, mer informative henvisninger. Vurderingsinstansen m\u00e5 innhente dokumentasjon f\u00f8r vurdering, dersom henvisning er mangelfull. Innhold i henvisningen Personopplysninger; navn, personnummer, adresse, telefon Diagnose, tentativ diagnose Rusmiddelbruk og annen avhengighetsproblematikk, [&hellip;]<\/p>\n","protected":false},"author":23,"featured_media":0,"parent":0,"menu_order":0,"comment_status":"closed","ping_status":"closed","template":"","meta":{"_acf_changed":false,"_relevanssi_hide_post":"","_relevanssi_hide_content":"","_relevanssi_pin_for_all":"","_relevanssi_pin_keywords":"","_relevanssi_unpin_keywords":"","_relevanssi_related_keywords":"","_relevanssi_related_include_ids":"","_relevanssi_related_exclude_ids":"","_relevanssi_related_no_append":"","_relevanssi_related_not_related":"","_relevanssi_related_posts":"1","_relevanssi_noindex_reason":"","_custom_cards_description":"","footnotes":""},"class_list":["post-18","page","type-page","status-publish","hentry"],"acf":[],"_links":{"self":[{"href":"https:\/\/www.blakors.no\/klinikk-innlandet\/wp-json\/wp\/v2\/pages\/18","targetHints":{"allow":["GET"]}}],"collection":[{"href":"https:\/\/www.blakors.no\/klinikk-innlandet\/wp-json\/wp\/v2\/pages"}],"about":[{"href":"https:\/\/www.blakors.no\/klinikk-innlandet\/wp-json\/wp\/v2\/types\/page"}],"author":[{"embeddable":true,"href":"https:\/\/www.blakors.no\/klinikk-innlandet\/wp-json\/wp\/v2\/users\/23"}],"replies":[{"embeddable":true,"href":"https:\/\/www.blakors.no\/klinikk-innlandet\/wp-json\/wp\/v2\/comments?post=18"}],"version-history":[{"count":5,"href":"https:\/\/www.blakors.no\/klinikk-innlandet\/wp-json\/wp\/v2\/pages\/18\/revisions"}],"predecessor-version":[{"id":610,"href":"https:\/\/www.blakors.no\/klinikk-innlandet\/wp-json\/wp\/v2\/pages\/18\/revisions\/610"}],"wp:attachment":[{"href":"https:\/\/www.blakors.no\/klinikk-innlandet\/wp-json\/wp\/v2\/media?parent=18"}],"curies":[{"name":"wp","href":"https:\/\/api.w.org\/{rel}","templated":true}]}}