{"id":43,"date":"2020-06-22T12:11:23","date_gmt":"2020-06-22T10:11:23","guid":{"rendered":"https:\/\/www.blakors.no\/klinikk-innlandet\/?page_id=43"},"modified":"2024-05-27T10:26:36","modified_gmt":"2024-05-27T08:26:36","slug":"behandling","status":"publish","type":"page","link":"https:\/\/www.blakors.no\/klinikk-innlandet\/behandling\/","title":{"rendered":"Behandling"},"content":{"rendered":"<div class=\"custom-block-banner alignwide contenthalf\"><div class=\"banner-image\" style=\"background-image:url(https:\/\/www.blakors.no\/content\/uploads\/sites\/14\/2020\/10\/Gruppeterapi-Bla\u030a-Kors-Behandlingssenter-Eina-1024x692.jpg)\"><\/div><div class=\"banner-inner\"><div><h1 id=\"rusbehandling\"  class=\"title large \" >Rusbehandling <\/h1><p>Behandlingen er tverrfaglig og har fokus p\u00e5 psykisk og fysisk helse, rusmestring og en meningsfull hverdag. <\/p><div class=\"wp-block-button is-style-primary small\"><a class=\"wp-block-button__link\" href=\"https:\/\/www.blakors.no\/klinikk-innlandet\/kontakt-oss\/\" target=\"\">Kontakt oss<\/a><\/div><\/div><\/div><\/div>\n\n\n\n\n<h2 class=\"wp-block-heading\" id=\"h-dine-mal-for-behandlingen\">Dine m\u00e5l for behandlingen<\/h2>\n\n\n\n<p>Behandling ved klinikken blir tilpasset deg og dine behov. Du lager sammen med teamet en plan med dine m\u00e5l for behandlingen. Vi behandler \u00e5rsaken til rusavhengigheten, ikke symptomene, og benytter anbefalte faglige metoder som er tilpasset din problematikk. Behandlingen foreg\u00e5r i samtaler med  behandler, i grupper og gjennom ulike aktiviteter.<\/p>\n\n\n\n<h2 class=\"wp-block-heading\" id=\"h-tverrfaglig-team\">Tverrfaglig team<\/h2>\n\n\n\n<p>Hos oss f\u00e5r du et team som samarbeider med deg gjennom hele oppholdet. Teamet har psykologfaglig, medisinsk- og sosialfaglig kompetanse. Vi legger vekt p\u00e5 at det blir en god relasjon mellom deg og teamet som fortsetter gjennom hele behandlingsforl\u00f8pet.<\/p>\n\n\n\n<figure class=\"wp-block-image size-large\"><img loading=\"lazy\" decoding=\"async\" width=\"1024\" height=\"683\" src=\"https:\/\/www.blakors.no\/content\/uploads\/sites\/14\/2020\/10\/Samlet-rundt-bordet-Bla\u030a-Kors-Behandlingssenter-Eina-1024x683.jpg\" alt=\"\" class=\"wp-image-119\" srcset=\"https:\/\/www.blakors.no\/content\/uploads\/sites\/14\/2020\/10\/Samlet-rundt-bordet-Bla\u030a-Kors-Behandlingssenter-Eina-1024x683.jpg 1024w, https:\/\/www.blakors.no\/content\/uploads\/sites\/14\/2020\/10\/Samlet-rundt-bordet-Bla\u030a-Kors-Behandlingssenter-Eina-300x200.jpg 300w, https:\/\/www.blakors.no\/content\/uploads\/sites\/14\/2020\/10\/Samlet-rundt-bordet-Bla\u030a-Kors-Behandlingssenter-Eina-768x512.jpg 768w, https:\/\/www.blakors.no\/content\/uploads\/sites\/14\/2020\/10\/Samlet-rundt-bordet-Bla\u030a-Kors-Behandlingssenter-Eina-1536x1024.jpg 1536w, https:\/\/www.blakors.no\/content\/uploads\/sites\/14\/2020\/10\/Samlet-rundt-bordet-Bla\u030a-Kors-Behandlingssenter-Eina.jpg 1600w\" sizes=\"auto, (max-width: 1024px) 100vw, 1024px\" \/><\/figure>\n\n\n\n<h2 class=\"wp-block-heading\" id=\"h-behandling-individuelt-og-i-gruppe\">Behandling individuelt og i gruppe<\/h2>\n\n\n\n<p>Problematisk bruk av rusmidler f\u00e5r ofte negative konsekvenser for mange livsomr\u00e5der, og p\u00e5virker relasjonene til de rundt oss. \u00c5rsakene til rusmiddelmisbruk og avhengighet er ofte sammensatte. Kartlegging og utredning av rusens funksjon og psykisk helse er derfor en viktig del av behandlingen hos oss. Behandler f\u00f8lger deg med ukentlige samtaler gjennom hele oppholdet. Det jobbes med temaene i individualsamtaler og i gruppe.<\/p>\n\n\n\n<h2 class=\"wp-block-heading\" id=\"h-meningsfull-hverdag\">Meningsfull hverdag<\/h2>\n\n\n\n<p>Bolig, meningsfull aktivitet i hverdagen og trygge relasjoner til andre er grunnleggende menneskelige behov. Kartlegging av ulike livsomr\u00e5der og utfordringer er derfor en annen viktig del av behandlingen, slik at vi under behandlingsoppholdet sammen med deg kan jobbe med det som er betydningsfullt for deg.<\/p>\n\n\n\n<p>Fysisk helse blir p\u00e5virket av rusmiddelbruk, og den blir utredet og fulgt opp av lege og sykepleiere ved klinikken.<\/p>\n\n\n\n<div class=\"custom-block-factbox\">\n\t<p><strong>Kort om behandlingstilbudet:<\/strong><\/p>\n<ul>\n<li>Tverrfaglig<\/li>\n<li>Kunnskapsbasert<\/li>\n<li>Individuell behandling og gruppeterapi<\/li>\n<li>Oppmerksomhet p\u00e5 boligsituasjon, \u00f8konomi, arbeid og aktivitet<\/li>\n<li>Samarbeid med p\u00e5r\u00f8rende<\/li>\n<li>Vi er religion- og livssynsn\u00f8ytralt<\/li>\n<\/ul>\n<\/div>\n\n\n\n<h2 class=\"wp-block-heading\" id=\"h-noen-bildeglimt\">Noen bildeglimt<\/h2>\n\n\n\t<div class=\"custom-block-gallery\" data-pswp-uid=\"69e65ff4a1c1a\">\n\t\t<ul class=\"gallery\">\n\t\t\t\t\t\t\t<li class=\"gallery-item\" data-pswp-pid=\"0\">\n\t\t\t\t\t<img loading=\"lazy\" decoding=\"async\" src=\"https:\/\/www.blakors.no\/content\/uploads\/sites\/14\/2020\/10\/Bygget-Bla\u030a-Kors-Behandlingssenter-Eina-768x512.jpg\" alt=\"\" width=\"1024\" height=\"683\" \/>\n\t\t\t\t\t\t\t\t\t<\/li>\n\t\t\t\t\t\t\t\t<li class=\"gallery-item\" data-pswp-pid=\"1\">\n\t\t\t\t\t<img loading=\"lazy\" decoding=\"async\" src=\"https:\/\/www.blakors.no\/content\/uploads\/sites\/14\/2020\/10\/Rommet-Bla\u030a-Kors-Behandlingssenter-Eina-768x506.jpg\" alt=\"\" width=\"1024\" height=\"675\" \/>\n\t\t\t\t\t\t\t\t\t<\/li>\n\t\t\t\t\t\t\t\t<li class=\"gallery-item\" data-pswp-pid=\"2\">\n\t\t\t\t\t<img loading=\"lazy\" decoding=\"async\" src=\"https:\/\/www.blakors.no\/content\/uploads\/sites\/14\/2020\/10\/Kanotur-Bla\u030a-Kors-Behandlingssenter-Eina-768x512.jpg\" alt=\"\" width=\"1024\" height=\"683\" \/>\n\t\t\t\t\t\t\t\t\t<\/li>\n\t\t\t\t\t\t\t\t<li class=\"gallery-item\" data-pswp-pid=\"3\">\n\t\t\t\t\t<img loading=\"lazy\" decoding=\"async\" src=\"https:\/\/www.blakors.no\/content\/uploads\/sites\/14\/2020\/10\/Aktiviteter-Bla\u030a-Kors-Behandlingssenter-Eina-768x519.jpg\" alt=\"\" width=\"1024\" height=\"692\" \/>\n\t\t\t\t\t\t\t\t\t<\/li>\n\t\t\t\t\t\t<\/ul>\n\t<\/div>\n","protected":false},"excerpt":{"rendered":"<p>Dine m\u00e5l for behandlingen Behandling ved klinikken blir tilpasset deg og dine behov. Du lager sammen med teamet en plan med dine m\u00e5l for behandlingen. Vi behandler \u00e5rsaken til rusavhengigheten, ikke symptomene, og benytter anbefalte faglige metoder som er tilpasset din problematikk. Behandlingen foreg\u00e5r i samtaler med behandler, i grupper og gjennom ulike aktiviteter. Tverrfaglig [&hellip;]<\/p>\n","protected":false},"author":23,"featured_media":115,"parent":0,"menu_order":0,"comment_status":"closed","ping_status":"closed","template":"","meta":{"_acf_changed":false,"_relevanssi_hide_post":"","_relevanssi_hide_content":"","_relevanssi_pin_for_all":"on","_relevanssi_pin_keywords":"Rusbehandling, alkoholavhengighet, kj\u00f8nnsdelt behandling, behandling for menn","_relevanssi_unpin_keywords":"","_relevanssi_related_keywords":"","_relevanssi_related_include_ids":"","_relevanssi_related_exclude_ids":"","_relevanssi_related_no_append":"","_relevanssi_related_not_related":"","_relevanssi_related_posts":"1","_relevanssi_noindex_reason":"","_custom_cards_description":"","footnotes":""},"class_list":["post-43","page","type-page","status-publish","has-post-thumbnail","hentry"],"acf":[],"_links":{"self":[{"href":"https:\/\/www.blakors.no\/klinikk-innlandet\/wp-json\/wp\/v2\/pages\/43","targetHints":{"allow":["GET"]}}],"collection":[{"href":"https:\/\/www.blakors.no\/klinikk-innlandet\/wp-json\/wp\/v2\/pages"}],"about":[{"href":"https:\/\/www.blakors.no\/klinikk-innlandet\/wp-json\/wp\/v2\/types\/page"}],"author":[{"embeddable":true,"href":"https:\/\/www.blakors.no\/klinikk-innlandet\/wp-json\/wp\/v2\/users\/23"}],"replies":[{"embeddable":true,"href":"https:\/\/www.blakors.no\/klinikk-innlandet\/wp-json\/wp\/v2\/comments?post=43"}],"version-history":[{"count":5,"href":"https:\/\/www.blakors.no\/klinikk-innlandet\/wp-json\/wp\/v2\/pages\/43\/revisions"}],"predecessor-version":[{"id":489,"href":"https:\/\/www.blakors.no\/klinikk-innlandet\/wp-json\/wp\/v2\/pages\/43\/revisions\/489"}],"wp:featuredmedia":[{"embeddable":true,"href":"https:\/\/www.blakors.no\/klinikk-innlandet\/wp-json\/wp\/v2\/media\/115"}],"wp:attachment":[{"href":"https:\/\/www.blakors.no\/klinikk-innlandet\/wp-json\/wp\/v2\/media?parent=43"}],"curies":[{"name":"wp","href":"https:\/\/api.w.org\/{rel}","templated":true}]}}