{"id":187,"date":"2020-11-03T23:31:38","date_gmt":"2020-11-03T22:31:38","guid":{"rendered":"https:\/\/www.blakors.no\/klinikk-oslo-sentrum\/?page_id=187"},"modified":"2022-03-21T08:50:16","modified_gmt":"2022-03-21T07:50:16","slug":"dataspillavhengighet","status":"publish","type":"page","link":"https:\/\/www.blakors.no\/klinikk-oslo-sentrum\/dataspillavhengighet\/","title":{"rendered":"Gaming"},"content":{"rendered":"<div class=\"custom-block-banner alignwide contenthalf\"><div class=\"banner-image\" style=\"background-image:url(https:\/\/www.blakors.no\/content\/uploads\/sites\/13\/2022\/03\/Stopp-a\u030a-game-scaled-1-1024x658.jpg)\"><\/div><div class=\"banner-inner\"><div><h1 id=\"dataspillavhengighet\"  class=\"title large \" >Dataspillavhengighet<\/h1><p>Har gaming blitt s\u00e5 viktig at du har valgt bort mye annet som betyr noe for deg?<\/p><\/div><\/div><\/div>\n\n\n<h2 class=\"wp-block-heading\" id=\"gaming-kan-vaere-fantastisk-men\">Gaming kan v\u00e6re&nbsp;fantastisk, men:<\/h2>\n\n\n\n<ul class=\"wp-block-list\"><li>Det kan komme i veien for andre ting du \u00f8nsker \u00e5 gj\u00f8re i livet.<\/li><li>Du har lyst til \u00e5 bruke mer tid p\u00e5 skole, jobb eller andre hobbyer enn gaming.<\/li><li>Spillingen kan skape konflikter hjemme.<\/li><li>Du \u00f8nsker deg venner, ogs\u00e5 utenfor spillverdenen.<\/li><\/ul>\n\n\n\n<p>V\u00e5re terapeuter har kompetanse p\u00e5 problemskapende gaming og endringsprosesser. Vi jobber sammen med deg om \u00e5rsakene til, og konsekvensene av, problemskapende gaming. Vi tilbyr:<\/p>\n\n\n\n<ul class=\"wp-block-list\"><li>individualterapi<\/li><li>familieterapi ved konflikter knyttet til problemskapende gaming<\/li><li>veiledning til foreldre<\/li><\/ul>\n\n\n\n<h2 class=\"wp-block-heading\" id=\"h-okonomisk-radgivning\">\u00d8konomisk r\u00e5dgivning<\/h2>\n\n\n\n<p>I forbindelse med behandling og oppf\u00f8lging ved poliklinikken tilbyr vi ogs\u00e5 \u00f8konomisk r\u00e5dgivning. V\u00e5r \u00f8konomir\u00e5dgiver bist\u00e5r med \u00e5 skaffe oversikt og kontroll over \u00f8konomien din gjennom ulike relevante tiltak. Det er for eksempel:<\/p>\n\n\n\n<ul class=\"wp-block-list\"><li>\u00e5 sette opp budsjett<\/li><li>reforhandle l\u00e5n og kredittgjeld<\/li><li>bist\u00e5 med s\u00f8knad om gjeldsordning<\/li><li>veilede om rettigheter til st\u00f8nader og lignende<\/li><\/ul>\n\n\n\n<p>Dersom du \u00f8nsker kontakt med v\u00e5r \u00f8konomir\u00e5dgiver, be din behandler om \u00e5 henvise deg. \u00d8konomir\u00e5dgiveren vil s\u00e5 ta kontakt for \u00e5 sette opp time. Tilbudet gjennomf\u00f8res p\u00e5 poliklinikken.<\/p>\n\n\n\n<h2 id=\"hvordan-fa-hjelp-hos-oss\"  class=\"wp-block-heading\" >Hvordan f\u00e5 hjelp hos oss?<\/h2>\n\n\n\n<p>Du trenger en henvisning. Den f\u00e5r du for eksempel hos fastlege, psykolog eller NAV.<\/p>\n\n\n\n<h2 id=\"kontakt-oss\"  class=\"wp-block-heading\" >Kontakt oss<\/h2>\n\n\n\n<p>Har du sp\u00f8rsm\u00e5l om gaming, s\u00e5 ta gjerne ta kontakt med oss p\u00e5 telefon: 22 99 49 00. <\/p>\n\n\n\n<div class=\"wp-block-lib-accentuated-link\"><a class=\"lib-link__link\" href=\"https:\/\/www.blakors.no\/fagside\/dataspillavhengighet\/\" rel=\"noreferrer noopener\" target=\"_blank\"><div class=\"lib-link__text-content\"><h6 id=\"les-ogsa\"  class=\"lib-link__tagline\" >Les ogs\u00e5<\/h6><h3 id=\"mer-om-dataspillavhengighet\"  class=\"lib-link__title\" >Mer om dataspillavhengighet<\/h3><\/div><\/a><\/div>\n\n\n\n<div class=\"wp-block-lib-accentuated-link\"><a class=\"lib-link__link\" href=\"https:\/\/www.blakors.no\/fagside\/gaming-og-dataspilling\/\" rel=\"noreferrer noopener\" target=\"_blank\"><div class=\"lib-link__text-content\"><h6 id=\"les-ogsa\"  class=\"lib-link__tagline\" >Les ogs\u00e5<\/h6><h3 id=\"gaming-til-bekymring-og-begeistring\"  class=\"lib-link__title\" >Gaming til bekymring og begeistring<\/h3><\/div><\/a><\/div>\n","protected":false},"excerpt":{"rendered":"<p>Gaming kan v\u00e6re&nbsp;fantastisk, men: Det kan komme i veien for andre ting du \u00f8nsker \u00e5 gj\u00f8re i livet. Du har lyst til \u00e5 bruke mer tid p\u00e5 skole, jobb eller andre hobbyer enn gaming. Spillingen kan skape konflikter hjemme. Du \u00f8nsker deg venner, ogs\u00e5 utenfor spillverdenen. V\u00e5re terapeuter har kompetanse p\u00e5 problemskapende gaming og endringsprosesser. [&hellip;]<\/p>\n","protected":false},"author":23,"featured_media":147,"parent":0,"menu_order":0,"comment_status":"closed","ping_status":"closed","template":"","meta":{"_acf_changed":false,"_relevanssi_hide_post":"","_relevanssi_hide_content":"","_relevanssi_pin_for_all":"on","_relevanssi_pin_keywords":"Dataspill, dataspillavhengighet, ","_relevanssi_unpin_keywords":"","_relevanssi_related_keywords":"","_relevanssi_related_include_ids":"","_relevanssi_related_exclude_ids":"","_relevanssi_related_no_append":"","_relevanssi_related_not_related":"","_relevanssi_related_posts":"1","_relevanssi_noindex_reason":"","_custom_cards_description":"","footnotes":""},"class_list":["post-187","page","type-page","status-publish","has-post-thumbnail","hentry"],"acf":[],"_links":{"self":[{"href":"https:\/\/www.blakors.no\/klinikk-oslo-sentrum\/wp-json\/wp\/v2\/pages\/187","targetHints":{"allow":["GET"]}}],"collection":[{"href":"https:\/\/www.blakors.no\/klinikk-oslo-sentrum\/wp-json\/wp\/v2\/pages"}],"about":[{"href":"https:\/\/www.blakors.no\/klinikk-oslo-sentrum\/wp-json\/wp\/v2\/types\/page"}],"author":[{"embeddable":true,"href":"https:\/\/www.blakors.no\/klinikk-oslo-sentrum\/wp-json\/wp\/v2\/users\/23"}],"replies":[{"embeddable":true,"href":"https:\/\/www.blakors.no\/klinikk-oslo-sentrum\/wp-json\/wp\/v2\/comments?post=187"}],"version-history":[{"count":28,"href":"https:\/\/www.blakors.no\/klinikk-oslo-sentrum\/wp-json\/wp\/v2\/pages\/187\/revisions"}],"predecessor-version":[{"id":1229,"href":"https:\/\/www.blakors.no\/klinikk-oslo-sentrum\/wp-json\/wp\/v2\/pages\/187\/revisions\/1229"}],"wp:featuredmedia":[{"embeddable":true,"href":"https:\/\/www.blakors.no\/klinikk-oslo-sentrum\/wp-json\/wp\/v2\/media\/147"}],"wp:attachment":[{"href":"https:\/\/www.blakors.no\/klinikk-oslo-sentrum\/wp-json\/wp\/v2\/media?parent=187"}],"curies":[{"name":"wp","href":"https:\/\/api.w.org\/{rel}","templated":true}]}}