{"id":1160,"date":"2025-11-04T08:39:58","date_gmt":"2025-11-04T07:39:58","guid":{"rendered":"https:\/\/www.blakors.no\/klinikk-oslo-vest\/?page_id=1160"},"modified":"2025-11-04T08:40:03","modified_gmt":"2025-11-04T07:40:03","slug":"tannhelse","status":"publish","type":"page","link":"https:\/\/www.blakors.no\/klinikk-oslo-vest\/tannhelse\/","title":{"rendered":"Tannhelse"},"content":{"rendered":"\n<p>Alle som har psykiske lidelser og\/eller rusmiddelproblemer b\u00f8r regelmessig f\u00f8lges opp av tannhelsepersonell.<\/p>\n\n\n\n<h2 id=\"utredning\"  class=\"wp-block-heading\" ><strong>Utredning<\/strong><\/h2>\n\n\n\n<ol start=\"1\" class=\"wp-block-list\">\n<li>Har du smerter eller andre problemer i munnen?<\/li>\n\n\n\n<li>Hvor lenge er det siden ditt forrige tannlege-\/tannpleierbes\u00f8k?<br>\u2013 Hvis det er mer enn 2 \u00e5r siden: Hva er \u00e5rsaken til at du ikke har v\u00e6rt hos tannlege\/tannpleier p\u00e5 lang tid?<br>\u2013 Hvis angst er \u00e5rsak, m\u00e5 det opplyses om det i henvisningen til tannlege\/tannpleier.<\/li>\n<\/ol>\n\n\n\n<h2 id=\"dekning-av-utgifter\"  class=\"wp-block-heading\" ><strong>Dekning av utgifter<\/strong><\/h2>\n\n\n\n<p>Bl\u00e5 Kors samarbeidet med privat tannhelsetjeneste for \u00e5 gi tannbehandling de de som ikke f\u00e5r hjelp i den offentlige tannhelsetjenesten. Er du pasient i kategorien \u00abuten s\u00e6rskilt rettighet\u00bb, og som er 21 \u00e5r eller eldre, blir henvist i samr\u00e5d med deg<\/p>\n\n\n\n<p>F\u00e5r du allerede&nbsp;st\u00f8tte fra Nav til \u00e5 betale utgifter for \u00e5 leve, s\u00e5kalte levekostnader eller livsopphold, s\u00e5 kan du ogs\u00e5 f\u00e5 dekket utgifter til tannbehandling.<\/p>\n\n\n\n<h2 id=\"videre-oppfolging\"  class=\"wp-block-heading\" ><strong>Videre oppf\u00f8lging<\/strong><\/h2>\n\n\n\n<p>Pasienten b\u00f8r f\u00f8lges tett av tannhelsetjenesten. I hovedsak er det tannhelsepersonell som kaller inn pasientene til oppf\u00f8lging, men det b\u00f8r skje i samarbeid med den som er behandlingsansvarlig for pasienten.<\/p>\n\n\n\n<h2 id=\"tilstander-som-gir-rett-til-stonad\"  class=\"wp-block-heading\" ><strong>Tilstander som gir rett til st\u00f8nad<\/strong><\/h2>\n\n\n\n<p>Det finnes 15 tilstander\/tilfeller som kan gi rett til st\u00f8nad til dekning av utgifter til tannbehandling etter <a href=\"https:\/\/www.helfo.no\/regelverk-og-takster\/overordnet-regelverk\/tilstander-som-kan-gi-rett-til-st%C3%B8nad-til-tannbehandling\" target=\"_blank\" rel=\"noopener\">folketrygdlovens regler.<\/a><\/p>\n","protected":false},"excerpt":{"rendered":"<p>Alle som har psykiske lidelser og\/eller rusmiddelproblemer b\u00f8r regelmessig f\u00f8lges opp av tannhelsepersonell. Utredning Dekning av utgifter Bl\u00e5 Kors samarbeidet med privat tannhelsetjeneste for \u00e5 gi tannbehandling de de som ikke f\u00e5r hjelp i den offentlige tannhelsetjenesten. Er du pasient i kategorien \u00abuten s\u00e6rskilt rettighet\u00bb, og som er 21 \u00e5r eller eldre, blir henvist i [&hellip;]<\/p>\n","protected":false},"author":7,"featured_media":0,"parent":0,"menu_order":0,"comment_status":"closed","ping_status":"closed","template":"","meta":{"_acf_changed":false,"_relevanssi_hide_post":"","_relevanssi_hide_content":"","_relevanssi_pin_for_all":"","_relevanssi_pin_keywords":"","_relevanssi_unpin_keywords":"","_relevanssi_related_keywords":"","_relevanssi_related_include_ids":"","_relevanssi_related_exclude_ids":"","_relevanssi_related_no_append":"","_relevanssi_related_not_related":"","_relevanssi_related_posts":"","_relevanssi_noindex_reason":"","_custom_cards_description":"","footnotes":""},"class_list":["post-1160","page","type-page","status-publish","hentry"],"acf":[],"_links":{"self":[{"href":"https:\/\/www.blakors.no\/klinikk-oslo-vest\/wp-json\/wp\/v2\/pages\/1160","targetHints":{"allow":["GET"]}}],"collection":[{"href":"https:\/\/www.blakors.no\/klinikk-oslo-vest\/wp-json\/wp\/v2\/pages"}],"about":[{"href":"https:\/\/www.blakors.no\/klinikk-oslo-vest\/wp-json\/wp\/v2\/types\/page"}],"author":[{"embeddable":true,"href":"https:\/\/www.blakors.no\/klinikk-oslo-vest\/wp-json\/wp\/v2\/users\/7"}],"replies":[{"embeddable":true,"href":"https:\/\/www.blakors.no\/klinikk-oslo-vest\/wp-json\/wp\/v2\/comments?post=1160"}],"version-history":[{"count":1,"href":"https:\/\/www.blakors.no\/klinikk-oslo-vest\/wp-json\/wp\/v2\/pages\/1160\/revisions"}],"predecessor-version":[{"id":1161,"href":"https:\/\/www.blakors.no\/klinikk-oslo-vest\/wp-json\/wp\/v2\/pages\/1160\/revisions\/1161"}],"wp:attachment":[{"href":"https:\/\/www.blakors.no\/klinikk-oslo-vest\/wp-json\/wp\/v2\/media?parent=1160"}],"curies":[{"name":"wp","href":"https:\/\/api.w.org\/{rel}","templated":true}]}}

<p>Alle som har psykiske lidelser og/eller rusmiddelproblemer bør regelmessig følges opp av tannhelsepersonell.</p>



<h2 id="utredning"  class="wp-block-heading" ><strong>Utredning</strong></h2>



<ol start="1" class="wp-block-list">
<li>Har du smerter eller andre problemer i munnen?</li>



<li>Hvor lenge er det siden ditt forrige tannlege-/tannpleierbesøk?<br>– Hvis det er mer enn 2 år siden: Hva er årsaken til at du ikke har vært hos tannlege/tannpleier på lang tid?<br>– Hvis angst er årsak, må det opplyses om det i henvisningen til tannlege/tannpleier.</li>
</ol>



<h2 id="dekning-av-utgifter"  class="wp-block-heading" ><strong>Dekning av utgifter</strong></h2>



<p>Blå Kors samarbeidet med privat tannhelsetjeneste for å gi tannbehandling de de som ikke får hjelp i den offentlige tannhelsetjenesten. Er du pasient i kategorien «uten særskilt rettighet», og som er 21 år eller eldre, blir henvist i samråd med deg</p>



<p>Får du allerede&nbsp;støtte fra Nav til å betale utgifter for å leve, såkalte levekostnader eller livsopphold, så kan du også få dekket utgifter til tannbehandling.</p>



<h2 id="videre-oppfolging"  class="wp-block-heading" ><strong>Videre oppfølging</strong></h2>



<p>Pasienten bør følges tett av tannhelsetjenesten. I hovedsak er det tannhelsepersonell som kaller inn pasientene til oppfølging, men det bør skje i samarbeid med den som er behandlingsansvarlig for pasienten.</p>



<h2 id="tilstander-som-gir-rett-til-stonad"  class="wp-block-heading" ><strong>Tilstander som gir rett til stønad</strong></h2>



<p>Det finnes 15 tilstander/tilfeller som kan gi rett til stønad til dekning av utgifter til tannbehandling etter <a href="https://www.helfo.no/regelverk-og-takster/overordnet-regelverk/tilstander-som-kan-gi-rett-til-st%C3%B8nad-til-tannbehandling" target="_blank" rel="noopener">folketrygdlovens regler.</a></p>

<p>Alle som har psykiske lidelser og/eller rusmiddelproblemer bør regelmessig følges opp av tannhelsepersonell. Utredning Dekning av utgifter Blå Kors samarbeidet med privat tannhelsetjeneste for å gi tannbehandling de de som ikke får hjelp i den offentlige tannhelsetjenesten. Er du pasient i kategorien «uten særskilt rettighet», og som er 21 år eller eldre, blir henvist i [&hellip;]</p>
