{"id":212,"date":"2020-12-11T11:12:03","date_gmt":"2020-12-11T10:12:03","guid":{"rendered":"https:\/\/www.blakors.no\/klinikk-oslo-vest\/?page_id=212"},"modified":"2021-01-22T13:13:20","modified_gmt":"2021-01-22T12:13:20","slug":"behandlingsfasene","status":"publish","type":"page","link":"https:\/\/www.blakors.no\/klinikk-oslo-vest\/behandlingsfasene\/","title":{"rendered":"Behandlingsfasene"},"content":{"rendered":"\n<p>Behandlingsopplegget hos oss er inndelt i faser.<\/p>\n\n\n\n<h2 class=\"wp-block-heading\" id=\"fase-1-oppstartsfase-stabiliseringsfase\"><strong>Fase 1: oppstartsfase\/stabiliseringsfase<\/strong><\/h2>\n\n\n\n<p><strong>Uke 1 \u2013 6<\/strong><\/p>\n\n\n\n<ul class=\"wp-block-list\"><li>Kartlegge\/utrede behandlingsbehov og motivasjon<\/li><li>Utarbeide m\u00e5lsetting, behandlingsplan, milj\u00f8terapeutisk tiltaksplan og individuell plan i samarbeid med pasient<\/li><li>Etablere en god behandlingsrelasjon og skape trygghet og tilh\u00f8righet<\/li><li>Skjerme mot rus i en ambivalent\/ustabil fase<\/li><li>Ukentlig individuelle samtaler med behandler<\/li><li>Oppstart i gruppeterapi<\/li><li>Etablere ansvarsgruppe med fokus p\u00e5 veien videre etter behandling<\/li><\/ul>\n\n\n\n<h2 class=\"wp-block-heading\" id=\"fase-2-behandlingsfase\"><strong>Fase 2: Behandlingsfase<\/strong><\/h2>\n\n\n\n<p><strong>Uke 6 \u2013 m\u00e5ned 9<\/strong><\/p>\n\n\n\n<ul class=\"wp-block-list\"><li>Milj\u00f8terapeutisk tiln\u00e6rming. Hva er pasientens utfordringer i det daglige, ressurser og mestringsstrategier<\/li><li>Nettverkskartlegging<\/li><li>Jevnlige familiesamtaler og evt. barnesamtaler ved behov og pasientens \u00f8nske<\/li><li>Forebygging av tilbakefall<\/li><li>Mulighet for permisjon hver 14.dag<\/li><li>Etablere nettverksm\u00f8ter med p\u00e5r\u00f8rende, kommune og frivillige<\/li><li>Delta i eksterne aktiviteter utenfor huset som selvhjelpsgrupper, lavtekseltilbud, eller annen fritidsaktivitet.<\/li><li>Samhandling med kommunen og andre instanser om videre tiltak etter utskrivning<\/li><\/ul>\n\n\n\n<h2 class=\"wp-block-heading\" id=\"fase-3-forberedelsesfase-mot-utflytting\"><strong>Fase 3: Forberedelsesfase mot utflytting<\/strong><\/h2>\n\n\n\n<p><strong>M\u00e5ned 9 \u2013 12<\/strong><\/p>\n\n\n\n<ul class=\"wp-block-list\"><li>Mulighet for \u00e5 flytte til overgangsleilighet p\u00e5 huset<\/li><li>Samhandle med kommunen om tiltak etter utskriving<\/li><li>Lengre permisjoner for bo-trening i egen bolig<\/li><li>Eget kostbudsjett med muligheter for egne m\u00e5ltider p\u00e5 treningskj\u00f8kken<\/li><li>P\u00e5r\u00f8rende-m\u00f8te og familiesamtaler<\/li><li>Brukerstyrte tiltak<\/li><li>Vurdere videre henvisning til poliklinisk oppf\u00f8lging<\/li><\/ul>\n\n\n\n<h2 class=\"wp-block-heading\" id=\"oppfolging-etter-utskriving\">Oppf\u00f8lging etter utskriving<\/h2>\n\n\n\n<ul class=\"wp-block-list\"><li>Mulighet for brukerstyrt seng inntil 6 m\u00e5neder<\/li><li>Tilbud om telefonkontakt inntil 6 m\u00e5neder<\/li><li>Velkommen tilbake-sammenkomst. Bidra med brukererfaring og delta i p\u00e5g\u00e5ende gruppe\/temam\u00f8te<\/li><\/ul>\n","protected":false},"excerpt":{"rendered":"<p>Behandlingsopplegget hos oss er inndelt i faser. Fase 1: oppstartsfase\/stabiliseringsfase Uke 1 \u2013 6 Kartlegge\/utrede behandlingsbehov og motivasjon Utarbeide m\u00e5lsetting, behandlingsplan, milj\u00f8terapeutisk tiltaksplan og individuell plan i samarbeid med pasient Etablere en god behandlingsrelasjon og skape trygghet og tilh\u00f8righet Skjerme mot rus i en ambivalent\/ustabil fase Ukentlig individuelle samtaler med behandler Oppstart i gruppeterapi Etablere [&hellip;]<\/p>\n","protected":false},"author":7,"featured_media":0,"parent":0,"menu_order":0,"comment_status":"closed","ping_status":"closed","template":"","meta":{"_acf_changed":false,"_relevanssi_hide_post":"","_relevanssi_hide_content":"","_relevanssi_pin_for_all":"","_relevanssi_pin_keywords":"","_relevanssi_unpin_keywords":"","_relevanssi_related_keywords":"","_relevanssi_related_include_ids":"","_relevanssi_related_exclude_ids":"","_relevanssi_related_no_append":"","_relevanssi_related_not_related":"","_relevanssi_related_posts":"1","_relevanssi_noindex_reason":"","_custom_cards_description":"","footnotes":""},"class_list":["post-212","page","type-page","status-publish","hentry"],"acf":[],"_links":{"self":[{"href":"https:\/\/www.blakors.no\/klinikk-oslo-vest\/wp-json\/wp\/v2\/pages\/212","targetHints":{"allow":["GET"]}}],"collection":[{"href":"https:\/\/www.blakors.no\/klinikk-oslo-vest\/wp-json\/wp\/v2\/pages"}],"about":[{"href":"https:\/\/www.blakors.no\/klinikk-oslo-vest\/wp-json\/wp\/v2\/types\/page"}],"author":[{"embeddable":true,"href":"https:\/\/www.blakors.no\/klinikk-oslo-vest\/wp-json\/wp\/v2\/users\/7"}],"replies":[{"embeddable":true,"href":"https:\/\/www.blakors.no\/klinikk-oslo-vest\/wp-json\/wp\/v2\/comments?post=212"}],"version-history":[{"count":7,"href":"https:\/\/www.blakors.no\/klinikk-oslo-vest\/wp-json\/wp\/v2\/pages\/212\/revisions"}],"predecessor-version":[{"id":580,"href":"https:\/\/www.blakors.no\/klinikk-oslo-vest\/wp-json\/wp\/v2\/pages\/212\/revisions\/580"}],"wp:attachment":[{"href":"https:\/\/www.blakors.no\/klinikk-oslo-vest\/wp-json\/wp\/v2\/media?parent=212"}],"curies":[{"name":"wp","href":"https:\/\/api.w.org\/{rel}","templated":true}]}}

<p>Behandlingsopplegget hos oss er inndelt i faser.</p>



<h2 class="wp-block-heading" id="fase-1-oppstartsfase-stabiliseringsfase"><strong>Fase 1: oppstartsfase/stabiliseringsfase</strong></h2>



<p><strong>Uke 1 – 6</strong></p>



<ul class="wp-block-list"><li>Kartlegge/utrede behandlingsbehov og motivasjon</li><li>Utarbeide målsetting, behandlingsplan, miljøterapeutisk tiltaksplan og individuell plan i samarbeid med pasient</li><li>Etablere en god behandlingsrelasjon og skape trygghet og tilhørighet</li><li>Skjerme mot rus i en ambivalent/ustabil fase</li><li>Ukentlig individuelle samtaler med behandler</li><li>Oppstart i gruppeterapi</li><li>Etablere ansvarsgruppe med fokus på veien videre etter behandling</li></ul>



<h2 class="wp-block-heading" id="fase-2-behandlingsfase"><strong>Fase 2: Behandlingsfase</strong></h2>



<p><strong>Uke 6 – måned 9</strong></p>



<ul class="wp-block-list"><li>Miljøterapeutisk tilnærming. Hva er pasientens utfordringer i det daglige, ressurser og mestringsstrategier</li><li>Nettverkskartlegging</li><li>Jevnlige familiesamtaler og evt. barnesamtaler ved behov og pasientens ønske</li><li>Forebygging av tilbakefall</li><li>Mulighet for permisjon hver 14.dag</li><li>Etablere nettverksmøter med pårørende, kommune og frivillige</li><li>Delta i eksterne aktiviteter utenfor huset som selvhjelpsgrupper, lavtekseltilbud, eller annen fritidsaktivitet.</li><li>Samhandling med kommunen og andre instanser om videre tiltak etter utskrivning</li></ul>



<h2 class="wp-block-heading" id="fase-3-forberedelsesfase-mot-utflytting"><strong>Fase 3: Forberedelsesfase mot utflytting</strong></h2>



<p><strong>Måned 9 – 12</strong></p>



<ul class="wp-block-list"><li>Mulighet for å flytte til overgangsleilighet på huset</li><li>Samhandle med kommunen om tiltak etter utskriving</li><li>Lengre permisjoner for bo-trening i egen bolig</li><li>Eget kostbudsjett med muligheter for egne måltider på treningskjøkken</li><li>Pårørende-møte og familiesamtaler</li><li>Brukerstyrte tiltak</li><li>Vurdere videre henvisning til poliklinisk oppfølging</li></ul>



<h2 class="wp-block-heading" id="oppfolging-etter-utskriving">Oppfølging etter utskriving</h2>



<ul class="wp-block-list"><li>Mulighet for brukerstyrt seng inntil 6 måneder</li><li>Tilbud om telefonkontakt inntil 6 måneder</li><li>Velkommen tilbake-sammenkomst. Bidra med brukererfaring og delta i pågående gruppe/temamøte</li></ul>

<p>Behandlingsopplegget hos oss er inndelt i faser. Fase 1: oppstartsfase/stabiliseringsfase Uke 1 – 6 Kartlegge/utrede behandlingsbehov og motivasjon Utarbeide målsetting, behandlingsplan, miljøterapeutisk tiltaksplan og individuell plan i samarbeid med pasient Etablere en god behandlingsrelasjon og skape trygghet og tilhørighet Skjerme mot rus i en ambivalent/ustabil fase Ukentlig individuelle samtaler med behandler Oppstart i gruppeterapi Etablere [&hellip;]</p>
