{"id":7,"date":"2020-06-30T12:48:39","date_gmt":"2020-06-30T10:48:39","guid":{"rendered":"https:\/\/www.blakors.no\/klinikk-oslo-vest\/?page_id=7"},"modified":"2025-12-11T13:40:49","modified_gmt":"2025-12-11T12:40:49","slug":"forside","status":"publish","type":"page","link":"https:\/\/www.blakors.no\/klinikk-oslo-vest\/","title":{"rendered":"Bl\u00e5 Kors klinikk Oslo vest"},"content":{"rendered":"\n\t<div style=\"--t2-hero-dim:0;\" class=\"t2-hero t2-hero-content-position-center-left t2-hero-has-dim-0 t2-hero-has-fullsize-image alignfull  t2-hero-has-white-gradient-overlay wp-block-t2-hero has-background has-lila-light-background-color\">\n\t\t<img decoding=\"async\" width=\"1600\" height=\"1067\" src=\"https:\/\/www.blakors.no\/content\/uploads\/sites\/15\/2020\/10\/Samlet-rundt-bordet-Bla\u030a-Kors-Behandlingssenter-Slemdal..jpg\" class=\"t2-hero__image\" alt=\"flere personer sitter sammen utend\u00f8rs rundt et bord\" style=\"object-position: 50% 50%;\" loading=\"eager\" fetchpriority=\"high\" srcset=\"https:\/\/www.blakors.no\/content\/uploads\/sites\/15\/2020\/10\/Samlet-rundt-bordet-Bla\u030a-Kors-Behandlingssenter-Slemdal..jpg 1600w, https:\/\/www.blakors.no\/content\/uploads\/sites\/15\/2020\/10\/Samlet-rundt-bordet-Bla\u030a-Kors-Behandlingssenter-Slemdal.-300x200.jpg 300w, https:\/\/www.blakors.no\/content\/uploads\/sites\/15\/2020\/10\/Samlet-rundt-bordet-Bla\u030a-Kors-Behandlingssenter-Slemdal.-1024x683.jpg 1024w, https:\/\/www.blakors.no\/content\/uploads\/sites\/15\/2020\/10\/Samlet-rundt-bordet-Bla\u030a-Kors-Behandlingssenter-Slemdal.-768x512.jpg 768w, https:\/\/www.blakors.no\/content\/uploads\/sites\/15\/2020\/10\/Samlet-rundt-bordet-Bla\u030a-Kors-Behandlingssenter-Slemdal.-1536x1024.jpg 1536w\" sizes=\"(max-width: 1600px) 100vw, 1600px\" \/>\n\t\t<div class=\"t2-hero__header\"><div class=\"t2-hero__header__content\">\n\n<h1 id=\"behandling-for-avhengighetslidelser\"  class=\"wp-block-heading\" >Behandling for avhengighetslidelser<\/h1>\n\n\n\n<p>Vi behandler rus- og avhengighetslidelser, og er opptatt av pasientens psykiske og somatiske helse. Vi tilbyr tverrfaglig spesialisert rusbehandling (TSB) i Oslo. <\/p>\n\n\n\n<div class=\"wp-block-buttons is-layout-flex wp-block-buttons-is-layout-flex\">\n<div class=\"wp-block-button\"><a class=\"wp-block-button__link wp-element-button\" href=\"https:\/\/www.blakors.no\/klinikk-oslo-vest\/kontakt-oss\/\">Kontakt oss<\/a><\/div>\n<\/div>\n\n<\/div><\/div>\n\t<\/div>\n\n\n<h2 id=\"hva-du-kan-forvente-av-oss\"  class=\"wp-block-heading\" >Hva du kan forvente av oss<\/h2>\n\n\n\n<p>Vi \u00f8nsker \u00e5 legge forholdene til rette for deg slik at du f\u00e5r n\u00f8dvendig innsikt i egne utfordringer, redskaper og ressurser. M\u00e5let er at du skal oppleve trygghet og st\u00f8tte i behandlingsmilj\u00f8et, slik at du f\u00e5r mulighet til \u00e5 bruke dine egne ressurser og engasjement i arbeidet mot endring.<\/p>\n\n\n\n<p>Hos oss blir du m\u00f8tt med respekt og interesse for din livssituasjon og dine beslutninger. Vi h\u00e5per du vil finne trygghet her, slik at du kan hente ut det beste av ditt engasjement og din innsatsvilje.<\/p>\n\n\n\n<h2 id=\"behandlingstilbud\"  class=\"wp-block-heading\" >Behandlingstilbud<\/h2>\n\n\n\n<p>Vi tilbyr behandling for rus- og avhengighetslidelser med fokus p\u00e5 individuell tilpasning. Behandlingen best\u00e5r blant annet av:<\/p>\n\n\n\n<ul class=\"wp-block-list\">\n<li>Samtaler med psykolog og prim\u00e6rkontakt<\/li>\n\n\n\n<li>Mentaliseringsbasert terapi (MBT)<\/li>\n\n\n\n<li>Gruppeterapi og psykoedukasjon<\/li>\n\n\n\n<li>Fysisk aktivitet og kreative tilbud<\/li>\n\n\n\n<li>Tilrettelegging for kulturelle og religi\u00f8se behov<\/li>\n<\/ul>\n\n\n<ul class=\"t2-link-list has-1-items has-auto-columns wp-block-t2-link-list\">\n\t<li class=\"has-background has-lila-light-background-color t2-link-list-item wp-block-t2-link-list-item\">\n\t\t<a\n\t\t\thref=\"https:\/\/www.blakors.no\/klinikk-oslo-vest\/behandlingstilbud\/\"\n\t\t\tclass=\"t2-link-list-item__link t2-link-list__icon--right\"\n\t\t\t\t\t>\n\t\t\t<span class=\"t2-link-list-item__icon\"><span class=\"t2-link-list-item__icon-box\"><\/span><svg xmlns=\"http:\/\/www.w3.org\/2000\/svg\" viewBox=\"0 0 24 24\" height=\"24\" width=\"24\" class=\"t2-icon t2-icon-arrowforward\" aria-hidden=\"true\" focusable=\"false\"><path d=\"M11.3 19.3c-.2-.2-.3-.4-.3-.7 0-.3.1-.5.3-.7l4.9-4.9H5c-.3 0-.5-.1-.7-.3-.2-.2-.3-.4-.3-.7s.1-.5.3-.7c.2-.2.4-.3.7-.3h11.2l-4.9-4.9c-.2-.2-.3-.4-.3-.7 0-.3.1-.5.3-.7.2-.2.4-.3.7-.3s.5.1.7.3l6.6 6.6c.1.1.2.2.2.3 0 .1.1.3.1.4 0 .1 0 .3-.1.4 0 .1-.1.2-.2.3l-6.6 6.6c-.2.2-.4.3-.7.3s-.5-.1-.7-.3z\" fill=\"currentColor\" \/><\/svg><\/span>\t\t\t<div class=\"t2-link-list-item__content\">\n\n\t\t\t\t\n\t\t\t\t<span id=\"link-list-item-text\" class=\"t2-link-list-item__text\">\n\t\t\t\t\tLes mer om v\u00e5rt behandlingstilbud\t\t\t\t<\/span>\n\t\t\t\t\t\t\t<\/div>\n\t\t<\/a>\n\t<\/li>\n\t\n<\/ul>\n\n\n<h2 id=\"praktisk-informasjon\"  class=\"wp-block-heading\" >Praktisk informasjon<\/h2>\n\n\n\n<ul class=\"wp-block-list\">\n<li>Klinikken har&nbsp;<strong>26 plasser<\/strong>&nbsp;og tar imot pasienter av&nbsp;<strong>alle kj\u00f8nn<\/strong><\/li>\n\n\n\n<li>Vi tilbyr&nbsp;<strong>behandling i inntil 3 m\u00e5neder<\/strong><\/li>\n\n\n\n<li>Det er mulighet for&nbsp;<strong>sekvensiell behandling<\/strong>&nbsp;i samarbeid med poliklinikk<\/li>\n\n\n\n<li>Etter fullf\u00f8rt behandling (3 m\u00e5neder eller sekvensiell) tilbys opphold p\u00e5 <strong>brukerstyrt plass<\/strong><\/li>\n<\/ul>\n\n\n\n<h2 id=\"hva-er-behandling-inntil-3-maneder\"  class=\"wp-block-heading\" >Hva er behandling inntil 3 m\u00e5neder?<\/h2>\n\n\n\n<p>Ved vanlig innleggelse tilbys pasienter inntil 3 m\u00e5neder sammenhengende d\u00f8gnopphold, med mulighet for brukerstyrte innleggelser i etterkant. Behandlingen blir tilpasset den enkeltes behov og behandlingsm\u00e5l. For mange er treningspermisjoner en viktig del av behandlingen. Vi jobber med \u00e5 f\u00e5 til godt samarbeid med pasientens henvisere og oppf\u00f8lgere b\u00e5de f\u00f8r, under og etter behandlingsoppholdet.<\/p>\n\n\n\n<h2 id=\"hva-er-sekvensiell-behandling\"  class=\"wp-block-heading\" >Hva er sekvensiell behandling?<\/h2>\n\n\n\n<p>Sekvensiell behandling betyr at pasienten f\u00e5r behandling i flere faser eller &laquo;sekvenser&raquo;, som kan veksle mellom ulike behandlingsniv\u00e5er \u2013 for eksempel mellom d\u00f8gnbehandling og poliklinisk behandling. Dette gir fleksibilitet og bedre tilpasning til den enkeltes behov. I etterkant er det mulighet for brukerstyrte innleggelser.<\/p>\n\n\n\n<h2 id=\"mer-fra-bla-kors\"  class=\"wp-block-heading\" >Mer fra Bl\u00e5 Kors<\/h2>\n\n\n<div class=\"t2-featured-content-layout alignwide alignwide wp-block-t2-featured-content-layout\" role=\"list\">\n<div class=\"t2-featured-single-post t2-featured-content is-post-type-post category-ukategorisert wp-block-t2-featured-single-post\" role=\"listitem\"><a class=\"t2-post-link wp-block-t2-post-link\" href=\"https:\/\/www.blakors.no\/klinikk-oslo-vest\/10-arsfeiring\/\">\n<figure style=\"--t2-focal-point: 50% 50%;\" class=\"t2-post-featured-image has-image-ratio-16-9 wp-block-t2-post-featured-image\"><img loading=\"lazy\" decoding=\"async\" width=\"6024\" height=\"3448\" src=\"https:\/\/v.imgi.no\/blakors-1224-5e25bd61be0cbe9152966784ef7a0e23-6024x3448\/bla-kors-klinikk-oslo-vest.webp\" class=\"attachment-post-thumbnail size-post-thumbnail wp-post-image\" alt=\"\" srcset=\"https:\/\/v.imgi.no\/blakors-1224-5e25bd61be0cbe9152966784ef7a0e23-150x86\/bla-kors-klinikk-oslo-vest.webp 150w, https:\/\/v.imgi.no\/blakors-1224-5e25bd61be0cbe9152966784ef7a0e23-300x172\/bla-kors-klinikk-oslo-vest.webp 300w, https:\/\/v.imgi.no\/blakors-1224-5e25bd61be0cbe9152966784ef7a0e23-768x439\/bla-kors-klinikk-oslo-vest.webp 768w, https:\/\/v.imgi.no\/blakors-1224-5e25bd61be0cbe9152966784ef7a0e23-1024x586\/bla-kors-klinikk-oslo-vest.webp 1024w, https:\/\/v.imgi.no\/blakors-1224-5e25bd61be0cbe9152966784ef7a0e23-1536x879\/bla-kors-klinikk-oslo-vest.webp 1536w, https:\/\/v.imgi.no\/blakors-1224-5e25bd61be0cbe9152966784ef7a0e23-2048x1172\/bla-kors-klinikk-oslo-vest.webp 2048w, https:\/\/v.imgi.no\/blakors-1224-5e25bd61be0cbe9152966784ef7a0e23-300x172\/bla-kors-klinikk-oslo-vest.webp 300w, https:\/\/v.imgi.no\/blakors-1224-5e25bd61be0cbe9152966784ef7a0e23-450x258\/bla-kors-klinikk-oslo-vest.webp 450w, https:\/\/v.imgi.no\/blakors-1224-5e25bd61be0cbe9152966784ef7a0e23-200x114\/bla-kors-klinikk-oslo-vest.webp 200w, https:\/\/v.imgi.no\/blakors-1224-5e25bd61be0cbe9152966784ef7a0e23-300x172\/bla-kors-klinikk-oslo-vest.webp 300w, https:\/\/v.imgi.no\/blakors-1224-5e25bd61be0cbe9152966784ef7a0e23-400x229\/bla-kors-klinikk-oslo-vest.webp 400w, https:\/\/v.imgi.no\/blakors-1224-5e25bd61be0cbe9152966784ef7a0e23-600x343\/bla-kors-klinikk-oslo-vest.webp 600w\" sizes=\"auto, (min-width: 782px) 768px, 100vw\" \/><\/figure>\n\n<div class=\"wp-block-group alignfull is-layout-flow wp-block-group-is-layout-flow\">\n\t<h2 id=\"bla-kors-klinikk-oslo-vest-feiret-10-ar\"  class=\"t2-post-title wp-block-t2-post-title\" >Bl\u00e5 Kors klinikk Oslo vest feiret 10 \u00e5r<\/h2>\n\t<div class=\"wp-block-post-date__modified-date wp-block-post-date\"><time datetime=\"2025-12-11T13:41:53+01:00\">11. desember 2025<\/time><\/div>\n\t\t\t<div class=\"single-meta t2-post-excerpt card-description wp-block-blakors-meta-display\"><\/div>\n\t\n<\/div>\n\n<\/a>\n<\/div>\n\n<div class=\"t2-featured-single-post t2-featured-content is-post-type-post category-alkohol-og-rusbehandling wp-block-t2-featured-single-post\" role=\"listitem\"><a class=\"t2-post-link wp-block-t2-post-link\" href=\"https:\/\/www.blakors.no\/nyheter\/nye-retningslinjer-for-rusbehandling\/\">\n<figure style=\"--t2-focal-point: 50% 50%;\" class=\"t2-post-featured-image has-image-ratio-16-9 wp-block-t2-post-featured-image\"><img loading=\"lazy\" decoding=\"async\" width=\"1681\" height=\"1095\" src=\"https:\/\/v.imgi.no\/blakors-48421-05d363d858aab9b3e1e79312061f128b-1681x1095\/2025_08_bk_06215.webp\" class=\"attachment-post-thumbnail size-post-thumbnail wp-post-image\" alt=\"klinikkleder Anette Gordon H\u00e5land og fagansvarlig psykologspesialist Anette R\u00e6der Vold smiler til kamera utenfor Bl\u00e5 Kors klinikk Oslo vest.\" srcset=\"https:\/\/v.imgi.no\/blakors-48421-05d363d858aab9b3e1e79312061f128b-150x98\/2025_08_bk_06215.webp 150w, https:\/\/v.imgi.no\/blakors-48421-05d363d858aab9b3e1e79312061f128b-300x195\/2025_08_bk_06215.webp 300w, https:\/\/v.imgi.no\/blakors-48421-05d363d858aab9b3e1e79312061f128b-768x500\/2025_08_bk_06215.webp 768w, https:\/\/v.imgi.no\/blakors-48421-05d363d858aab9b3e1e79312061f128b-1024x667\/2025_08_bk_06215.webp 1024w, https:\/\/v.imgi.no\/blakors-48421-05d363d858aab9b3e1e79312061f128b-1536x1001\/2025_08_bk_06215.webp 1536w, https:\/\/v.imgi.no\/blakors-48421-05d363d858aab9b3e1e79312061f128b-1681x1095\/2025_08_bk_06215.webp 1681w, https:\/\/v.imgi.no\/blakors-48421-05d363d858aab9b3e1e79312061f128b-300x195\/2025_08_bk_06215.webp 300w, https:\/\/v.imgi.no\/blakors-48421-05d363d858aab9b3e1e79312061f128b-450x293\/2025_08_bk_06215.webp 450w, https:\/\/v.imgi.no\/blakors-48421-05d363d858aab9b3e1e79312061f128b-200x130\/2025_08_bk_06215.webp 200w, https:\/\/v.imgi.no\/blakors-48421-05d363d858aab9b3e1e79312061f128b-1681x1095\/2025_08_bk_06215.webp 1681w, https:\/\/v.imgi.no\/blakors-48421-05d363d858aab9b3e1e79312061f128b-300x195\/2025_08_bk_06215.webp 300w, https:\/\/v.imgi.no\/blakors-48421-05d363d858aab9b3e1e79312061f128b-400x261\/2025_08_bk_06215.webp 400w, https:\/\/v.imgi.no\/blakors-48421-05d363d858aab9b3e1e79312061f128b-600x391\/2025_08_bk_06215.webp 600w, https:\/\/v.imgi.no\/blakors-48421-05d363d858aab9b3e1e79312061f128b-1681x1095\/2025_08_bk_06215.webp 1681w, https:\/\/v.imgi.no\/blakors-48421-05d363d858aab9b3e1e79312061f128b-1681x1095\/2025_08_bk_06215.webp 1681w\" sizes=\"auto, (min-width: 782px) 768px, 100vw\" \/><\/figure>\n\n<div class=\"wp-block-group alignfull is-layout-flow wp-block-group-is-layout-flow\">\n\t<h2 id=\"nye-retningslinjer-for-rusbehandling-slik-sikrer-bla-kors-varig-endring\"  class=\"t2-post-title wp-block-t2-post-title\" >Nye retningslinjer for rusbehandling \u2013 slik sikrer Bl\u00e5 Kors varig endring<\/h2>\n\t<div class=\"wp-block-post-date__modified-date wp-block-post-date\"><time datetime=\"2025-09-04T15:28:04+02:00\">4. september 2025<\/time><\/div>\n\t\t\t<div class=\"single-meta t2-post-excerpt card-description wp-block-blakors-meta-display\"><\/div>\n\t\n<\/div>\n\n<\/a>\n<\/div>\n\n<div class=\"t2-featured-single-post t2-featured-content is-post-type-article theme-alkohol-og-rusbehandling wp-block-t2-featured-single-post\" role=\"listitem\"><a class=\"t2-post-link wp-block-t2-post-link\" href=\"https:\/\/www.blakors.no\/fagside\/eldre-og-alkohol\/\">\n<figure style=\"--t2-focal-point: 50% 50%;\" class=\"t2-post-featured-image has-image-ratio-16-9 wp-block-t2-post-featured-image\"><img loading=\"lazy\" decoding=\"async\" width=\"1500\" height=\"844\" src=\"https:\/\/www.blakors.no\/content\/uploads\/2024\/10\/bla-kors-eldre-og-alkohol-vinglass.jpg\" class=\"attachment-post-thumbnail size-post-thumbnail wp-post-image\" alt=\"en eldre mann sitter i sofaen med et vinglass\" srcset=\"https:\/\/www.blakors.no\/content\/uploads\/2024\/10\/bla-kors-eldre-og-alkohol-vinglass.jpg 1500w, https:\/\/www.blakors.no\/content\/uploads\/2024\/10\/bla-kors-eldre-og-alkohol-vinglass-300x169.jpg 300w, https:\/\/www.blakors.no\/content\/uploads\/2024\/10\/bla-kors-eldre-og-alkohol-vinglass-1024x576.jpg 1024w, https:\/\/www.blakors.no\/content\/uploads\/2024\/10\/bla-kors-eldre-og-alkohol-vinglass-768x432.jpg 768w\" sizes=\"auto, (min-width: 782px) 768px, 100vw\" \/><\/figure>\n\n<div class=\"wp-block-group alignfull is-layout-flow wp-block-group-is-layout-flow\">\n\t<h2 id=\"eldre-og-alkohol\"  class=\"t2-post-title wp-block-t2-post-title\" >Eldre og alkohol<\/h2>\n\t<div class=\"wp-block-post-date__modified-date wp-block-post-date\"><time datetime=\"2026-01-12T13:25:36+01:00\">12. januar 2026<\/time><\/div>\n\t\t\t<div class=\"single-meta t2-post-excerpt card-description wp-block-blakors-meta-display\"><\/div>\n\t\n<\/div>\n\n<\/a>\n<\/div>\n<\/div>","protected":false},"excerpt":{"rendered":"<p>Hva du kan forvente av oss Vi \u00f8nsker \u00e5 legge forholdene til rette for deg slik at du f\u00e5r n\u00f8dvendig innsikt i egne utfordringer, redskaper og ressurser. M\u00e5let er at du skal oppleve trygghet og st\u00f8tte i behandlingsmilj\u00f8et, slik at du f\u00e5r mulighet til \u00e5 bruke dine egne ressurser og engasjement i arbeidet mot endring. [&hellip;]<\/p>\n","protected":false},"author":23,"featured_media":88,"parent":0,"menu_order":0,"comment_status":"closed","ping_status":"closed","template":"","meta":{"_acf_changed":false,"_relevanssi_hide_post":"","_relevanssi_hide_content":"","_relevanssi_pin_for_all":"on","_relevanssi_pin_keywords":"Rusbehandling Oslo, Slemdal, Bl\u00e5 Kors klinikk Oslo vest","_relevanssi_unpin_keywords":"","_relevanssi_related_keywords":"","_relevanssi_related_include_ids":"","_relevanssi_related_exclude_ids":"","_relevanssi_related_no_append":"","_relevanssi_related_not_related":"","_relevanssi_related_posts":"1","_relevanssi_noindex_reason":"","_custom_cards_description":"","footnotes":""},"class_list":["post-7","page","type-page","status-publish","has-post-thumbnail","hentry"],"acf":[],"_links":{"self":[{"href":"https:\/\/www.blakors.no\/klinikk-oslo-vest\/wp-json\/wp\/v2\/pages\/7","targetHints":{"allow":["GET"]}}],"collection":[{"href":"https:\/\/www.blakors.no\/klinikk-oslo-vest\/wp-json\/wp\/v2\/pages"}],"about":[{"href":"https:\/\/www.blakors.no\/klinikk-oslo-vest\/wp-json\/wp\/v2\/types\/page"}],"author":[{"embeddable":true,"href":"https:\/\/www.blakors.no\/klinikk-oslo-vest\/wp-json\/wp\/v2\/users\/23"}],"replies":[{"embeddable":true,"href":"https:\/\/www.blakors.no\/klinikk-oslo-vest\/wp-json\/wp\/v2\/comments?post=7"}],"version-history":[{"count":4,"href":"https:\/\/www.blakors.no\/klinikk-oslo-vest\/wp-json\/wp\/v2\/pages\/7\/revisions"}],"predecessor-version":[{"id":1317,"href":"https:\/\/www.blakors.no\/klinikk-oslo-vest\/wp-json\/wp\/v2\/pages\/7\/revisions\/1317"}],"wp:featuredmedia":[{"embeddable":true,"href":"https:\/\/www.blakors.no\/klinikk-oslo-vest\/wp-json\/wp\/v2\/media\/88"}],"wp:attachment":[{"href":"https:\/\/www.blakors.no\/klinikk-oslo-vest\/wp-json\/wp\/v2\/media?parent=7"}],"curies":[{"name":"wp","href":"https:\/\/api.w.org\/{rel}","templated":true}]}}