{"id":1183,"date":"2020-12-02T21:37:18","date_gmt":"2020-12-02T20:37:18","guid":{"rendered":"https:\/\/www.blakors.no\/borgestadklinikken\/?page_id=1183"},"modified":"2025-04-09T15:45:59","modified_gmt":"2025-04-09T13:45:59","slug":"miljofyrtarn","status":"publish","type":"page","link":"https:\/\/www.blakors.no\/klinikk-skien\/miljofyrtarn\/","title":{"rendered":"Milj\u00f8fyrt\u00e5rn &#8211; Bl\u00e5 Kors klinikk Skien"},"content":{"rendered":"\n<p>Bl\u00e5 Kors klinikk Skien (tidligere Borgestadklinikken) er en Milj\u00f8fyrt\u00e5rn-bedrift. Dette inneb\u00e6rer blant annet at vi kontinuerlig arbeider for \u00e5 ha en milj\u00f8vennlig drift og har rutiner som st\u00e5r i samsvar til v\u00e5re milj\u00f8krav.<br><br>Vi har fokus p\u00e5 milj\u00f8 i arbeidsoppgavene og har klimatiltak for \u00e5 redusere utslipp og forurensning. Gjennom \u00e5 kartlegge milj\u00f8kravene fra stiftelsen Milj\u00f8fyrt\u00e5rn f\u00e5r vi ogs\u00e5 en tydelig og dokumentert milj\u00f8profil.<\/p>\n\n\n\n<p>Sammen med en godkjent sertifis\u00f8r og konsulent har vi foretatt en milj\u00f8analyse og laget en handlingsplan som innfrir Milj\u00f8fyrt\u00e5rnet\u2019s bransjekrav. Milj\u00f8analysen tar for seg f\u00f8lgende omr\u00e5der:<\/p>\n\n\n\n<ul class=\"wp-block-list\">\n<li>systemkriterier og internkontroll<\/li>\n\n\n\n<li>arbeidsmilj\u00f8<\/li>\n\n\n\n<li>innkj\u00f8p<\/li>\n\n\n\n<li>energi<\/li>\n\n\n\n<li>transport<\/li>\n\n\n\n<li>avfall<\/li>\n\n\n\n<li>estetikk<\/li>\n\n\n\n<li>andre milj\u00f8aspekter<\/li>\n<\/ul>\n\n\n\n<p>For \u00e5 kunne levere i henhold til de milj\u00f8kravene som settes, er vi avhengig av et godt samarbeid og god informasjonsflyt mellom alle ansatte og ledelsen. Derfor skal alle ansatte v\u00e6re kjent med Milj\u00f8fyrt\u00e5rn-arbeidet.<\/p>\n\n\n\n<p>Det blir gitt ut en \u00e5rlig klimarapport:<br><a href=\"https:\/\/www.blakors.no\/content\/uploads\/sites\/16\/2025\/04\/2024-Bla-Kors-Klinikk-Skien-avd-Sentrum-Miljofyrtarn.pdf\">Rapport 2024- avdeling Skien<\/a> og <a href=\"https:\/\/www.blakors.no\/content\/uploads\/sites\/16\/2025\/04\/2024-Bla-Kors-Klinikk-Skien-Borgestad-Miljofyrtarn.pdf\">Rapport 2024- avdeling Borgestad<\/a><\/p>\n\n\n\n<p><\/p>\n\n\n\n<p>Kontakt oss gjerne: Har du sp\u00f8rsm\u00e5l om oss som milj\u00f8fyrt\u00e5rn-bedrift; ta kontakt med oss p\u00e5 post.bkskien@blakors.no.<\/p>\n\n\n\n<figure class=\"wp-block-image aligncenter size-large\"><img loading=\"lazy\" decoding=\"async\" width=\"134\" height=\"115\" src=\"https:\/\/www.blakors.no\/content\/uploads\/sites\/16\/2020\/12\/Bla\u030a-Kors-Borgestadklinikken-er-en-milj\u00f8fyrta\u030arn-bedrift.png\" alt=\"Logo av Milj\u00f8fyrt\u00e5rn\" class=\"wp-image-1187\"\/><\/figure>\n","protected":false},"excerpt":{"rendered":"<p>Bl\u00e5 Kors klinikk Skien (tidligere Borgestadklinikken) er en Milj\u00f8fyrt\u00e5rn-bedrift. Dette inneb\u00e6rer blant annet at vi kontinuerlig arbeider for \u00e5 ha en milj\u00f8vennlig drift og har rutiner som st\u00e5r i samsvar til v\u00e5re milj\u00f8krav. Vi har fokus p\u00e5 milj\u00f8 i arbeidsoppgavene og har klimatiltak for \u00e5 redusere utslipp og forurensning. Gjennom \u00e5 kartlegge milj\u00f8kravene fra stiftelsen [&hellip;]<\/p>\n","protected":false},"author":7,"featured_media":1187,"parent":0,"menu_order":0,"comment_status":"closed","ping_status":"closed","template":"","meta":{"_acf_changed":false,"_relevanssi_hide_post":"","_relevanssi_hide_content":"","_relevanssi_pin_for_all":"on","_relevanssi_pin_keywords":"Milj\u00f8fyrt\u00e5rn, milj\u00f8fyrt\u00e5rn-bedrift, milj\u00f8vennlig","_relevanssi_unpin_keywords":"","_relevanssi_related_keywords":"","_relevanssi_related_include_ids":"","_relevanssi_related_exclude_ids":"","_relevanssi_related_no_append":"","_relevanssi_related_not_related":"","_relevanssi_related_posts":"38,1","_relevanssi_noindex_reason":"","_custom_cards_description":"","footnotes":""},"class_list":["post-1183","page","type-page","status-publish","has-post-thumbnail","hentry"],"acf":[],"_links":{"self":[{"href":"https:\/\/www.blakors.no\/klinikk-skien\/wp-json\/wp\/v2\/pages\/1183","targetHints":{"allow":["GET"]}}],"collection":[{"href":"https:\/\/www.blakors.no\/klinikk-skien\/wp-json\/wp\/v2\/pages"}],"about":[{"href":"https:\/\/www.blakors.no\/klinikk-skien\/wp-json\/wp\/v2\/types\/page"}],"author":[{"embeddable":true,"href":"https:\/\/www.blakors.no\/klinikk-skien\/wp-json\/wp\/v2\/users\/7"}],"replies":[{"embeddable":true,"href":"https:\/\/www.blakors.no\/klinikk-skien\/wp-json\/wp\/v2\/comments?post=1183"}],"version-history":[{"count":5,"href":"https:\/\/www.blakors.no\/klinikk-skien\/wp-json\/wp\/v2\/pages\/1183\/revisions"}],"predecessor-version":[{"id":3741,"href":"https:\/\/www.blakors.no\/klinikk-skien\/wp-json\/wp\/v2\/pages\/1183\/revisions\/3741"}],"wp:featuredmedia":[{"embeddable":true,"href":"https:\/\/www.blakors.no\/klinikk-skien\/wp-json\/wp\/v2\/media\/1187"}],"wp:attachment":[{"href":"https:\/\/www.blakors.no\/klinikk-skien\/wp-json\/wp\/v2\/media?parent=1183"}],"curies":[{"name":"wp","href":"https:\/\/api.w.org\/{rel}","templated":true}]}}