{"id":1401,"date":"2021-01-13T11:00:54","date_gmt":"2021-01-13T10:00:54","guid":{"rendered":"https:\/\/www.blakors.no\/borgestadklinikken\/?page_id=1401"},"modified":"2021-01-13T11:08:56","modified_gmt":"2021-01-13T10:08:56","slug":"smittevern-behandling-og-korona","status":"publish","type":"page","link":"https:\/\/www.blakors.no\/klinikk-skien\/smittevern-behandling-og-korona\/","title":{"rendered":"Smittevern, behandling og korona"},"content":{"rendered":"\n<div class=\"wp-block-lib-header alignfull hide\"><div class=\"header-innercontent\"><\/div><\/div>\n\n\n\n<p>Oppdatert: 7.januar 2021<\/p>\n\n\n\n<p>I forbindelse med korona-situasjonen er v\u00e5rt fokus \u00e5 opprettholde behandlingstilbudet og at v\u00e5re pasienter ikke skal bli smittet og syke. Alle behandlingstilbud er \u00ab\u00e5pne\u00bb, men det er gjort mange smitteverntiltak. \u200bHer er informasjon til pasienter, p\u00e5r\u00f8rende og dere som henviser til behandling:<\/p>\n\n\n\n<h2 id=\"er-du-pasient-i-poliklinikken\"  class=\"wp-block-heading\" >\u200b<strong>Er du pasient i poliklinikken:\u200b<\/strong><\/h2>\n\n\n\n<p>Det er mulig \u00e5 f\u00e5&nbsp; behandling via telefon eller video dersom du ikke kan m\u00f8te til timen. Vi ber deg avklare dette n\u00e6rmere med din behandler.<\/p>\n\n\n\n<h2 id=\"til-nye-pasienter-i-dogntilbudene\"  class=\"wp-block-heading\" >\u200b<strong>Til nye pasienter i d\u00f8gntilbudene:\u200b<\/strong><\/h2>\n\n\n\n<p>\u200bAlle behandlingsenheter tar imot pasienter og har tilpasset behandlingshverdagen til det korona-utbruddet krever av tiltak.<br>Vi tar kontakt med deg i god tid f\u00f8r innleggelse. Hvis du har symptomer (hoste, feber, tungpusthet), blir innleggelse utsatt.\u200b<\/p>\n\n\n\n<h2 id=\"til-parorende\"  class=\"wp-block-heading\" >\u200b<strong>Til p\u00e5r\u00f8rende:\u200b<\/strong><\/h2>\n\n\n\n<p>\u200bDet er begrensninger med tanke p\u00e5 bes\u00f8k inne p\u00e5 klinikken, men dere kan m\u00f8tes utend\u00f8rs. Hvordan bes\u00f8kene gjennomf\u00f8res avtaler dere n\u00e6rmere med behandler\/milj\u00f8personalet. Vi oppfordrer dere ogs\u00e5 til \u00e5 holde kontakt med telefon eller skype. \u200b<\/p>\n\n\n\n<p>\u200bDet kan bli f\u00e6rre permisjoner for pasientene en tid framover, men dette tar vi stilling til individuelt. Vi ber pasienter p\u00e5 permisjon v\u00e6re ekstra oppmerksomme p\u00e5 hvem de har kontakt med og generelt f\u00f8lge&nbsp;helsemyndighetenes r\u00e5d og anbefalinger.<\/p>\n\n\n\n<div class=\"wp-block-lib-accentuated-link\"><a class=\"lib-link__link\" href=\"https:\/\/www.fhi.no\/nettpub\/coronavirus\/\" rel=\"noreferrer noopener\" target=\"_blank\"><div class=\"lib-link__text-content\"><h6 id=\"les-mer\"  class=\"lib-link__tagline\" >LES MER<\/h6><h3 id=\"informasjon-fra-fhi-om-korona\"  class=\"lib-link__title\" >Informasjon fra FHI om korona<\/h3><span class=\"lib-link__link-source\">www.fhi.no<SVG viewBox=\"0 0 13 13\" xmlns=\"http:\/\/www.w3.org\/2000\/svg\" width=\"16\" height=\"16\">\n\t\t<Path d=\"M12.5,0h.15l0,0,0,0,0,0,0,0,0,0v0h0l0,0L12.85.15a.27.27,0,0,1,.07.08.08.08,0,0,1,0,0,.08.08,0,0,1,0,0s0,0,0,0A.43.43,0,0,1,13,.4h0v0a.09.09,0,0,1,0,0v4a.5.5,0,0,1-1,.09V1.71L5.52,8.19a.51.51,0,0,1-.71,0,.5.5,0,0,1,0-.64l0-.07L11.29,1H8.5A.5.5,0,0,1,8,.59V.5A.5.5,0,0,1,8.41,0H12.5ZM5.83,2a.5.5,0,0,1,.5.5A.49.49,0,0,1,5.92,3H1.83a.87.87,0,0,0-.59.24A.8.8,0,0,0,1,3.72v7.45a.87.87,0,0,0,.24.59.8.8,0,0,0,.48.23H9.17a.87.87,0,0,0,.59-.24.8.8,0,0,0,.23-.48V7.17a.5.5,0,0,1,.5-.5.49.49,0,0,1,.49.41v4.09a1.8,1.8,0,0,1-.54,1.29A1.76,1.76,0,0,1,9.33,13H1.83a1.8,1.8,0,0,1-1.29-.54A1.76,1.76,0,0,1,0,11.33V3.83A1.8,1.8,0,0,1,.54,2.54,1.76,1.76,0,0,1,1.67,2H5.83Z\"\/>\n<\/SVG>\n<\/span><\/div><\/a><\/div>\n\n\n\n<h2 id=\"til-henvisere-og-samarbeidspartnere\"  class=\"wp-block-heading\" >\u200b<strong>Til henvisere og samarbeidspartnere:\u200b<\/strong><\/h2>\n\n\n\n<p>\u200bVi tar imot henvisninger til alle tilbud. Ta gjerne kontakt med inntakskontoret om du har sp\u00f8rsm\u00e5l eller \u00f8nsker \u00e5 dr\u00f8fte.<br>Tlf: 35 90 47 80 ( kl &nbsp;10 00 -11 30 og 12 30-14 00)\u200b.<\/p>\n\n\n\n<p>\u200b<strong>Har du sp\u00f8rsm\u00e5l?<\/strong><br>Ta gjerne kontakt med v\u00e5re\u00a0<a href=\"https:\/\/www.blakors.no\/borgestadklinikken\/forlopskoordinatorer\/\">forl\u00f8pskoordinatorer.<\/a><\/p>\n","protected":false},"excerpt":{"rendered":"<p>Oppdatert: 7.januar 2021 I forbindelse med korona-situasjonen er v\u00e5rt fokus \u00e5 opprettholde behandlingstilbudet og at v\u00e5re pasienter ikke skal bli smittet og syke. Alle behandlingstilbud er \u00ab\u00e5pne\u00bb, men det er gjort mange smitteverntiltak. \u200bHer er informasjon til pasienter, p\u00e5r\u00f8rende og dere som henviser til behandling: \u200bEr du pasient i poliklinikken:\u200b Det er mulig \u00e5 f\u00e5&nbsp; [&hellip;]<\/p>\n","protected":false},"author":7,"featured_media":0,"parent":0,"menu_order":0,"comment_status":"closed","ping_status":"closed","template":"","meta":{"_acf_changed":false,"_relevanssi_hide_post":"","_relevanssi_hide_content":"","_relevanssi_pin_for_all":"","_relevanssi_pin_keywords":"","_relevanssi_unpin_keywords":"","_relevanssi_related_keywords":"","_relevanssi_related_include_ids":"","_relevanssi_related_exclude_ids":"","_relevanssi_related_no_append":"","_relevanssi_related_not_related":"","_relevanssi_related_posts":"1282,1236,1221,1270,1296,1226","_relevanssi_noindex_reason":"","_custom_cards_description":"","footnotes":""},"class_list":["post-1401","page","type-page","status-publish","hentry"],"acf":[],"_links":{"self":[{"href":"https:\/\/www.blakors.no\/klinikk-skien\/wp-json\/wp\/v2\/pages\/1401","targetHints":{"allow":["GET"]}}],"collection":[{"href":"https:\/\/www.blakors.no\/klinikk-skien\/wp-json\/wp\/v2\/pages"}],"about":[{"href":"https:\/\/www.blakors.no\/klinikk-skien\/wp-json\/wp\/v2\/types\/page"}],"author":[{"embeddable":true,"href":"https:\/\/www.blakors.no\/klinikk-skien\/wp-json\/wp\/v2\/users\/7"}],"replies":[{"embeddable":true,"href":"https:\/\/www.blakors.no\/klinikk-skien\/wp-json\/wp\/v2\/comments?post=1401"}],"version-history":[{"count":4,"href":"https:\/\/www.blakors.no\/klinikk-skien\/wp-json\/wp\/v2\/pages\/1401\/revisions"}],"predecessor-version":[{"id":1407,"href":"https:\/\/www.blakors.no\/klinikk-skien\/wp-json\/wp\/v2\/pages\/1401\/revisions\/1407"}],"wp:attachment":[{"href":"https:\/\/www.blakors.no\/klinikk-skien\/wp-json\/wp\/v2\/media?parent=1401"}],"curies":[{"name":"wp","href":"https:\/\/api.w.org\/{rel}","templated":true}]}}

<div class="wp-block-lib-header alignfull hide"><div class="header-innercontent"></div></div>



<p>Oppdatert: 7.januar 2021</p>



<p>I forbindelse med korona-situasjonen er vårt fokus å opprettholde behandlingstilbudet og at våre pasienter ikke skal bli smittet og syke. Alle behandlingstilbud er «åpne», men det er gjort mange smitteverntiltak. ​Her er informasjon til pasienter, pårørende og dere som henviser til behandling:</p>



<h2 id="er-du-pasient-i-poliklinikken"  class="wp-block-heading" >​<strong>Er du pasient i poliklinikken:​</strong></h2>



<p>Det er mulig å få&nbsp; behandling via telefon eller video dersom du ikke kan møte til timen. Vi ber deg avklare dette nærmere med din behandler.</p>



<h2 id="til-nye-pasienter-i-dogntilbudene"  class="wp-block-heading" >​<strong>Til nye pasienter i døgntilbudene:​</strong></h2>



<p>​Alle behandlingsenheter tar imot pasienter og har tilpasset behandlingshverdagen til det korona-utbruddet krever av tiltak.<br>Vi tar kontakt med deg i god tid før innleggelse. Hvis du har symptomer (hoste, feber, tungpusthet), blir innleggelse utsatt.​</p>



<h2 id="til-parorende"  class="wp-block-heading" >​<strong>Til pårørende:​</strong></h2>



<p>​Det er begrensninger med tanke på besøk inne på klinikken, men dere kan møtes utendørs. Hvordan besøkene gjennomføres avtaler dere nærmere med behandler/miljøpersonalet. Vi oppfordrer dere også til å holde kontakt med telefon eller skype. ​</p>



<p>​Det kan bli færre permisjoner for pasientene en tid framover, men dette tar vi stilling til individuelt. Vi ber pasienter på permisjon være ekstra oppmerksomme på hvem de har kontakt med og generelt følge&nbsp;helsemyndighetenes råd og anbefalinger.</p>



<div class="wp-block-lib-accentuated-link"><a class="lib-link__link" href="https://www.fhi.no/nettpub/coronavirus/" rel="noreferrer noopener" target="_blank"><div class="lib-link__text-content"><h6 id="les-mer"  class="lib-link__tagline" >LES MER</h6><h3 id="informasjon-fra-fhi-om-korona"  class="lib-link__title" >Informasjon fra FHI om korona</h3><span class="lib-link__link-source">www.fhi.no<SVG viewBox="0 0 13 13" xmlns="http://www.w3.org/2000/svg" width="16" height="16">
		<Path d="M12.5,0h.15l0,0,0,0,0,0,0,0,0,0v0h0l0,0L12.85.15a.27.27,0,0,1,.07.08.08.08,0,0,1,0,0,.08.08,0,0,1,0,0s0,0,0,0A.43.43,0,0,1,13,.4h0v0a.09.09,0,0,1,0,0v4a.5.5,0,0,1-1,.09V1.71L5.52,8.19a.51.51,0,0,1-.71,0,.5.5,0,0,1,0-.64l0-.07L11.29,1H8.5A.5.5,0,0,1,8,.59V.5A.5.5,0,0,1,8.41,0H12.5ZM5.83,2a.5.5,0,0,1,.5.5A.49.49,0,0,1,5.92,3H1.83a.87.87,0,0,0-.59.24A.8.8,0,0,0,1,3.72v7.45a.87.87,0,0,0,.24.59.8.8,0,0,0,.48.23H9.17a.87.87,0,0,0,.59-.24.8.8,0,0,0,.23-.48V7.17a.5.5,0,0,1,.5-.5.49.49,0,0,1,.49.41v4.09a1.8,1.8,0,0,1-.54,1.29A1.76,1.76,0,0,1,9.33,13H1.83a1.8,1.8,0,0,1-1.29-.54A1.76,1.76,0,0,1,0,11.33V3.83A1.8,1.8,0,0,1,.54,2.54,1.76,1.76,0,0,1,1.67,2H5.83Z"/>
</SVG>
</span></div></a></div>



<h2 id="til-henvisere-og-samarbeidspartnere"  class="wp-block-heading" >​<strong>Til henvisere og samarbeidspartnere:​</strong></h2>



<p>​Vi tar imot henvisninger til alle tilbud. Ta gjerne kontakt med inntakskontoret om du har spørsmål eller ønsker å drøfte.<br>Tlf: 35 90 47 80 ( kl &nbsp;10 00 -11 30 og 12 30-14 00)​.</p>



<p>​<strong>Har du spørsmål?</strong><br>Ta gjerne kontakt med våre <a href="https://www.blakors.no/borgestadklinikken/forlopskoordinatorer/">forløpskoordinatorer.</a></p>

<p>Oppdatert: 7.januar 2021 I forbindelse med korona-situasjonen er vårt fokus å opprettholde behandlingstilbudet og at våre pasienter ikke skal bli smittet og syke. Alle behandlingstilbud er «åpne», men det er gjort mange smitteverntiltak. ​Her er informasjon til pasienter, pårørende og dere som henviser til behandling: ​Er du pasient i poliklinikken:​ Det er mulig å få&nbsp; [&hellip;]</p>
