{"id":1524,"date":"2021-01-25T10:59:50","date_gmt":"2021-01-25T09:59:50","guid":{"rendered":"https:\/\/www.blakors.no\/borgestadklinikken\/?page_id=1524"},"modified":"2025-07-30T08:32:41","modified_gmt":"2025-07-30T06:32:41","slug":"kvalitet-og-pasientsikkerhet","status":"publish","type":"page","link":"https:\/\/www.blakors.no\/klinikk-skien\/kvalitet-og-pasientsikkerhet\/","title":{"rendered":"Kvalitet og pasientsikkerhet"},"content":{"rendered":"\n<div class=\"wp-block-lib-header alignfull hide\"><div class=\"header-innercontent\"><\/div><\/div>\n\n\n\n<h2 class=\"wp-block-heading\" id=\"h-kvalitets-og-pasientsikkerhetsutvalget\">Kvalitets- og pasientsikkerhetsutvalget <\/h2>\n\n\n\n<p>Bl\u00e5 Kors klinikk Skien har Kvalitets- og pasientsikkerhetsutvalg (KPU) som skal arbeide for \u00e5 fremme kvalitet og sikkerhet i pasientbehandlingen.<\/p>\n\n\n\n<p>KPU har f\u00f8lgende oppgaver:<\/p>\n\n\n\n<ul class=\"wp-block-list\">\n<li>Bidra til \u00e5 sikre at virksomhetens kvalitetssystem og system for avviksbehandling drives i henhold til gjeldende krav og fungerer p\u00e5 en hensiktsmessig m\u00e5te for alt personell.&nbsp;&nbsp;<\/li>\n\n\n\n<li>Bidra til \u00e5 sikre at virksomhetens pasientbehandling\/helsetjenester utf\u00f8res i henhold til gjeldende lovkrav, forskrifter og interne krav forankret i kvalitetssystemet.<\/li>\n\n\n\n<li>Sikre at virksomheten har oppdaterte rutiner for internkontroll som sikrer at virksomheten oppfyller rettigheter og plikter knyttet til personvern<\/li>\n\n\n\n<li>Behandle saker og f\u00f8lge opp informasjon som formidles til KPU p\u00e5 en forsvarlig m\u00e5te. Herunder \u00e5 spesielt s\u00f8rge for at n\u00f8dvendige forebyggende og risikoreduserende tiltak blir raskt iverksatt.<\/li>\n\n\n\n<li>Ha oversikt over alle avvik, klager og alvorlige hendelser i klinikken og bruke oversikten aktivt til \u00e5 kartlegge risikoomr\u00e5der for systemsvikt og iverksette forbedringstiltak<\/li>\n\n\n\n<li>Bidra til at melde- og varsleplikt overholdes. KPU skal ha oversikt\/underrettes om eksterne melde- og varslingssaker.<\/li>\n\n\n\n<li>Identifisere omr\u00e5der for forbedring og l\u00e6ring gjennom \u00e5 f\u00f8lge utviklingen i brukerunders\u00f8kelser, avvik inklusive melde- og varslepliktige hendelser, klage- og erstatningssaker, tilsyn og interne revisjoner.<\/li>\n\n\n\n<li>Avdekke behov for og bidra til utvikling og forbedring av prosedyrer\/retningslinjer og ut\u00f8velse av praksis.<\/li>\n\n\n\n<li>Stimulere til kvalitetsutvikling og forbedringsarbeid gjennom informasjonsspredning, kompetanseheving og samarbeid internt\/eksternt.<\/li>\n\n\n\n<li>v\u00e6re et r\u00e5dgivende organ for direkt\u00f8ren i sp\u00f8rsm\u00e5l som ang\u00e5r kvalitetsutvikling i alle deler av virksomheten<\/li>\n<\/ul>\n\n\n\n<h2 class=\"wp-block-heading\" id=\"h-tilsyn-og-revisjoner\"><strong>Tilsyn og revisjoner<\/strong><\/h2>\n\n\n\n<p>Vi&nbsp;vektlegger informasjon og \u00e5penhet i v\u00e5rt systematiske forbedringsarbeid, og tilsyn og revisjoner st\u00e5r sentralt.<br>Tilsyn og revisjoner gjennomf\u00f8rt ved Bl\u00e5 Kors klinikk Skien finner du s\u00f8kbart p\u00e5 tilsynsmyndighetenes egne nettsider.<\/p>\n\n\n\n<h2 class=\"wp-block-heading\" id=\"h-kvalitetsindikator\">Kvalitetsindikator<\/h2>\n\n\n\n<p>P\u00e5 den offentlige helseportalen helsenorge.no finner du samlet oversikt over v\u00e5re kvalitetsindikatorer. Her finner du ogs\u00e5 nasjonale oversikter, og kan lese mer om kvalitetsindikatorer i helsetjenesten.<\/p>\n\n\n\n\t\t<div class=\"wp-block-lib-accentuated-link\">\n\t\t\t<a class=\"lib-link__link\" href=\"https:\/\/www.helsenorge.no\/rettigheter\/fritt-behandlingsvalg\/hvordan-tolke-resultater\/\" target=\"\" rel=\"noopener\">\n\t\t\t\t\n\t\t\t\t<div class=\"lib-link__text-content\">\n\t\t\t\t\t<span class=\"lib-link__tagline\">\n\t\t\t\t\t\tLES MER\n\t\t\t\t\t<\/span>\n\n\t\t\t\t\t<h3 class=\"lib-link__title\">\n\t\t\t\t\t\tKvalitet i helsetjenesten\n\t\t\t\t\t<\/h3>\n\n\t\t\t\t\t\n\t\t\t<span class=\"lib-link__link-source\">\n\t\t\t\twww.helsenorge.no\n\t\t\t\t<svg xmlns=\"http:\/\/www.w3.org\/2000\/svg\" viewBox=\"0 0 24 24\" height=\"24\" width=\"24\" class=\"t2-icon t2-icon-linkexternal\" aria-hidden=\"true\" focusable=\"false\"><path d=\"M5 21c-.5 0-1-.2-1.4-.6S3 19.6 3 19V5c0-.6.2-1 .6-1.4S4.5 3 5 3h6c.3 0 .5.1.7.3.2.2.3.4.3.7 0 .3-.1.5-.3.7-.2.2-.4.3-.7.3H5v14h14v-6c0-.3.1-.5.3-.7.2-.2.4-.3.7-.3s.5.1.7.3c.2.2.3.4.3.7v6c0 .6-.2 1-.6 1.4s-.8.6-1.4.6H5zm4-6c-.2-.2-.3-.4-.3-.7s.1-.5.3-.7L17.6 5H15c-.3 0-.5-.1-.7-.3-.2-.2-.3-.4-.3-.7 0-.3.1-.5.3-.7.2-.2.4-.3.7-.3h5c.3 0 .5.1.7.3.2.2.3.4.3.7v5c0 .3-.1.5-.3.7-.2.2-.4.3-.7.3s-.5-.1-.7-.3c-.2-.2-.3-.4-.3-.7V6.4L10.4 15c-.2.2-.4.3-.7.3s-.5-.1-.7-.3z\" fill=\"currentColor\" \/><\/svg>\n\t\t\t<\/span>\n\t\t\t\t<\/div>\n\t\t\t<\/a>\n\t\t<\/div>\n\n\n<h2 class=\"wp-block-heading\" id=\"h-pasienterfaringer\">Pasienterfaringer<\/h2>\n\n\n\n<p>Folkehelseinstituttet gjennomf\u00f8rer unders\u00f8kelser for \u00e5 m\u00e5le pasientenes tilfredshet med behandlingen de f\u00e5r.  V\u00e5re pasienter er del av dette. Du finner mer om resultatene hos FHI.<\/p>\n\n\n\n\t\t<div class=\"wp-block-lib-accentuated-link\">\n\t\t\t<a class=\"lib-link__link\" href=\"https:\/\/www.fhi.no\/publ\/2021\/pasienters-erfaringer-med-dognopphold-i-tverrfaglig-spesialisert-rusbehandl\/#Vedlegg\" target=\"\" rel=\"noopener\">\n\t\t\t\t\n\t\t\t\t<div class=\"lib-link__text-content\">\n\t\t\t\t\t<span class=\"lib-link__tagline\">\n\t\t\t\t\t\tLES MER\n\t\t\t\t\t<\/span>\n\n\t\t\t\t\t<h3 class=\"lib-link__title\">\n\t\t\t\t\t\tNasjonal pasienterfaringsunders\u00f8kelse\n\t\t\t\t\t<\/h3>\n\n\t\t\t\t\t\n\t\t\t<span class=\"lib-link__link-source\">\n\t\t\t\twww.fhi.no\n\t\t\t\t<svg xmlns=\"http:\/\/www.w3.org\/2000\/svg\" viewBox=\"0 0 24 24\" height=\"24\" width=\"24\" class=\"t2-icon t2-icon-linkexternal\" aria-hidden=\"true\" focusable=\"false\"><path d=\"M5 21c-.5 0-1-.2-1.4-.6S3 19.6 3 19V5c0-.6.2-1 .6-1.4S4.5 3 5 3h6c.3 0 .5.1.7.3.2.2.3.4.3.7 0 .3-.1.5-.3.7-.2.2-.4.3-.7.3H5v14h14v-6c0-.3.1-.5.3-.7.2-.2.4-.3.7-.3s.5.1.7.3c.2.2.3.4.3.7v6c0 .6-.2 1-.6 1.4s-.8.6-1.4.6H5zm4-6c-.2-.2-.3-.4-.3-.7s.1-.5.3-.7L17.6 5H15c-.3 0-.5-.1-.7-.3-.2-.2-.3-.4-.3-.7 0-.3.1-.5.3-.7.2-.2.4-.3.7-.3h5c.3 0 .5.1.7.3.2.2.3.4.3.7v5c0 .3-.1.5-.3.7-.2.2-.4.3-.7.3s-.5-.1-.7-.3c-.2-.2-.3-.4-.3-.7V6.4L10.4 15c-.2.2-.4.3-.7.3s-.5-.1-.7-.3z\" fill=\"currentColor\" \/><\/svg>\n\t\t\t<\/span>\n\t\t\t\t<\/div>\n\t\t\t<\/a>\n\t\t<\/div>\n\n\n<h2 class=\"wp-block-heading\" id=\"h-tilsyn-og-revisjoner-1\">Tilsyn og revisjoner<\/h2>\n\n\n\n<p>Vi legger vekt p\u00e5 informasjon og \u00e5penhet i v\u00e5rt systematiske forbedringsarbeid. Tilsyn og revisjoner gjennomf\u00f8rt hos Bl\u00e5 Kors klinikk Skien (tidligere Borgestadklinikken) finner du s\u00f8kbart p\u00e5 tilsynsmyndighetenes egne nettsider. <\/p>\n\n\n\n\t\t<div class=\"wp-block-lib-accentuated-link\">\n\t\t\t<a class=\"lib-link__link\" href=\"https:\/\/www.helsetilsynet.no\/publikasjoner\/rapport-fra-helsetilsynet\/\" target=\"\" rel=\"noopener\">\n\t\t\t\t\n\t\t\t\t<div class=\"lib-link__text-content\">\n\t\t\t\t\t<span class=\"lib-link__tagline\">\n\t\t\t\t\t\tLES MER\n\t\t\t\t\t<\/span>\n\n\t\t\t\t\t<h3 class=\"lib-link__title\">\n\t\t\t\t\t\tTilsyn fra Helsetilsynet\n\t\t\t\t\t<\/h3>\n\n\t\t\t\t\t\n\t\t\t<span class=\"lib-link__link-source\">\n\t\t\t\twww.helsetilsynet.no\n\t\t\t\t<svg xmlns=\"http:\/\/www.w3.org\/2000\/svg\" viewBox=\"0 0 24 24\" height=\"24\" width=\"24\" class=\"t2-icon t2-icon-linkexternal\" aria-hidden=\"true\" focusable=\"false\"><path d=\"M5 21c-.5 0-1-.2-1.4-.6S3 19.6 3 19V5c0-.6.2-1 .6-1.4S4.5 3 5 3h6c.3 0 .5.1.7.3.2.2.3.4.3.7 0 .3-.1.5-.3.7-.2.2-.4.3-.7.3H5v14h14v-6c0-.3.1-.5.3-.7.2-.2.4-.3.7-.3s.5.1.7.3c.2.2.3.4.3.7v6c0 .6-.2 1-.6 1.4s-.8.6-1.4.6H5zm4-6c-.2-.2-.3-.4-.3-.7s.1-.5.3-.7L17.6 5H15c-.3 0-.5-.1-.7-.3-.2-.2-.3-.4-.3-.7 0-.3.1-.5.3-.7.2-.2.4-.3.7-.3h5c.3 0 .5.1.7.3.2.2.3.4.3.7v5c0 .3-.1.5-.3.7-.2.2-.4.3-.7.3s-.5-.1-.7-.3c-.2-.2-.3-.4-.3-.7V6.4L10.4 15c-.2.2-.4.3-.7.3s-.5-.1-.7-.3z\" fill=\"currentColor\" \/><\/svg>\n\t\t\t<\/span>\n\t\t\t\t<\/div>\n\t\t\t<\/a>\n\t\t<\/div>\n\n\n<h2 class=\"wp-block-heading\" id=\"h-hendelser-som-kan-gjore-at-vi-forbedrer-oss\">Hendelser som kan gj\u00f8re at vi forbedrer oss:<\/h2>\n\n\n\n<p>Dersom du har erfaring med hendelser eller avvik som gj\u00f8r at vi kan forbedre oss, \u00f8nsker vi at du tar kontakt med oss:<\/p>\n\n\n<div class=\"no-image wp-block-blakors-person-cards\">\n\t\t\t\n<div class=\"t2-featured-single-post compact-card-template t2-featured-content is-post-type-person compact-card-template wp-block-t2-featured-single-post\"><figure class=\"t2-post-featured-image has-image-ratio-1-1 wp-block-t2-post-featured-image\"><img decoding=\"async\" sizes=\"(min-width: 782px) 768px, 100vw\" class=\"fallback\" loading=\"lazy\" src=\"https:\/\/www.blakors.no\/content\/themes\/blakors\/assets\/icons\/t2-post-featured-image.svg\"><\/figure>\n\n<div class=\"wp-block-group alignfull is-layout-flow wp-block-group-is-layout-flow\">\n\t<div class=\"t2-post-dynamic-part is-source-filter filter-person_card_meta post-meta wp-block-t2-post-dynamic-part\"><div class=\"title\"><h2 id=\"bjorn-gunnar-vadal\"  class=\"t2-post-title wp-block-t2-post-title\" >Bj\u00f8rn Gunnar V\u00e5dal<\/h2><p class=\"position\">Direkt\u00f8r <\/p><\/div><div class=\"contact-info\"><p class=\"phone\"><a href=\"tel:+4740436893\">+47 404 36 893<\/a><\/p><p class=\"email\"><a href=\"mailto:bjorn.gunnar.vadal@blakors.no\">bjorn.gunnar.vadal@blakors.no<\/a><\/p><\/div><\/div>\n<\/div>\n\n<\/div>\n\n\t\t<\/div>","protected":false},"excerpt":{"rendered":"<p>Kvalitets- og pasientsikkerhetsutvalget Bl\u00e5 Kors klinikk Skien har Kvalitets- og pasientsikkerhetsutvalg (KPU) som skal arbeide for \u00e5 fremme kvalitet og sikkerhet i pasientbehandlingen. KPU har f\u00f8lgende oppgaver: Tilsyn og revisjoner Vi&nbsp;vektlegger informasjon og \u00e5penhet i v\u00e5rt systematiske forbedringsarbeid, og tilsyn og revisjoner st\u00e5r sentralt.Tilsyn og revisjoner gjennomf\u00f8rt ved Bl\u00e5 Kors klinikk Skien finner du s\u00f8kbart [&hellip;]<\/p>\n","protected":false},"author":7,"featured_media":0,"parent":0,"menu_order":0,"comment_status":"closed","ping_status":"closed","template":"","meta":{"_acf_changed":false,"_relevanssi_hide_post":"","_relevanssi_hide_content":"","_relevanssi_pin_for_all":"","_relevanssi_pin_keywords":"","_relevanssi_unpin_keywords":"","_relevanssi_related_keywords":"","_relevanssi_related_include_ids":"","_relevanssi_related_exclude_ids":"","_relevanssi_related_no_append":"","_relevanssi_related_not_related":"","_relevanssi_related_posts":"1223,1275,1248,1270,1254,1236","_relevanssi_noindex_reason":"","_custom_cards_description":"","footnotes":""},"class_list":["post-1524","page","type-page","status-publish","hentry"],"acf":[],"_links":{"self":[{"href":"https:\/\/www.blakors.no\/klinikk-skien\/wp-json\/wp\/v2\/pages\/1524","targetHints":{"allow":["GET"]}}],"collection":[{"href":"https:\/\/www.blakors.no\/klinikk-skien\/wp-json\/wp\/v2\/pages"}],"about":[{"href":"https:\/\/www.blakors.no\/klinikk-skien\/wp-json\/wp\/v2\/types\/page"}],"author":[{"embeddable":true,"href":"https:\/\/www.blakors.no\/klinikk-skien\/wp-json\/wp\/v2\/users\/7"}],"replies":[{"embeddable":true,"href":"https:\/\/www.blakors.no\/klinikk-skien\/wp-json\/wp\/v2\/comments?post=1524"}],"version-history":[{"count":5,"href":"https:\/\/www.blakors.no\/klinikk-skien\/wp-json\/wp\/v2\/pages\/1524\/revisions"}],"predecessor-version":[{"id":4081,"href":"https:\/\/www.blakors.no\/klinikk-skien\/wp-json\/wp\/v2\/pages\/1524\/revisions\/4081"}],"wp:attachment":[{"href":"https:\/\/www.blakors.no\/klinikk-skien\/wp-json\/wp\/v2\/media?parent=1524"}],"curies":[{"name":"wp","href":"https:\/\/api.w.org\/{rel}","templated":true}]}}