{"id":19,"date":"2020-09-24T14:47:34","date_gmt":"2020-09-24T12:47:34","guid":{"rendered":"https:\/\/www.blakors.no\/borgestadklinikken\/?page_id=19"},"modified":"2025-10-21T20:03:36","modified_gmt":"2025-10-21T18:03:36","slug":"sok-behandling","status":"publish","type":"page","link":"https:\/\/www.blakors.no\/klinikk-skien\/sok-behandling\/","title":{"rendered":"S\u00f8k behandling"},"content":{"rendered":"<div class=\"custom-block-banner alignwide contenthalf\"><div class=\"banner-image\" style=\"background-image:url(https:\/\/www.blakors.no\/content\/uploads\/sites\/16\/2020\/10\/Poliklinikken-h\u00f8ydebilde-641x1024.jpg)\"><\/div><div class=\"banner-inner\"><div><h1 id=\"slik-soker-du-behandling\"  class=\"title small \" >Slik s\u00f8ker du behandling<\/h1><p>Bl\u00e5 Kors klinikk Skien(tidligere Borgestadklinikken) er spesialisthelsetjeneste for rus- og avhengighetsbehandling. Vi er her for \u00e5 hjelpe deg. Her finner du mer informasjon om hvordan du  g\u00e5r fram for \u00e5 f\u00e5 behandling hos oss. <\/p><div class=\"wp-block-button is-style-primary small\"><a class=\"wp-block-button__link\" href=\"https:\/\/www.blakors.no\/klinikk-skien\/ventetid\/\" target=\"\">Ventetid<\/a><\/div><\/div><\/div><\/div>\n\n\n<h2 class=\"wp-block-heading\" id=\"dette-ma-sta-i-henvisningen\">Henvisning til behandling <\/h2>\n\n\n\n<p>F\u00f8r vi kan gi et tilbud om behandling m\u00e5 vi motta en henvisning fra fastlege, NAV, barneverntjenesten, helsepersonell i somatisk sykehus eller psykisk helsevern. Det er viktig at dine \u00f8nsker og behov kommer tydelig fram. Henviser sender denne til n\u00e6rmeste vurderingsinstans.<\/p>\n\n\n\n<p>Du kan f\u00e5 behandling poliklinisk p\u00e5 dagtid\u00a0eller en innleggelse til\u00a0d\u00f8gnbehandling. Du har rett til \u00e5 velge behandlingsted, og \u00f8nsker du behandling ved Bl\u00e5 Kors klinikk Skien  s\u00e5 er det viktig at dette kommer klart fram i henvisningen.<\/p>\n\n\n\n<p>All behandling er gratis med unntak av egenandel i poliklinikken slik det er i et tilsvarende offentlig behandlingstilbud.<\/p>\n\n\n\n<p>Du f\u00e5r brev med beskjed om hva vurderingsinstansen har besluttet og du vil f\u00e5 brev fra oss om du er innvilget plass. <\/p>\n\n\n\n\t\t<div class=\"wp-block-lib-accentuated-link\">\n\t\t\t<a\n\t\t\t\tclass=\"lib-link__link\"\n\t\t\t\thref=\"https:\/\/www.blakors.no\/klinikk-skien\/innhold-i-henvisning\/\"\n\t\t\t\ttarget=\"\"\n\t\t\t\trel=\"\"\n\t\t\t>\n\t\t\t\t\n\t\t\t\t<div class=\"lib-link__text-content\">\n\t\t\t\t\t<span class=\"lib-link__tagline\">\n\t\t\t\t\t\tfor helsepersonell\n\t\t\t\t\t<\/span>\n\n\t\t\t\t\t<h3 class=\"lib-link__title\">\n\t\t\t\t\t\tDette m\u00e5 henvisningen inneholde\n\t\t\t\t\t<\/h3>\n\n\t\t\t\t\t\n\t\t\t\t<\/div>\n\t\t\t<\/a>\n\t\t<\/div>\n\n\n<h2 id=\"nasjonale-forlop-for-pasienter-i-tsb\"  class=\"wp-block-heading\" >Nasjonale forl\u00f8p for pasienter i TSB<\/h2>\n\n\n\n<p>Nasjonale pasientforl\u00f8p er innf\u00f8rt for pasienter i tverrfaglig spesialisert rusbehandling(TSB). Men hva inneb\u00e6rer det egentlig for deg som er pasient? <\/p>\n\n\n\n<p>Et pasientforl\u00f8p er en m\u00e5te \u00e5 organisere  behandlingen p\u00e5. De nasjonale forl\u00f8pene er rettet mot pasienter som trenger behandling for en avhengighetstilstand, som rusmiddelavhengighet, spilleproblemer og bruk av anabole androgene steroider. Dette skal sikre pasienter koordinerte og forutsigbare forl\u00f8p i spesialisthelsetjenesten.<\/p>\n\n\n\n<p>Alle behandlingssteder skal ha forl\u00f8pskoordinatorer som kan informere pasienter, p\u00e5r\u00f8rende og samarbeidspartnere om pasientforl\u00f8p og behandlingstilbudene. Er du pasient i poliklinikken  er forl\u00f8pskoordinatorer i kontakt med deg f\u00f8r behandlingen og behandler overtar koordinering n\u00e5r behandling er i gang. Er du pasient i d\u00f8gnenhet vil forl\u00f8pskoordinator f\u00f8lge deg i n\u00e6rt samarbeid med behandler og tverrfaglig team.<\/p>\n","protected":false},"excerpt":{"rendered":"<p><span class=\"excerpt_part\">Slik s&oslash;ker du behandling Bl&aring; Kors klinikk Skien(tidligere Borgestadklinikken) er spesialisthelsetjeneste for rus- og avhengighetsbehandling. Vi er her for &aring; hjelpe deg. Her finner du mer informasjon om hvordan du&#8230;<\/span><\/p>\n","protected":false},"author":23,"featured_media":330,"parent":0,"menu_order":0,"comment_status":"closed","ping_status":"closed","template":"","meta":{"_acf_changed":false,"_relevanssi_hide_post":"","_relevanssi_hide_content":"","_relevanssi_pin_for_all":"on","_relevanssi_pin_keywords":"s\u00f8k behandling, rusbehandling, f\u00e5 behandlingsplass, henvisning","_relevanssi_unpin_keywords":"","_relevanssi_related_keywords":"","_relevanssi_related_include_ids":"","_relevanssi_related_exclude_ids":"","_relevanssi_related_no_append":"","_relevanssi_related_not_related":"","_relevanssi_related_posts":"1","_relevanssi_noindex_reason":"","_custom_cards_description":"","footnotes":""},"class_list":["post-19","page","type-page","status-publish","has-post-thumbnail","hentry"],"acf":[],"_links":{"self":[{"href":"https:\/\/www.blakors.no\/klinikk-skien\/wp-json\/wp\/v2\/pages\/19","targetHints":{"allow":["GET"]}}],"collection":[{"href":"https:\/\/www.blakors.no\/klinikk-skien\/wp-json\/wp\/v2\/pages"}],"about":[{"href":"https:\/\/www.blakors.no\/klinikk-skien\/wp-json\/wp\/v2\/types\/page"}],"author":[{"embeddable":true,"href":"https:\/\/www.blakors.no\/klinikk-skien\/wp-json\/wp\/v2\/users\/23"}],"replies":[{"embeddable":true,"href":"https:\/\/www.blakors.no\/klinikk-skien\/wp-json\/wp\/v2\/comments?post=19"}],"version-history":[{"count":4,"href":"https:\/\/www.blakors.no\/klinikk-skien\/wp-json\/wp\/v2\/pages\/19\/revisions"}],"predecessor-version":[{"id":4848,"href":"https:\/\/www.blakors.no\/klinikk-skien\/wp-json\/wp\/v2\/pages\/19\/revisions\/4848"}],"wp:featuredmedia":[{"embeddable":true,"href":"https:\/\/www.blakors.no\/klinikk-skien\/wp-json\/wp\/v2\/media\/330"}],"wp:attachment":[{"href":"https:\/\/www.blakors.no\/klinikk-skien\/wp-json\/wp\/v2\/media?parent=19"}],"curies":[{"name":"wp","href":"https:\/\/api.w.org\/{rel}","templated":true}]}}