{"id":512,"date":"2020-10-29T10:02:15","date_gmt":"2020-10-29T09:02:15","guid":{"rendered":"https:\/\/www.blakors.no\/borgestadklinikken\/?page_id=512"},"modified":"2023-03-24T11:07:13","modified_gmt":"2023-03-24T10:07:13","slug":"nasjonalepasientforlop","status":"publish","type":"page","link":"https:\/\/www.blakors.no\/klinikk-skien\/nasjonalepasientforlop\/","title":{"rendered":"Nasjonale pasientforl\u00f8p"},"content":{"rendered":"\n<p>Et nasjonalt pasientforl\u00f8p ( tidligere kalt pakkeforl\u00f8p) &#8211; hva inneb\u00e6rer det for pasientene p\u00e5 Bl\u00e5 Kors klinikk Skien?<\/p>\n\n\n\n<p>Pasientforl\u00f8p er en m\u00e5te for \u00e5 organisere helsehjelpen og behandlingen. Forl\u00f8pene for behandling av ruslidelser( rusmiddelavhengighet, spilleproblemer og bruk av anabole androgene steroider) skal sikre pasienter koordinerte og forutsigbare forl\u00f8p i spesialisthelsetjenesten.<\/p>\n\n\n\n<p><strong>M\u00e5lene <\/strong>er:<\/p>\n\n\n\n<ol class=\"wp-block-list\" type=\"1\">\n<li>\u00d8kt brukermedvirkning og brukertilfredshet<\/li>\n\n\n\n<li>Sammenhengende og koordinerte pasientforl\u00f8p<\/li>\n\n\n\n<li>Unng\u00e5 un\u00f8dig ventetid<\/li>\n\n\n\n<li>Likeverdig tilbud til pasienter og p\u00e5r\u00f8rende uavhengig av hvor i landet de bor<\/li>\n\n\n\n<li>Bedre ivaretakelse av somatisk helse og gode levevaner<\/li>\n<\/ol>\n\n\n\n<p><strong>Varighet: <\/strong>Det starter n\u00e5r det blir sendt en henvisning til behandling i tverrfaglig spesialisert rusbehandling og varer til du er skrevet ut. Et forl\u00f8p kan omfatte flere behandlingsfaser etter hverandre med poliklinisk behandling og innleggelse i d\u00f8gnavdeling.<\/p>\n\n\n\n<p><strong>Brukermedvirkning: <\/strong>Pasientene har rett til \u00e5 medvirke. Som helsepersonell har vi plikt til \u00e5 involvere deg som er pasient. Pasienten skal v\u00e6re en likeverdig partner i diskusjoner og bli h\u00f8rt n\u00e5r det tas beslutninger som ang\u00e5r hans\/hennes behandling. Dine \u00f8nsker om hjelp skal ligge til grunn for de vurderinger og beslutninger vi tar.<\/p>\n\n\n\n<p><strong>Informasjon:<\/strong> B\u00e5de henvisere og ansatte i spesialisthelsetjenesten skal gi pasienter informasjon om hvilke behandlingstilbud som finnes. Dette skal gi deg mulighet til \u00e5 velge det tilbudet som passer best til dine behov og \u00f8nsker.<\/p>\n\n\n\n<p><strong>Forl\u00f8pskoordinator<\/strong>: Alle behandlingssteder skal ha forl\u00f8pskoordinator som kan informere pasienter, p\u00e5r\u00f8rende og samarbeidspartnere om nasjonale pasientforl\u00f8p og behandlingstilbudene. Som pasient i poliklinikken p\u00e5 Borgestadklinikken er du i kontakt med forl\u00f8pskoordinator f\u00f8r behandlingen starter, s\u00e5 overtar behandler videre koordinering. Som d\u00f8gnpasient f\u00f8lger forl\u00f8pskoordinator deg hele oppholdet i n\u00e6rt samarbeid med behandler og tverrfaglig team.<\/p>\n\n\n\n<p><strong>Samarbeid:<\/strong> Vi legger stor vekt p\u00e5 samarbeid med p\u00e5r\u00f8rende og kommunale hjelpetiltak. Pasient, p\u00e5r\u00f8rende og samarbeidspartnere skal inviteres p\u00e5 regelmessige samarbeidsm\u00f8ter. Du samtykker i hvem som deltar p\u00e5 slike m\u00f8ter.<\/p>\n\n\n\n<p><strong>Evaluere<\/strong>: Vi skal regelmessige evaluere av om pasienten f\u00e5r den riktige behandlingen. Om du samtykker kan p\u00e5r\u00f8rende og samarbeidspartnere delta i slik evaluering.<\/p>\n\n\n\n<p><strong>Avslutning<\/strong>: Det skjer etter gjensidig avtale mellom pasient, TSB og kommune\/fastlege etter at det foreligger en konkret, skriftlig plan for oppf\u00f8lging i kommunen. F\u00f8r behandlingen er avsluttet skal det v\u00e6re et samarbeidsm\u00f8te der behandlingen blir evaluert.<\/p>\n\n\n\n<p><strong>Mer informasjon<\/strong>: Du finner mer om forl\u00f8p i tverrfaglig spesialisert rusbehandling her:<\/p>\n\n\n\n<p><a href=\"https:\/\/helsedirektoratet.no\/retningslinjer\/rusbehandling-tsb-pakkeforlop\" target=\"_blank\" rel=\"noopener\">Helsedirektoratet<\/a> om nasjonale pasientforl\u00f8p i TSB<\/p>\n\n\n\n<p><a href=\"https:\/\/helsenorge.no\/psykisk-helse\/pakkeforlop-for-psykisk-helse-og-rus\/hva-er-pakkeforlop-for-psykisk-helse-og-rus\" target=\"_blank\" rel=\"noopener\">Nettportalen helsenorge.no<\/a><\/p>\n","protected":false},"excerpt":{"rendered":"<p>Et nasjonalt pasientforl\u00f8p ( tidligere kalt pakkeforl\u00f8p) &#8211; hva inneb\u00e6rer det for pasientene p\u00e5 Bl\u00e5 Kors klinikk Skien? Pasientforl\u00f8p er en m\u00e5te for \u00e5 organisere helsehjelpen og behandlingen. Forl\u00f8pene for behandling av ruslidelser( rusmiddelavhengighet, spilleproblemer og bruk av anabole androgene steroider) skal sikre pasienter koordinerte og forutsigbare forl\u00f8p i spesialisthelsetjenesten. M\u00e5lene er: Varighet: Det starter [&hellip;]<\/p>\n","protected":false},"author":7,"featured_media":0,"parent":0,"menu_order":0,"comment_status":"closed","ping_status":"closed","template":"","meta":{"_acf_changed":false,"_relevanssi_hide_post":"","_relevanssi_hide_content":"","_relevanssi_pin_for_all":"","_relevanssi_pin_keywords":"","_relevanssi_unpin_keywords":"","_relevanssi_related_keywords":"","_relevanssi_related_include_ids":"","_relevanssi_related_exclude_ids":"","_relevanssi_related_no_append":"","_relevanssi_related_not_related":"","_relevanssi_related_posts":"38,1","_relevanssi_noindex_reason":"","_custom_cards_description":"","footnotes":""},"class_list":["post-512","page","type-page","status-publish","hentry"],"acf":[],"_links":{"self":[{"href":"https:\/\/www.blakors.no\/klinikk-skien\/wp-json\/wp\/v2\/pages\/512","targetHints":{"allow":["GET"]}}],"collection":[{"href":"https:\/\/www.blakors.no\/klinikk-skien\/wp-json\/wp\/v2\/pages"}],"about":[{"href":"https:\/\/www.blakors.no\/klinikk-skien\/wp-json\/wp\/v2\/types\/page"}],"author":[{"embeddable":true,"href":"https:\/\/www.blakors.no\/klinikk-skien\/wp-json\/wp\/v2\/users\/7"}],"replies":[{"embeddable":true,"href":"https:\/\/www.blakors.no\/klinikk-skien\/wp-json\/wp\/v2\/comments?post=512"}],"version-history":[{"count":5,"href":"https:\/\/www.blakors.no\/klinikk-skien\/wp-json\/wp\/v2\/pages\/512\/revisions"}],"predecessor-version":[{"id":2844,"href":"https:\/\/www.blakors.no\/klinikk-skien\/wp-json\/wp\/v2\/pages\/512\/revisions\/2844"}],"wp:attachment":[{"href":"https:\/\/www.blakors.no\/klinikk-skien\/wp-json\/wp\/v2\/media?parent=512"}],"curies":[{"name":"wp","href":"https:\/\/api.w.org\/{rel}","templated":true}]}}