{"id":90,"date":"2020-10-05T21:19:06","date_gmt":"2020-10-05T19:19:06","guid":{"rendered":"https:\/\/www.blakors.no\/borgestadklinikken\/?page_id=90"},"modified":"2026-02-18T10:19:48","modified_gmt":"2026-02-18T09:19:48","slug":"kurs","status":"publish","type":"page","link":"https:\/\/www.blakors.no\/klinikk-skien\/kurs\/","title":{"rendered":"Kurs fra KORUS s\u00f8r"},"content":{"rendered":"<div class=\"custom-block-banner alignwide contenthalf\"><div class=\"banner-image\" style=\"background-image:url(https:\/\/www.blakors.no\/content\/uploads\/sites\/16\/2020\/11\/KoRus-alle-ved-vegg-2018-1024x499.jpg)\"><\/div><div class=\"banner-inner\"><div><h1 id=\"kurs-fra-korus-sor\"  class=\"title large \" >Kurs fra KORUS s\u00f8r<\/h1><p>Kompetansesenter rus- region s\u00f8r ( KORUS s\u00f8r) tilbyr kurs, programmer og veiledning om rus og avhengighet. Vi jobber p\u00e5 oppdrag fra Helsedirektoratet og vertsinstitusjon er Bl\u00e5 Kors klinikk Skien.\r\nV\u00e5re dyktige medarbeidere er klare til \u00e5 dele sin kunnskap!<\/p><div class=\"wp-block-button is-style-primary small\"><a class=\"wp-block-button__link\" href=\"http:\/\/www.korus.no\" target=\"\" rel=\"noopener\">Les mer om kurs og tilbud fra KORUS s\u00f8r<\/a><\/div><\/div><\/div><\/div>\n\n\n<h2 class=\"wp-block-heading\" id=\"h-barnet-og-rusen-konferansen\">Barnet og Rusen-konferansen<\/h2>\n\n\n\n<p>I samarbeid med KORUS s\u00f8r arrangerer vi \u00e5rlig <a href=\"https:\/\/korus.no\/kurs\/barnet-og-rusen-2025\" data-type=\"link\" data-id=\"https:\/\/korus.no\/kurs\/barnet-og-rusen-2025\" target=\"_blank\" rel=\"noopener\">konferansen Barnet og Rusen.<\/a> Dette er en konferanse om rusproblematikk i forbindelse med graviditet og i familier. Den foreg\u00e5r i september og g\u00e5r over to dager. Datoer for konferansen i 2026 er 23.-24.september. Sted er Sandefjord. F\u00f8lg gjerne med p\u00e5 v\u00e5r FB side, eller ta direkte kontakt med: hilde.holm@blakors.no for mer informasjon.<\/p>\n","protected":false},"excerpt":{"rendered":"<p>Barnet og Rusen-konferansen I samarbeid med KORUS s\u00f8r arrangerer vi \u00e5rlig konferansen Barnet og Rusen. Dette er en konferanse om rusproblematikk i forbindelse med graviditet og i familier. Den foreg\u00e5r i september og g\u00e5r over to dager. Datoer for konferansen i 2026 er 23.-24.september. Sted er Sandefjord. F\u00f8lg gjerne med p\u00e5 v\u00e5r FB side, eller [&hellip;]<\/p>\n","protected":false},"author":23,"featured_media":0,"parent":0,"menu_order":0,"comment_status":"closed","ping_status":"closed","template":"","meta":{"_acf_changed":false,"_relevanssi_hide_post":"","_relevanssi_hide_content":"","_relevanssi_pin_for_all":"on","_relevanssi_pin_keywords":"Kurs, Kurs fra KoRus S\u00f8r","_relevanssi_unpin_keywords":"","_relevanssi_related_keywords":"","_relevanssi_related_include_ids":"","_relevanssi_related_exclude_ids":"","_relevanssi_related_no_append":"","_relevanssi_related_not_related":"","_relevanssi_related_posts":"38,1","_relevanssi_noindex_reason":"","_custom_cards_description":"","footnotes":""},"class_list":["post-90","page","type-page","status-publish","hentry"],"acf":[],"_links":{"self":[{"href":"https:\/\/www.blakors.no\/klinikk-skien\/wp-json\/wp\/v2\/pages\/90","targetHints":{"allow":["GET"]}}],"collection":[{"href":"https:\/\/www.blakors.no\/klinikk-skien\/wp-json\/wp\/v2\/pages"}],"about":[{"href":"https:\/\/www.blakors.no\/klinikk-skien\/wp-json\/wp\/v2\/types\/page"}],"author":[{"embeddable":true,"href":"https:\/\/www.blakors.no\/klinikk-skien\/wp-json\/wp\/v2\/users\/23"}],"replies":[{"embeddable":true,"href":"https:\/\/www.blakors.no\/klinikk-skien\/wp-json\/wp\/v2\/comments?post=90"}],"version-history":[{"count":5,"href":"https:\/\/www.blakors.no\/klinikk-skien\/wp-json\/wp\/v2\/pages\/90\/revisions"}],"predecessor-version":[{"id":5162,"href":"https:\/\/www.blakors.no\/klinikk-skien\/wp-json\/wp\/v2\/pages\/90\/revisions\/5162"}],"wp:attachment":[{"href":"https:\/\/www.blakors.no\/klinikk-skien\/wp-json\/wp\/v2\/media?parent=90"}],"curies":[{"name":"wp","href":"https:\/\/api.w.org\/{rel}","templated":true}]}}