{"id":538,"date":"2024-05-23T10:29:23","date_gmt":"2024-05-23T08:29:23","guid":{"rendered":"https:\/\/www.blakors.no\/klinikk-tjeldsund\/?page_id=538"},"modified":"2024-05-23T10:29:24","modified_gmt":"2024-05-23T08:29:24","slug":"brukerradet","status":"publish","type":"page","link":"https:\/\/www.blakors.no\/klinikk-tjeldsund\/brukerradet\/","title":{"rendered":"Brukerr\u00e5det"},"content":{"rendered":"\n<div class=\"wp-block-lib-header alignfull hide\"><div class=\"header-innercontent\"><\/div><\/div>\n\n\n\n<p><em>Vi er opptatt av god brukermedvirkning b\u00e5de p\u00e5 individniv\u00e5 og p\u00e5 systemniv\u00e5. Brukerr\u00e5det v\u00e5rt skal fremme brukerperspektivet i ulike saker og prosesser. <\/em><\/p>\n\n\n\n<h2 id=\"mandat\"  class=\"wp-block-heading\" >Mandat<\/h2>\n\n\n\n<p>Brukerr\u00e5det skal fremme brukerperspektivet i viktige saker og prosesser og bidra til at brukere blir h\u00f8rt gjennom \u00f8kt brukermedvirkning. Bruker\u00e5det skal  best\u00e5 av representanter fra brukerorganisasjoner, pasienttillitsvalgte, representant med brukererfaring fra selvhjelpsgrupper og representanter fra ledelsen ved Bl\u00e5 Kors klinikk Tjeldsund. Brukerr\u00e5det m\u00f8tes  jevnlig, fortrinnvis fire ganger i \u00e5ret.<\/p>\n\n\n\n<h2 id=\"brukerradets-rolle\"  class=\"wp-block-heading\" >Brukerr\u00e5dets rolle<\/h2>\n\n\n\n<ul class=\"wp-block-list\">\n<li>V\u00e6re et r\u00e5dgivende organ for direkt\u00f8r og fagansvarlige i saker som ang\u00e5r tilbudet til pasienter og p\u00e5r\u00f8rende<\/li>\n\n\n\n<li>Brukerr\u00e5det er forum for tilbakemeldinger fra pasienter og p\u00e5r\u00f8rende<\/li>\n\n\n\n<li>Det er et samarbeidsforum mellom klinikken og relevante brukerorganisasjoner og p\u00e5r\u00f8renderepresentanter\/organisasjoner<\/li>\n<\/ul>\n\n\n\n<h2 id=\"formal\"  class=\"wp-block-heading\" >Form\u00e5l<\/h2>\n\n\n\n<ul class=\"wp-block-list\">\n<li>Arbeide for gode og likeverdige TSB tjenester uavhengig av alder, kj\u00f8nn, bosted, etnisk opprinnelse, sosial status, sykdom\/diagnose eller funksjonshemming<\/li>\n\n\n\n<li>Bidra til god brukermedvirkning fra pasienter og p\u00e5r\u00f8rende<\/li>\n\n\n\n<li>Bidra til at brukerkompetansen blir benyttet som grunnlag for planlegging, gjennomf\u00f8ring og evaluering av tjenestene<\/li>\n\n\n\n<li>Bidra til god samhandling mellom tjenesteytere<\/li>\n<\/ul>\n\n\n\n<h2 id=\"oppgaver\"  class=\"wp-block-heading\" >Oppgaver<\/h2>\n\n\n\n<ul class=\"wp-block-list\">\n<li>Fremme saker av betydning for pasienter og p\u00e5r\u00f8rende<\/li>\n\n\n\n<li>Sikre brukere og p\u00e5r\u00f8rendes medvirkning p\u00e5 system- og tjenesteniv\u00e5<\/li>\n\n\n\n<li>Bidra med innspill og r\u00e5d som kan bidra til \u00e5 bedre kvalitetene p\u00e5 tjenestetilbudet<\/li>\n\n\n\n<li>Bidra til utvikling og evaluering av pasient- og brukererfaringsunders\u00f8kelser<\/li>\n<\/ul>\n\n\n\n<p>Bl\u00e5 Kors klinikk Tjeldsund, utvalgets leder og \u00f8vrige medlemmer kan foresl\u00e5 saker til brukerr\u00e5det. Administrasjonen ved Bl\u00e5 Kors klinikk Tjeldsund s\u00f8rger for m\u00f8teplanlegging, innkalling og referat.<\/p>\n\n\n\n<div class=\"custom-block-factbox\">\n\t<p><strong>Medlemmer av Brukerr\u00e5det:<\/strong><br \/>\nMarborg<\/p>\n<p>Mental Helse<\/p>\n<p>Barn av rusmisbrukere (BAR)<\/p>\n<p>P\u00e5r\u00f8renderepresentant<\/p>\n<p><strong>Kontakt\/Innspill<\/strong>:<a href=\"mailto:brukerrad@blakors.no\"> brukerrad@blakors.no<\/a><\/p>\n<\/div>\n","protected":false},"excerpt":{"rendered":"<p>Vi er opptatt av god brukermedvirkning b\u00e5de p\u00e5 individniv\u00e5 og p\u00e5 systemniv\u00e5. Brukerr\u00e5det v\u00e5rt skal fremme brukerperspektivet i ulike saker og prosesser. Mandat Brukerr\u00e5det skal fremme brukerperspektivet i viktige saker og prosesser og bidra til at brukere blir h\u00f8rt gjennom \u00f8kt brukermedvirkning. Bruker\u00e5det skal best\u00e5 av representanter fra brukerorganisasjoner, pasienttillitsvalgte, representant med brukererfaring fra selvhjelpsgrupper [&hellip;]<\/p>\n","protected":false},"author":7,"featured_media":0,"parent":0,"menu_order":0,"comment_status":"closed","ping_status":"closed","template":"","meta":{"_acf_changed":false,"_relevanssi_hide_post":"","_relevanssi_hide_content":"","_relevanssi_pin_for_all":"","_relevanssi_pin_keywords":"","_relevanssi_unpin_keywords":"","_relevanssi_related_keywords":"","_relevanssi_related_include_ids":"","_relevanssi_related_exclude_ids":"","_relevanssi_related_no_append":"","_relevanssi_related_not_related":"","_relevanssi_related_posts":"","_relevanssi_noindex_reason":"","_custom_cards_description":"","footnotes":""},"class_list":["post-538","page","type-page","status-publish","hentry"],"acf":[],"_links":{"self":[{"href":"https:\/\/www.blakors.no\/klinikk-tjeldsund\/wp-json\/wp\/v2\/pages\/538","targetHints":{"allow":["GET"]}}],"collection":[{"href":"https:\/\/www.blakors.no\/klinikk-tjeldsund\/wp-json\/wp\/v2\/pages"}],"about":[{"href":"https:\/\/www.blakors.no\/klinikk-tjeldsund\/wp-json\/wp\/v2\/types\/page"}],"author":[{"embeddable":true,"href":"https:\/\/www.blakors.no\/klinikk-tjeldsund\/wp-json\/wp\/v2\/users\/7"}],"replies":[{"embeddable":true,"href":"https:\/\/www.blakors.no\/klinikk-tjeldsund\/wp-json\/wp\/v2\/comments?post=538"}],"version-history":[{"count":2,"href":"https:\/\/www.blakors.no\/klinikk-tjeldsund\/wp-json\/wp\/v2\/pages\/538\/revisions"}],"predecessor-version":[{"id":540,"href":"https:\/\/www.blakors.no\/klinikk-tjeldsund\/wp-json\/wp\/v2\/pages\/538\/revisions\/540"}],"wp:attachment":[{"href":"https:\/\/www.blakors.no\/klinikk-tjeldsund\/wp-json\/wp\/v2\/media?parent=538"}],"curies":[{"name":"wp","href":"https:\/\/api.w.org\/{rel}","templated":true}]}}