{"id":7,"date":"2022-03-05T11:35:08","date_gmt":"2022-03-05T10:35:08","guid":{"rendered":"https:\/\/www.blakors.no\/klinikk-tjeldsund\/?page_id=7"},"modified":"2026-01-16T09:26:29","modified_gmt":"2026-01-16T08:26:29","slug":"forside","status":"publish","type":"page","link":"https:\/\/www.blakors.no\/klinikk-tjeldsund\/","title":{"rendered":"Forside"},"content":{"rendered":"\n\t<div style=\"--t2-hero-dim:0;\" class=\"t2-hero t2-hero-content-position-center-left t2-hero-has-dim-0 alignfull wp-block-t2-hero has-background has-lila-light-background-color\">\n\t\t\n\t\t<div class=\"t2-hero__header\"><div class=\"t2-hero__header__content\">\n\n<h1 id=\"behandling-i-naturskjonne-omgivelser\"  class=\"wp-block-heading\" >Behandling i naturskj\u00f8nne omgivelser<\/h1>\n\n\n\n<p>Vi er en klinikk som behandler ulike avhengighetslidelser knyttet til bruk av alkohol, illegale rusmidler og medikamenter. Vi bruker 12-trinnsbehandling hvor b\u00e5de sosiale, psykiske og helsemessige forhold er vektlagt. 12-trinnsmodellen trekker i tillegg inn en \u00e5ndelig dimensjon. Det handler om bevisstgj\u00f8ring av egne verdier, normer og livstro, uavhengig av livssyn.<\/p>\n\n\n\n<div class=\"wp-block-buttons is-layout-flex wp-block-buttons-is-layout-flex\">\n<div class=\"wp-block-button\"><a class=\"wp-block-button__link wp-element-button\" href=\"https:\/\/www.blakors.no\/klinikk-tjeldsund\/kontakt-oss\/\">Kontakt oss<\/a><\/div>\n<\/div>\n\n<\/div><\/div>\n\t<\/div>\n\n\n<div class=\"wp-block-lib-header alignfull hide\"><div class=\"image-wrapper\"><img decoding=\"async\" src=\"https:\/\/www.blakors.no\/content\/uploads\/sites\/28\/2022\/04\/Terapisetting-smil-scaled.jpg\"\/><\/div><div class=\"header-innercontent\">\n\n<\/div><\/div>\n\n\n\n<div class=\"custom-block-factbox is-style-green\">\n\t<p>Velkommen til Bl\u00e5 Kors klinikk Tjeldsund (BKKT)<\/p>\n<p><a href=\"https:\/\/www.blakors.no\/klinikk-tjeldsund\/kontakt-oss\/\">Ta gjerne kontakt med oss!<\/a><\/p>\n<\/div>\n\n\n<div class=\"t2-featured-content-layout alignwide alignwide wp-block-t2-featured-content-layout\" role=\"list\">\n<div class=\"t2-featured-single-post t2-featured-content is-post-type-page wp-block-t2-featured-single-post\" role=\"listitem\"><a class=\"t2-post-link wp-block-t2-post-link\" href=\"https:\/\/www.blakors.no\/klinikk-tjeldsund\/rusbehandling\/\">\n<figure style=\"--t2-focal-point: 50% 50%;\" class=\"t2-post-featured-image has-image-ratio-16-9 wp-block-t2-post-featured-image\"><img loading=\"lazy\" decoding=\"async\" width=\"2048\" height=\"1400\" src=\"https:\/\/www.blakors.no\/content\/uploads\/sites\/28\/2022\/04\/Terapisetting-smil-scaled.jpg\" class=\"attachment-post-thumbnail size-post-thumbnail wp-post-image\" alt=\"Kvinne og mann prater smilende sammen\" srcset=\"https:\/\/www.blakors.no\/content\/uploads\/sites\/28\/2022\/04\/Terapisetting-smil-scaled.jpg 2048w, https:\/\/www.blakors.no\/content\/uploads\/sites\/28\/2022\/04\/Terapisetting-smil-300x205.jpg 300w, https:\/\/www.blakors.no\/content\/uploads\/sites\/28\/2022\/04\/Terapisetting-smil-1024x700.jpg 1024w, https:\/\/www.blakors.no\/content\/uploads\/sites\/28\/2022\/04\/Terapisetting-smil-768x525.jpg 768w, https:\/\/www.blakors.no\/content\/uploads\/sites\/28\/2022\/04\/Terapisetting-smil-1536x1050.jpg 1536w\" sizes=\"auto, (min-width: 782px) 768px, 100vw\" \/><\/figure>\n\n<div class=\"wp-block-group alignfull is-layout-flow wp-block-group-is-layout-flow\">\n\t<h2 id=\"rusbehandling\"  class=\"t2-post-title wp-block-t2-post-title\" >Rusbehandling<\/h2>\n\t<div class=\"wp-block-post-date__modified-date wp-block-post-date\"><time datetime=\"2025-05-26T11:25:51+02:00\">26. mai 2025<\/time><\/div>\n\t\t\t<div class=\"single-meta t2-post-excerpt card-description wp-block-blakors-meta-display\"><\/div>\n\t\n<\/div>\n\n<\/a>\n<\/div>\n\n<div class=\"t2-featured-single-post t2-featured-content is-post-type-page wp-block-t2-featured-single-post\" role=\"listitem\"><a class=\"t2-post-link wp-block-t2-post-link\" href=\"https:\/\/www.blakors.no\/klinikk-tjeldsund\/12-trinnsmodellen\/\">\n<figure style=\"--t2-focal-point: 50% 50%;\" class=\"t2-post-featured-image has-image-ratio-16-9 wp-block-t2-post-featured-image\"><img loading=\"lazy\" decoding=\"async\" width=\"2048\" height=\"1395\" src=\"https:\/\/www.blakors.no\/content\/uploads\/sites\/28\/2022\/04\/Samling-i-ring-scaled.jpg\" class=\"attachment-post-thumbnail size-post-thumbnail wp-post-image\" alt=\"Mange personer sitter i en ring og snakker sammen\" srcset=\"https:\/\/www.blakors.no\/content\/uploads\/sites\/28\/2022\/04\/Samling-i-ring-scaled.jpg 2048w, https:\/\/www.blakors.no\/content\/uploads\/sites\/28\/2022\/04\/Samling-i-ring-300x204.jpg 300w, https:\/\/www.blakors.no\/content\/uploads\/sites\/28\/2022\/04\/Samling-i-ring-1024x697.jpg 1024w, https:\/\/www.blakors.no\/content\/uploads\/sites\/28\/2022\/04\/Samling-i-ring-768x523.jpg 768w, https:\/\/www.blakors.no\/content\/uploads\/sites\/28\/2022\/04\/Samling-i-ring-1536x1046.jpg 1536w\" sizes=\"auto, (min-width: 782px) 768px, 100vw\" \/><\/figure>\n\n<div class=\"wp-block-group alignfull is-layout-flow wp-block-group-is-layout-flow\">\n\t<h2 id=\"12-trinnsmodellen\"  class=\"t2-post-title wp-block-t2-post-title\" >12-trinnsmodellen<\/h2>\n\t<div class=\"wp-block-post-date__modified-date wp-block-post-date\"><time datetime=\"2025-02-07T10:54:06+01:00\">7. februar 2025<\/time><\/div>\n\t\t\t<div class=\"single-meta t2-post-excerpt card-description wp-block-blakors-meta-display\"><\/div>\n\t\n<\/div>\n\n<\/a>\n<\/div>\n\n<div class=\"t2-featured-single-post t2-featured-content is-post-type-page wp-block-t2-featured-single-post\" role=\"listitem\"><a class=\"t2-post-link wp-block-t2-post-link\" href=\"https:\/\/www.blakors.no\/klinikk-tjeldsund\/parorende\/\">\n<figure style=\"--t2-focal-point: 50% 50%;\" class=\"t2-post-featured-image has-image-ratio-16-9 wp-block-t2-post-featured-image\"><img loading=\"lazy\" decoding=\"async\" width=\"2048\" height=\"1344\" src=\"https:\/\/www.blakors.no\/content\/uploads\/sites\/28\/2022\/04\/Spillestund-scaled.jpg\" class=\"attachment-post-thumbnail size-post-thumbnail wp-post-image\" alt=\"Kvinne og mann spiller sjakk\" srcset=\"https:\/\/www.blakors.no\/content\/uploads\/sites\/28\/2022\/04\/Spillestund-scaled.jpg 2048w, https:\/\/www.blakors.no\/content\/uploads\/sites\/28\/2022\/04\/Spillestund-300x197.jpg 300w, https:\/\/www.blakors.no\/content\/uploads\/sites\/28\/2022\/04\/Spillestund-1024x672.jpg 1024w, https:\/\/www.blakors.no\/content\/uploads\/sites\/28\/2022\/04\/Spillestund-768x504.jpg 768w, https:\/\/www.blakors.no\/content\/uploads\/sites\/28\/2022\/04\/Spillestund-1536x1008.jpg 1536w\" sizes=\"auto, (min-width: 782px) 768px, 100vw\" \/><\/figure>\n\n<div class=\"wp-block-group alignfull is-layout-flow wp-block-group-is-layout-flow\">\n\t<h2 id=\"parorende\"  class=\"t2-post-title wp-block-t2-post-title\" >P\u00e5r\u00f8rende<\/h2>\n\t<div class=\"wp-block-post-date__modified-date wp-block-post-date\"><time datetime=\"2025-02-06T10:05:24+01:00\">6. februar 2025<\/time><\/div>\n\t\t\t<div class=\"single-meta t2-post-excerpt card-description wp-block-blakors-meta-display\"><\/div>\n\t\n<\/div>\n\n<\/a>\n<\/div>\n<\/div>\n\n\n<h2 class=\"wp-block-heading has-text-align-center\" id=\"h-les-mer-fra-bla-kors\">Les mer fra Bl\u00e5 Kors<\/h2>\n\n\n<div class=\"t2-featured-content-layout alignwide alignwide wp-block-blakors-multisite-query-loop wp-block-t2-featured-content-layout\" role=\"list\">\n\t\t\t\t<div class=\"t2-featured-single-post t2-featured-content-layout-col-4 t2-featured-content is-post-type-post category-bla-kors-poliklinikk-oslo category-forebygging category-parorende category-penge-og-dataspillavhengighet t2-featured-content-layout-col-4 wp-block-t2-featured-single-post\"><a class=\"t2-post-link wp-block-t2-post-link\" href=\"https:\/\/www.blakors.no\/nyheter\/arbeid-mot-spillavhengighet\/\">\n<figure style=\"--t2-focal-point: 50% 50%;\" class=\"t2-post-featured-image has-image-ratio-16-9 wp-block-t2-post-featured-image\"><img width=\"1600\" height=\"1069\" src=\"https:\/\/www.blakors.no\/content\/uploads\/2020\/10\/Trine-Stensen-generalsekret\u00e6r-svart-jakke.jpg\" class=\"attachment-post-thumbnail size-post-thumbnail wp-post-image\" alt=\"Trine Stensen generalsekret\u00e6r i Bl\u00e5 Kors smiler foran en vegg. Hun har p\u00e5 seg en m\u00f8rkebl\u00e5 dressjakke\" decoding=\"async\" loading=\"lazy\" srcset=\"https:\/\/www.blakors.no\/content\/uploads\/2020\/10\/Trine-Stensen-generalsekret\u00e6r-svart-jakke.jpg 1600w, https:\/\/www.blakors.no\/content\/uploads\/2020\/10\/Trine-Stensen-generalsekret\u00e6r-svart-jakke-300x200.jpg 300w, https:\/\/www.blakors.no\/content\/uploads\/2020\/10\/Trine-Stensen-generalsekret\u00e6r-svart-jakke-1024x684.jpg 1024w, https:\/\/www.blakors.no\/content\/uploads\/2020\/10\/Trine-Stensen-generalsekret\u00e6r-svart-jakke-768x513.jpg 768w, https:\/\/www.blakors.no\/content\/uploads\/2020\/10\/Trine-Stensen-generalsekret\u00e6r-svart-jakke-1536x1026.jpg 1536w\" sizes=\"auto, (min-width: 782px) 768px, 100vw\" \/><\/figure>\n\n<div class=\"wp-block-group alignfull is-layout-flow wp-block-group-is-layout-flow\">\n\t<h2 id=\"bla-kors-tar-over-hjelpelinjen-og-fjernbasert-behandling-for-spillavhengige\"  class=\"t2-post-title wp-block-t2-post-title\" >Bl\u00e5 Kors tar over Hjelpelinjen og Fjernbasert behandling for spillavhengige<\/h2>\n\t<div class=\"wp-block-post-date__modified-date wp-block-post-date\"><time datetime=\"2023-11-14T16:11:42+01:00\">14. november 2023<\/time><\/div>\n\t\t\t<div class=\"single-meta t2-post-excerpt card-description wp-block-blakors-meta-display\"><\/div>\n\t\n<\/div>\n\n<\/a>\n<\/div><div class=\"t2-featured-single-post t2-featured-content-layout-col-4 t2-featured-content is-post-type-post category-penge-og-dataspillavhengighet category-alkohol-og-rusbehandling category-bla-kors-poliklinikk-oslo category-parorende t2-featured-content-layout-col-4 wp-block-t2-featured-single-post\"><a class=\"t2-post-link wp-block-t2-post-link\" href=\"https:\/\/www.blakors.no\/nyheter\/spilleavhengighet-legger-menneskers-liv-i-ruiner\/\">\n<figure style=\"--t2-focal-point: 50% 50%;\" class=\"t2-post-featured-image has-image-ratio-16-9 wp-block-t2-post-featured-image\"><img width=\"2048\" height=\"1152\" src=\"https:\/\/www.blakors.no\/content\/uploads\/2022\/04\/Per-Ivar-Staberg-fotball.jpg\" class=\"attachment-post-thumbnail size-post-thumbnail wp-post-image\" alt=\"En mann holder en fotball i armene p\u00e5 Lerkendal stadium. Han myser mot fotografen.\" decoding=\"async\" loading=\"lazy\" srcset=\"https:\/\/www.blakors.no\/content\/uploads\/2022\/04\/Per-Ivar-Staberg-fotball.jpg 2048w, https:\/\/www.blakors.no\/content\/uploads\/2022\/04\/Per-Ivar-Staberg-fotball-300x169.jpg 300w, https:\/\/www.blakors.no\/content\/uploads\/2022\/04\/Per-Ivar-Staberg-fotball-1024x576.jpg 1024w, https:\/\/www.blakors.no\/content\/uploads\/2022\/04\/Per-Ivar-Staberg-fotball-768x432.jpg 768w, https:\/\/www.blakors.no\/content\/uploads\/2022\/04\/Per-Ivar-Staberg-fotball-1536x864.jpg 1536w\" sizes=\"auto, (min-width: 782px) 768px, 100vw\" \/><\/figure>\n\n<div class=\"wp-block-group alignfull is-layout-flow wp-block-group-is-layout-flow\">\n\t<h2 id=\"spilleavhengighet-legger-menneskers-liv-i-ruiner\"  class=\"t2-post-title wp-block-t2-post-title\" >\u2013 Spilleavhengighet legger menneskers liv i ruiner<\/h2>\n\t<div class=\"wp-block-post-date__modified-date wp-block-post-date\"><time datetime=\"2023-11-06T22:54:59+01:00\">6. november 2023<\/time><\/div>\n\t\t\t<div class=\"single-meta t2-post-excerpt card-description wp-block-blakors-meta-display\"><\/div>\n\t\n<\/div>\n\n<\/a>\n<\/div><div class=\"t2-featured-single-post t2-featured-content-layout-col-4 t2-featured-content is-post-type-post category-alkohol-og-rusbehandling category-barn-og-unge category-bla-kors-poliklinikk-oslo category-forebygging category-parorende t2-featured-content-layout-col-4 wp-block-t2-featured-single-post\"><a class=\"t2-post-link wp-block-t2-post-link\" href=\"https:\/\/www.blakors.no\/nyheter\/alkoholvaner-i-norge-koster-oss-dyrt\/\">\n<figure style=\"--t2-focal-point: 50% 50%;\" class=\"t2-post-featured-image has-image-ratio-16-9 wp-block-t2-post-featured-image\"><img width=\"3840\" height=\"2559\" src=\"https:\/\/www.blakors.no\/content\/uploads\/2022\/02\/COLOURBOX8671637-scaled.jpg\" class=\"attachment-post-thumbnail size-post-thumbnail wp-post-image\" alt=\"Folk som sk\u00e5ler med \u00f8lflasker\" decoding=\"async\" loading=\"lazy\" srcset=\"https:\/\/www.blakors.no\/content\/uploads\/2022\/02\/COLOURBOX8671637-scaled.jpg 3840w, https:\/\/www.blakors.no\/content\/uploads\/2022\/02\/COLOURBOX8671637-300x200.jpg 300w, https:\/\/www.blakors.no\/content\/uploads\/2022\/02\/COLOURBOX8671637-1024x683.jpg 1024w, https:\/\/www.blakors.no\/content\/uploads\/2022\/02\/COLOURBOX8671637-768x512.jpg 768w, https:\/\/www.blakors.no\/content\/uploads\/2022\/02\/COLOURBOX8671637-1536x1024.jpg 1536w, https:\/\/www.blakors.no\/content\/uploads\/2022\/02\/COLOURBOX8671637-2048x1365.jpg 2048w\" sizes=\"auto, (min-width: 782px) 768px, 100vw\" \/><\/figure>\n\n<div class=\"wp-block-group alignfull is-layout-flow wp-block-group-is-layout-flow\">\n\t<h2 id=\"alkoholvaner-i-norge-koster-oss-dyrt\"  class=\"t2-post-title wp-block-t2-post-title\" >Alkoholvaner i Norge koster oss dyrt<\/h2>\n\t<div class=\"wp-block-post-date__modified-date wp-block-post-date\"><time datetime=\"2022-09-22T10:41:31+02:00\">22. september 2022<\/time><\/div>\n\t\t\t<div class=\"single-meta t2-post-excerpt card-description wp-block-blakors-meta-display\"><\/div>\n\t\n<\/div>\n\n<\/a>\n<\/div>\n\t\t\t\t\n\t\t\t<\/div>\n\n\n<h2 class=\"wp-block-heading has-text-align-center\" id=\"h-innsikt-om-rus-og-avhengighet\">Innsikt om rus og avhengighet<\/h2>\n\n\n<div class=\"t2-featured-content-layout alignwide alignwide wp-block-blakors-multisite-query-loop wp-block-t2-featured-content-layout\" role=\"list\">\n\t\t\t\t<div class=\"t2-featured-single-post t2-featured-content-layout-col-4 t2-featured-content is-post-type-post category-alkohol-og-rusbehandling category-kategori t2-featured-content-layout-col-4 wp-block-t2-featured-single-post\"><a class=\"t2-post-link wp-block-t2-post-link\" href=\"https:\/\/www.blakors.no\/nyheter\/frode-den-eneste-jeg-lurte-var-meg-selv\/\">\n<figure style=\"--t2-focal-point: 50% 50%;\" class=\"t2-post-featured-image has-image-ratio-16-9 wp-block-t2-post-featured-image\"><img width=\"4284\" height=\"5712\" src=\"https:\/\/v.imgi.no\/blakors-52632-ab9b2064f5b0f80a9b289b3d6e2784a3-4284x5712\/frode-2.webp\" class=\"attachment-post-thumbnail size-post-thumbnail wp-post-image\" alt=\"\" decoding=\"async\" loading=\"lazy\" srcset=\"https:\/\/v.imgi.no\/blakors-52632-ab9b2064f5b0f80a9b289b3d6e2784a3-113x150\/frode-2.webp 113w, https:\/\/v.imgi.no\/blakors-52632-ab9b2064f5b0f80a9b289b3d6e2784a3-225x300\/frode-2.webp 225w, https:\/\/v.imgi.no\/blakors-52632-ab9b2064f5b0f80a9b289b3d6e2784a3-768x1024\/frode-2.webp 768w, https:\/\/v.imgi.no\/blakors-52632-ab9b2064f5b0f80a9b289b3d6e2784a3-768x1024\/frode-2.webp 768w, https:\/\/v.imgi.no\/blakors-52632-ab9b2064f5b0f80a9b289b3d6e2784a3-1152x1536\/frode-2.webp 1152w, https:\/\/v.imgi.no\/blakors-52632-ab9b2064f5b0f80a9b289b3d6e2784a3-1536x2048\/frode-2.webp 1536w, https:\/\/v.imgi.no\/blakors-52632-ab9b2064f5b0f80a9b289b3d6e2784a3-225x300\/frode-2.webp 225w, https:\/\/v.imgi.no\/blakors-52632-ab9b2064f5b0f80a9b289b3d6e2784a3-270x360\/frode-2.webp 270w, https:\/\/v.imgi.no\/blakors-52632-ab9b2064f5b0f80a9b289b3d6e2784a3-150x200\/frode-2.webp 150w, https:\/\/v.imgi.no\/blakors-52632-ab9b2064f5b0f80a9b289b3d6e2784a3-1080x1440\/frode-2.webp 1080w, https:\/\/v.imgi.no\/blakors-52632-ab9b2064f5b0f80a9b289b3d6e2784a3-225x300\/frode-2.webp 225w, https:\/\/v.imgi.no\/blakors-52632-ab9b2064f5b0f80a9b289b3d6e2784a3-300x400\/frode-2.webp 300w, https:\/\/v.imgi.no\/blakors-52632-ab9b2064f5b0f80a9b289b3d6e2784a3-450x600\/frode-2.webp 450w\" sizes=\"auto, (min-width: 782px) 768px, 100vw\" \/><\/figure>\n\n<div class=\"wp-block-group alignfull is-layout-flow wp-block-group-is-layout-flow\">\n\t<h2 id=\"frodes-oppgjor-den-eneste-jeg-lurte-var-meg-selv\"  class=\"t2-post-title wp-block-t2-post-title\" >Frodes oppgj\u00f8r: \u2013 Den eneste jeg lurte, var meg selv<\/h2>\n\t<div class=\"wp-block-post-date__modified-date wp-block-post-date\"><time datetime=\"2026-03-17T10:02:42+01:00\">17. mars 2026<\/time><\/div>\n\t\t\t<div class=\"single-meta t2-post-excerpt card-description wp-block-blakors-meta-display\"><\/div>\n\t\n<\/div>\n\n<\/a>\n<\/div><div class=\"t2-featured-single-post t2-featured-content-layout-col-4 t2-featured-content is-post-type-post category-alkohol-og-rusbehandling category-kategori t2-featured-content-layout-col-4 wp-block-t2-featured-single-post\"><a class=\"t2-post-link wp-block-t2-post-link\" href=\"https:\/\/www.blakors.no\/nyheter\/christers-vei-tilbake-kriminalitet-rus\/\">\n<figure style=\"--t2-focal-point: 50% 50%;\" class=\"t2-post-featured-image has-image-ratio-16-9 wp-block-t2-post-featured-image\"><img width=\"4480\" height=\"4480\" src=\"https:\/\/v.imgi.no\/blakors-50913-e49e216a453df14aa6334b3766d795ab-4480x4480\/img_2493.webp\" class=\"attachment-post-thumbnail size-post-thumbnail wp-post-image\" alt=\"\" decoding=\"async\" loading=\"lazy\" srcset=\"https:\/\/v.imgi.no\/blakors-50913-e49e216a453df14aa6334b3766d795ab-150x150\/img_2493.webp 150w, https:\/\/v.imgi.no\/blakors-50913-e49e216a453df14aa6334b3766d795ab-300x300\/img_2493.webp 300w, https:\/\/v.imgi.no\/blakors-50913-e49e216a453df14aa6334b3766d795ab-768x768\/img_2493.webp 768w, https:\/\/v.imgi.no\/blakors-50913-e49e216a453df14aa6334b3766d795ab-1024x1024\/img_2493.webp 1024w, https:\/\/v.imgi.no\/blakors-50913-e49e216a453df14aa6334b3766d795ab-1536x1536\/img_2493.webp 1536w, https:\/\/v.imgi.no\/blakors-50913-e49e216a453df14aa6334b3766d795ab-2048x2048\/img_2493.webp 2048w, https:\/\/v.imgi.no\/blakors-50913-e49e216a453df14aa6334b3766d795ab-300x300\/img_2493.webp 300w, https:\/\/v.imgi.no\/blakors-50913-e49e216a453df14aa6334b3766d795ab-360x360\/img_2493.webp 360w, https:\/\/v.imgi.no\/blakors-50913-e49e216a453df14aa6334b3766d795ab-200x200\/img_2493.webp 200w, https:\/\/v.imgi.no\/blakors-50913-e49e216a453df14aa6334b3766d795ab-1440x1440\/img_2493.webp 1440w, https:\/\/v.imgi.no\/blakors-50913-e49e216a453df14aa6334b3766d795ab-300x300\/img_2493.webp 300w, https:\/\/v.imgi.no\/blakors-50913-e49e216a453df14aa6334b3766d795ab-400x400\/img_2493.webp 400w, https:\/\/v.imgi.no\/blakors-50913-e49e216a453df14aa6334b3766d795ab-600x600\/img_2493.webp 600w\" sizes=\"auto, (min-width: 782px) 768px, 100vw\" \/><\/figure>\n\n<div class=\"wp-block-group alignfull is-layout-flow wp-block-group-is-layout-flow\">\n\t<h2 id=\"christers-vei-tilbake-etter-et-liv-i-kriminalitet-og-rus\"  class=\"t2-post-title wp-block-t2-post-title\" >Christers vei tilbake etter et liv i kriminalitet og rus<\/h2>\n\t<div class=\"wp-block-post-date__modified-date wp-block-post-date\"><time datetime=\"2025-12-02T13:59:55+01:00\">2. desember 2025<\/time><\/div>\n\t\t\t<div class=\"single-meta t2-post-excerpt card-description wp-block-blakors-meta-display\"><\/div>\n\t\n<\/div>\n\n<\/a>\n<\/div><div class=\"t2-featured-single-post t2-featured-content-layout-col-4 t2-featured-content is-post-type-post category-alkohol-og-rusbehandling category-kategori t2-featured-content-layout-col-4 wp-block-t2-featured-single-post\"><a class=\"t2-post-link wp-block-t2-post-link\" href=\"https:\/\/www.blakors.no\/nyheter\/kokain-unge-og-normalisering\/\">\n<figure style=\"--t2-focal-point: 50% 50%;\" class=\"t2-post-featured-image has-image-ratio-16-9 wp-block-t2-post-featured-image\"><img width=\"1920\" height=\"1310\" src=\"https:\/\/v.imgi.no\/blakors-48237-78a1dc08cb10cb30ee13b31b31f857a9-1920x1310\/bla_00615.webp\" class=\"attachment-post-thumbnail size-post-thumbnail wp-post-image\" alt=\"\" decoding=\"async\" loading=\"lazy\" srcset=\"https:\/\/v.imgi.no\/blakors-48237-78a1dc08cb10cb30ee13b31b31f857a9-150x102\/bla_00615.webp 150w, https:\/\/v.imgi.no\/blakors-48237-78a1dc08cb10cb30ee13b31b31f857a9-300x205\/bla_00615.webp 300w, https:\/\/v.imgi.no\/blakors-48237-78a1dc08cb10cb30ee13b31b31f857a9-768x524\/bla_00615.webp 768w, https:\/\/v.imgi.no\/blakors-48237-78a1dc08cb10cb30ee13b31b31f857a9-1024x699\/bla_00615.webp 1024w, https:\/\/v.imgi.no\/blakors-48237-78a1dc08cb10cb30ee13b31b31f857a9-1536x1048\/bla_00615.webp 1536w, https:\/\/v.imgi.no\/blakors-48237-78a1dc08cb10cb30ee13b31b31f857a9-1920x1310\/bla_00615.webp 1920w, https:\/\/v.imgi.no\/blakors-48237-78a1dc08cb10cb30ee13b31b31f857a9-300x205\/bla_00615.webp 300w, https:\/\/v.imgi.no\/blakors-48237-78a1dc08cb10cb30ee13b31b31f857a9-450x307\/bla_00615.webp 450w, https:\/\/v.imgi.no\/blakors-48237-78a1dc08cb10cb30ee13b31b31f857a9-200x136\/bla_00615.webp 200w, https:\/\/v.imgi.no\/blakors-48237-78a1dc08cb10cb30ee13b31b31f857a9-1920x1310\/bla_00615.webp 1920w, https:\/\/v.imgi.no\/blakors-48237-78a1dc08cb10cb30ee13b31b31f857a9-300x205\/bla_00615.webp 300w, https:\/\/v.imgi.no\/blakors-48237-78a1dc08cb10cb30ee13b31b31f857a9-400x273\/bla_00615.webp 400w, https:\/\/v.imgi.no\/blakors-48237-78a1dc08cb10cb30ee13b31b31f857a9-600x409\/bla_00615.webp 600w, https:\/\/v.imgi.no\/blakors-48237-78a1dc08cb10cb30ee13b31b31f857a9-1920x1310\/bla_00615.webp 1920w, https:\/\/v.imgi.no\/blakors-48237-78a1dc08cb10cb30ee13b31b31f857a9-1920x1310\/bla_00615.webp 1920w\" sizes=\"auto, (min-width: 782px) 768px, 100vw\" \/><\/figure>\n\n<div class=\"wp-block-group alignfull is-layout-flow wp-block-group-is-layout-flow\">\n\t<h2 id=\"unge-ruser-seg-mer-bla-kors-er-en-motstemme-pa-tiktok\"  class=\"t2-post-title wp-block-t2-post-title\" >Unge ruser seg mer  &#8211; Bl\u00e5 Kors er en motstemme p\u00e5 TikTok<\/h2>\n\t<div class=\"wp-block-post-date__modified-date wp-block-post-date\"><time datetime=\"2025-10-16T14:39:47+02:00\">16. oktober 2025<\/time><\/div>\n\t\t\t<div class=\"single-meta t2-post-excerpt card-description wp-block-blakors-meta-display\"><\/div>\n\t\n<\/div>\n\n<\/a>\n<\/div>\n\t\t\t\t\n\t\t\t<\/div>","protected":false},"excerpt":{"rendered":"<p>Les mer fra Bl\u00e5 Kors Innsikt om rus og avhengighet<\/p>\n","protected":false},"author":23,"featured_media":242,"parent":0,"menu_order":0,"comment_status":"closed","ping_status":"closed","template":"","meta":{"_acf_changed":false,"_relevanssi_hide_post":"","_relevanssi_hide_content":"","_relevanssi_pin_for_all":"","_relevanssi_pin_keywords":"","_relevanssi_unpin_keywords":"","_relevanssi_related_keywords":"","_relevanssi_related_include_ids":"","_relevanssi_related_exclude_ids":"","_relevanssi_related_no_append":"","_relevanssi_related_not_related":"","_relevanssi_related_posts":"1","_relevanssi_noindex_reason":"","_custom_cards_description":"","footnotes":""},"class_list":["post-7","page","type-page","status-publish","has-post-thumbnail","hentry"],"acf":[],"_links":{"self":[{"href":"https:\/\/www.blakors.no\/klinikk-tjeldsund\/wp-json\/wp\/v2\/pages\/7","targetHints":{"allow":["GET"]}}],"collection":[{"href":"https:\/\/www.blakors.no\/klinikk-tjeldsund\/wp-json\/wp\/v2\/pages"}],"about":[{"href":"https:\/\/www.blakors.no\/klinikk-tjeldsund\/wp-json\/wp\/v2\/types\/page"}],"author":[{"embeddable":true,"href":"https:\/\/www.blakors.no\/klinikk-tjeldsund\/wp-json\/wp\/v2\/users\/23"}],"replies":[{"embeddable":true,"href":"https:\/\/www.blakors.no\/klinikk-tjeldsund\/wp-json\/wp\/v2\/comments?post=7"}],"version-history":[{"count":4,"href":"https:\/\/www.blakors.no\/klinikk-tjeldsund\/wp-json\/wp\/v2\/pages\/7\/revisions"}],"predecessor-version":[{"id":693,"href":"https:\/\/www.blakors.no\/klinikk-tjeldsund\/wp-json\/wp\/v2\/pages\/7\/revisions\/693"}],"wp:featuredmedia":[{"embeddable":true,"href":"https:\/\/www.blakors.no\/klinikk-tjeldsund\/wp-json\/wp\/v2\/media\/242"}],"wp:attachment":[{"href":"https:\/\/www.blakors.no\/klinikk-tjeldsund\/wp-json\/wp\/v2\/media?parent=7"}],"curies":[{"name":"wp","href":"https:\/\/api.w.org\/{rel}","templated":true}]}}