{"id":2494,"date":"2023-02-21T11:28:54","date_gmt":"2023-02-21T10:28:54","guid":{"rendered":"https:\/\/www.blakors.no\/kompasset\/?page_id=2494"},"modified":"2024-11-05T14:11:31","modified_gmt":"2024-11-05T13:11:31","slug":"booking","status":"publish","type":"page","link":"https:\/\/www.blakors.no\/kompasset\/booking\/","title":{"rendered":"Book en avklaringssamtale n\u00e5"},"content":{"rendered":"\n\t<div style=\"--t2-hero-dim:0;\" class=\"t2-hero t2-hero-content-position-center-left t2-hero-has-dim-0 alignfull wp-block-t2-hero has-background has-lila-light-background-color\">\n\t\t\n\t\t<div class=\"t2-hero__header\"><div class=\"t2-hero__header__content\">\n\n<h1 id=\"book-en-avklaringssamtale-na\"  class=\"wp-block-heading\" >Book en avklaringssamtale n\u00e5<\/h1>\n\n\n\n<p>Hei, her kan du booke tid for en kort avklarende samtale p\u00e5 telefon. En av terapeutene v\u00e5re vil ringe deg p\u00e5 tidspunktet du har reservert.<\/p>\n\n<\/div><\/div>\n\t<\/div>\n\n\n<div class=\"wp-block-lib-header alignfull hide\"><div class=\"header-innercontent\"><\/div><\/div>\n\n\n\n<p class=\"has-text-align-left\">Dersom du \u00f8nsker terapi fysisk i en av v\u00e5re avdelinger: <a href=\"https:\/\/www.blakors.no\/kompasset\/avdelinger\/oslo\/\">Oslo<\/a>, <a href=\"https:\/\/www.blakors.no\/kompasset\/avdelinger\/sandnes\/\" data-type=\"page\" data-id=\"306\">Sandnes<\/a>, <a href=\"https:\/\/www.blakors.no\/kompasset\/avdelinger\/bergen\/\" data-type=\"page\" data-id=\"67\">Bergen<\/a>, <a href=\"https:\/\/www.blakors.no\/kompasset\/avdelinger\/trondheim-2\/\" data-type=\"page\" data-id=\"303\">Trondheim<\/a> eller <a href=\"https:\/\/www.blakors.no\/kompasset\/avdelinger\/lillehammer\/\" data-type=\"page\" data-id=\"78\">Lillehammer<\/a>, tar du direkte kontakt via kontakskjema for avdelingen. Dette finner du ved \u00e5 trykke p\u00e5 riktig avdeling.<br>Hvis du booker p\u00e5 denne siden er det for terapi p\u00e5 nett.<\/p>\n\n\n\n<p class=\"has-text-align-left\"><strong>Hva skjer etter at du har tatt kontakt?<\/strong><\/p>\n\n\n\n<ol class=\"wp-block-list\">\n<li>Du f\u00e5r en automatisk bekreftelse p\u00e5 mail. Dersom du ikke mottar noen mail s\u00e5 sjekk spamfilteret.<\/li>\n\n\n\n<li>En av terapeutene v\u00e5re ringer deg p\u00e5 tidspunktet du har reservert.<\/li>\n\n\n\n<li>I avklaringsssamtalen forteller vi mer om tilbudet og h\u00f8rer litt om deg. Vi gir tilbakemelding p\u00e5 om vi kan tilby nett-terapi og hva som skjer videre. Du f\u00e5r selvsagt ogs\u00e5 muligheten til \u00e5 takke ja eller nei.<\/li>\n<\/ol>\n\n\n\n<p class=\"has-text-align-left\">Vi ser frem til \u00e5 h\u00f8re fra deg! <\/p>\n\n\n\n<p class=\"has-text-align-left\"><em>I fellesferien vil det v\u00e6re f\u00e5 alternativer for avklaringssamtaler grunnet lav bemanning.<\/em><\/p>\n\n\n\n<center><iframe loading=\"lazy\" src=\"https:\/\/outlook.office365.com\/owa\/calendar\/TestJonar@blakorsnorge.onmicrosoft.com\/bookings\/\" width=\"100%\" height=\"2000px\" scrolling=\"no\" style=\"border:0\"><\/iframe><\/center>\n\n\n\n<p>F\u00e5r du ikke opp skjemaet? <a href=\"https:\/\/outlook.office365.com\/book\/TestJonar@blakorsnorge.onmicrosoft.com\/\" target=\"_blank\" rel=\"noopener\">Trykk her for \u00e5 g\u00e5 direkte til p\u00e5meldingsskjemaet<\/a><\/p>\n","protected":false},"excerpt":{"rendered":"<p>Dersom du \u00f8nsker terapi fysisk i en av v\u00e5re avdelinger: Oslo, Sandnes, Bergen, Trondheim eller Lillehammer, tar du direkte kontakt via kontakskjema for avdelingen. Dette finner du ved \u00e5 trykke p\u00e5 riktig avdeling.Hvis du booker p\u00e5 denne siden er det for terapi p\u00e5 nett. Hva skjer etter at du har tatt kontakt? Vi ser frem [&hellip;]<\/p>\n","protected":false},"author":68,"featured_media":0,"parent":0,"menu_order":0,"comment_status":"closed","ping_status":"closed","template":"","meta":{"_acf_changed":false,"_relevanssi_hide_post":"","_relevanssi_hide_content":"","_relevanssi_pin_for_all":"","_relevanssi_pin_keywords":"","_relevanssi_unpin_keywords":"","_relevanssi_related_keywords":"","_relevanssi_related_include_ids":"","_relevanssi_related_exclude_ids":"","_relevanssi_related_no_append":"","_relevanssi_related_not_related":"","_relevanssi_related_posts":"1285,1188,1329,83","_relevanssi_noindex_reason":"","_custom_cards_description":"","footnotes":""},"class_list":["post-2494","page","type-page","status-publish","hentry"],"acf":[],"_links":{"self":[{"href":"https:\/\/www.blakors.no\/kompasset\/wp-json\/wp\/v2\/pages\/2494","targetHints":{"allow":["GET"]}}],"collection":[{"href":"https:\/\/www.blakors.no\/kompasset\/wp-json\/wp\/v2\/pages"}],"about":[{"href":"https:\/\/www.blakors.no\/kompasset\/wp-json\/wp\/v2\/types\/page"}],"author":[{"embeddable":true,"href":"https:\/\/www.blakors.no\/kompasset\/wp-json\/wp\/v2\/users\/68"}],"replies":[{"embeddable":true,"href":"https:\/\/www.blakors.no\/kompasset\/wp-json\/wp\/v2\/comments?post=2494"}],"version-history":[{"count":5,"href":"https:\/\/www.blakors.no\/kompasset\/wp-json\/wp\/v2\/pages\/2494\/revisions"}],"predecessor-version":[{"id":3699,"href":"https:\/\/www.blakors.no\/kompasset\/wp-json\/wp\/v2\/pages\/2494\/revisions\/3699"}],"wp:attachment":[{"href":"https:\/\/www.blakors.no\/kompasset\/wp-json\/wp\/v2\/media?parent=2494"}],"curies":[{"name":"wp","href":"https:\/\/api.w.org\/{rel}","templated":true}]}}