{"id":586,"date":"2020-01-07T17:51:16","date_gmt":"2020-01-07T16:51:16","guid":{"rendered":"https:\/\/www.blakors.no\/kompasset\/?page_id=586"},"modified":"2024-08-22T12:51:22","modified_gmt":"2024-08-22T10:51:22","slug":"gruppeterapi","status":"publish","type":"page","link":"https:\/\/www.blakors.no\/kompasset\/gruppeterapi\/","title":{"rendered":"Grupper"},"content":{"rendered":"\n<div class=\"wp-block-group alignwide has-beige-background-color has-background is-layout-constrained wp-block-group-is-layout-constrained\">\n<p class=\"has-text-align-center\"><strong>Vi tilbyr ulike grupper i <a href=\"https:\/\/www.blakors.no\/kompasset\/avdelinger\/\">v\u00e5re avdelinger<\/a> og <a href=\"https:\/\/www.blakors.no\/kompasset\/terapi-pa-nett\/\">p\u00e5 nett<\/a><\/strong><\/p>\n<\/div>\n\n\n<div class=\"custom-block-banner alignwide contenthalf\"><div class=\"banner-image\" style=\"background-image:url(https:\/\/www.blakors.no\/content\/uploads\/sites\/3\/2020\/01\/20191129_Blaakors1179corr-1024x634.jpg)\"><\/div><div class=\"banner-inner\"><div><h1 id=\"grupper\"  class=\"title large \" >Grupper<\/h1><p>Mange som kommer til Bl\u00e5 Kors kompasset kjenner seg alene. Det kan v\u00e6re vanskelig \u00e5 snakke med andre om opplevelser fra oppveksten og hvilken betydning dette har for livet ditt i dag. Gruppeterapi gir anledning til \u00e5 arbeide med egne utfordringer i en gruppe med andre deltakere som har liknende erfaringer. Gjennom \u00e5 dele, lytte og forholde deg til de andre vil du kunne utvide din forst\u00e5else og oppleve nye sammenhenger. V\u00e5re grupper drives av faste terapeuter som s\u00f8rger for trygge rammer og kontinuitet.<\/p><\/div><\/div><\/div>\n\n\n<p><strong>Bl\u00e5 Kors kompasset tilbyr grupper til deg som har vokst opp med rus i familien.<\/strong><br><br>Fra vi er helt sm\u00e5 har m\u00e5ten vi tenker, f\u00f8ler og handler p\u00e5 blitt utviklet i grupper, og dette p\u00e5virker hvordan vi har det med oss selv og andre mennesker i dag.<\/p>\n\n\n\n<p>Gruppeterapi er en god mulighet til \u00e5 bli kjent med egne m\u00f8nstre i tanker, f\u00f8lelser og atferd, og mange opplever at det \u00e5 g\u00e5 i gruppe bidrar til at de f\u00f8ler seg mindre alene. Mye forskning over de siste 50-60 \u00e5r st\u00f8tter opp om at gruppeterapi nytter.<\/p>\n\n\n\n<p>I en terapigruppe har gruppelederne ansvar for at gruppen holder seg til m\u00e5let, og skal bidra til at gruppemedlemmene engasjerer seg i samtalene. For \u00e5 sikre stabilitet og trygghet for alle som deltar \u00f8nsker vi at man forplikter seg til \u00e5 m\u00f8te hver gang i gruppene. Alle deltakere har taushetsplikt om gruppens medlemmer.<\/p>\n\n\n\n<h2 class=\"wp-block-heading\" id=\"h-ved-bla-kors-kompasset-tilbyr-vi-for-tiden-folgende-grupper\">Ved Bl\u00e5 Kors kompasset tilbyr vi for tiden f\u00f8lgende grupper:<\/h2>\n\n\n\n\t\t<div class=\"is-style-default is-style-default wp-block-blakors-expanding-fact-box\">\n\t\t\t<h3 id=\"startkurs\"  class=\"blakors-fact-box__title\" >Startkurs<\/h3>\n\t\t\t<div class=\"blakors-fact-box__content\">\n\t\t\t\t\n\n<p class=\"has-text-align-left\">Startkursene er for deg som er i starten av et terapiforl\u00f8p eller \u00f8nsker informasjon om relevante temaer i den forbindelse. Det er ogs\u00e5 aktuelt for deg som m\u00e5 vente p\u00e5 oppstart av terapi.&nbsp;Vi tilbyr b\u00e5de digitale og fysiske startkurs.<\/p>\n\n\n\n<p>En ansatt ved Bl\u00e5 Kors kompasset innleder til tema hver gang som vi snakker om etterp\u00e5. Vi tar opp temaer som vi erfarer at er s\u00e6rlig aktuelle for mange som har vokst opp med rus i familien.&nbsp;<\/p>\n\n\n\n<p><strong>Temaoversikt:<\/strong><strong><\/strong><\/p>\n\n\n\n<ul class=\"wp-block-list\">\n<li>Virkning og senvirkning av oppvekst med rus: tilknytning og livsmestring.<\/li>\n\n\n\n<li>F\u00f8lelser og kroppens reaksjoner.<\/li>\n\n\n\n<li>\u00c5 ha det vanskelig: grubling og bekymring.<\/li>\n\n\n\n<li>Hvordan ta vare p\u00e5 seg selv:<\/li>\n\n\n\n<li>n\u00e6rhet, avstand, grenser (og veien videre i terapi).&nbsp;&nbsp;<\/li>\n<\/ul>\n\n\n\n<p><strong>Praktisk info:<\/strong>&nbsp;<br>\u2022 4 gruppem\u00f8ter.&nbsp;<br>\u2022 Inntil 6 deltakere.&nbsp;<br>\u2022 Gruppen ledes av terapeuter ved ulike avdelinger i<br>&nbsp; kompasset.&nbsp;&nbsp;&nbsp;&nbsp;&nbsp;&nbsp;&nbsp;&nbsp;&nbsp;&nbsp;&nbsp;&nbsp;&nbsp;&nbsp;&nbsp;<\/p>\n\n\n\t\t\t<\/div>\n\t\t\t<div class=\"blakors-fact-box__toggle\">\n\t\t\t\t<button class=\"blakors-fact-box__button\"><svg xmlns=\"http:\/\/www.w3.org\/2000\/svg\" viewBox=\"0 0 17.367 17.367\"><path d=\"M0-8.684v-2.133H13.2L7.16-16.91l1.523-1.523L17.367-9.75,8.684-1.066,7.109-2.59,13.2-8.684Z\" transform=\"translate(0 18.434)\" \/><\/svg><\/button>\n\t\t\t<\/div>\n\t\t<\/div>\n\n\n\t\t<div class=\"wp-block-blakors-expanding-fact-box\">\n\t\t\t<h3 id=\"temagruppe\"  class=\"blakors-fact-box__title\" >Temagruppe<\/h3>\n\t\t\t<div class=\"blakors-fact-box__content\">\n\t\t\t\t\n\n<p>M\u00e5let med temagruppe er \u00e5 f\u00e5 st\u00f8rre kunnskap og forst\u00e5else for egne reaksjoner knyttet til det \u00e5 vokse opp i hjem med alkohol- og andre rusproblemer.\u202fI tillegg snakker vi om hvordan du kan h\u00e5ndtere egne reaksjoner og behov i n\u00e5tiden.\u202f\u202fGruppen har forh\u00e5ndsbestemte temaer, og legger ogs\u00e5 til rette for dialog og erfaringsdeling.<strong><br>&nbsp;<br><\/strong>Temagruppe er et tilbud for deg som \u00f8nsker \u00e5 forst\u00e5 og h\u00e5ndtere dine reaksjoner p\u00e5 det \u00e5 vokse opp med rus i familien bedre. Denne gruppen passer spesielt godt hvis du er ny i behandling ved kompasset, ikke har snakket s\u00e5 mye om egne erfaringer tidligere, eller hvis du \u00f8nsker mer informasjon om mulige konsekvenser av \u00e5 vokse opp med rusbelastning i familien.<br><strong><br>Temaoversikt:\u202f<\/strong><\/p>\n\n\n\n<ul class=\"wp-block-list\">\n<li>Rus i familien; hvordan er det \u00e5 v\u00e6re barn i en familie med rusbelastning.\u202fBetydningen av tilknytning.<\/li>\n\n\n\n<li>F\u00f8lelser og f\u00f8lelsesregulering.\u202f<\/li>\n\n\n\n<li>Reaksjoner p\u00e5 belastninger.\u202f<\/li>\n\n\n\n<li>Mindfulness og selvmedf\u00f8lelse.\u202f<\/li>\n\n\n\n<li>Roller og grenser.<\/li>\n\n\n\n<li>Skam og s\u00e5rbarhet (perfeksjonisme).<\/li>\n\n\n\n<li>Avslutning (kobles ofte opp mot et tema som gruppen har v\u00e6rt s\u00e6rlig opptatt av).<\/li>\n<\/ul>\n\n\n\n<p><\/p>\n\n\n\n<p><strong>Praktisk info:<\/strong><br>Temagruppen m\u00f8tes ukentlig \u00e5tte ganger og best\u00e5r av to terapeuter og 6-8 deltakere. Vi har b\u00e5de fysiske og digitale temagrupper, og vi tilbyr ogs\u00e5 egne temagrupper for ungdom.<\/p>\n\n\n\t\t\t<\/div>\n\t\t\t<div class=\"blakors-fact-box__toggle\">\n\t\t\t\t<button class=\"blakors-fact-box__button\"><svg xmlns=\"http:\/\/www.w3.org\/2000\/svg\" viewBox=\"0 0 17.367 17.367\"><path d=\"M0-8.684v-2.133H13.2L7.16-16.91l1.523-1.523L17.367-9.75,8.684-1.066,7.109-2.59,13.2-8.684Z\" transform=\"translate(0 18.434)\" \/><\/svg><\/button>\n\t\t\t<\/div>\n\t\t<\/div>\n\n\n\t\t<div class=\"is-style-default is-style-default wp-block-blakors-expanding-fact-box\">\n\t\t\t<h3 id=\"prosessgruppe\"  class=\"blakors-fact-box__title\" >Prosessgruppe<\/h3>\n\t\t\t<div class=\"blakors-fact-box__content\">\n\t\t\t\t\n\n<p>Prosessgruppe er et tilbud til deg som \u00f8nsker \u00e5 jobbe med egne vansker i en gruppe som m\u00f8tes over kortere eller lengre tid. En prosessgruppe er spesielt godt egnet hvis du strever med relasjoner til andre, enten det gjelder foreldre, s\u00f8sken, venner eller partner.<br><br>M\u00e5let med deltakelse i prosessgruppe er \u00e5 styrke handlingsrom og mestring i eget liv gjennom \u00e5 dele erfaringer i gruppen. Et felles prosjekt for deltakerne er \u00e5 fremme forst\u00e5else og h\u00e5ndtering av f\u00f8lelser, selvforst\u00e5else og bearbeide f\u00f8lelsesmessige konflikter.<\/p>\n\n\n\n<p>I prosessgruppene er det ikke forh\u00e5ndsbestemte temaer, og gruppen arbeider med det deltakerne selv er opptatt av.&nbsp; Gjennom \u00e5 dele egne erfaringer og lytte til andres opplevelse, kan du f\u00e5 nye perspektiver p\u00e5 hvordan erfaringene fra livet ditt p\u00e5virker hvordan du har det og hvordan du forholder deg til andre.&nbsp;<br><br><strong>Praktisk info:<\/strong>&nbsp;<br>Prosessgruppen m\u00f8tes ukentlig og best\u00e5r av to terapeuter og maks \u00e5tte deltakere. Vi tilbyr b\u00e5de prosessgrupper som m\u00f8tes over en periode p\u00e5 12-20 ganger der alle deltakerne starter og slutter til samme tid, og s\u00e5kalte slow-open grupper med varighet p\u00e5 inntil halvannet \u00e5r hvor nye deltakere kommer til n\u00e5r det blir ledige plasser.<\/p>\n\n\n\t\t\t<\/div>\n\t\t\t<div class=\"blakors-fact-box__toggle\">\n\t\t\t\t<button class=\"blakors-fact-box__button\"><svg xmlns=\"http:\/\/www.w3.org\/2000\/svg\" viewBox=\"0 0 17.367 17.367\"><path d=\"M0-8.684v-2.133H13.2L7.16-16.91l1.523-1.523L17.367-9.75,8.684-1.066,7.109-2.59,13.2-8.684Z\" transform=\"translate(0 18.434)\" \/><\/svg><\/button>\n\t\t\t<\/div>\n\t\t<\/div>\n\n\n\t\t<div class=\"wp-block-blakors-expanding-fact-box\">\n\t\t\t<h3 id=\"kroppsbevissthetsgruppe\"  class=\"blakors-fact-box__title\" >Kroppsbevissthetsgruppe<\/h3>\n\t\t\t<div class=\"blakors-fact-box__content\">\n\t\t\t\t\n\n<p>Mange som har vokst opp med rus og uforutsigbare omgivelser opplever at kroppen lever sitt eget liv og plages av for eksempel smerter, uro og s\u00f8vnvansker. I kroppsbevissthetsgruppen blir det undervist i grunnleggende teori om kroppens forsvarssystem og trening p\u00e5 teknikker som kan benyttes for \u00e5 ta tilbake kontrollen over kroppen.<br><br>Ved \u00e5 delta i kroppsbevissthetsgruppe kan du f\u00e5 bedre forst\u00e5else for hvorfor kroppen oppf\u00f8rer seg slik den gj\u00f8r. Ved hjelp av undervisning og \u00f8velser kan du l\u00e6re \u00e5 gj\u00f8re noe med de kroppslige reaksjonene du opplever.<br><br><strong>Temaoversikt:<\/strong><\/p>\n\n\n\n<ul class=\"wp-block-list\">\n<li>Alarmberedskap og spor i kroppen etter en oppvekst med rus.<strong><\/strong><\/li>\n\n\n\n<li>Pust.<strong><\/strong><\/li>\n\n\n\n<li>Forsvarsm\u00f8nster og holdning.<strong><\/strong><\/li>\n\n\n\n<li>Balanse- i kroppen og i livet.&nbsp;<strong><\/strong><\/li>\n<\/ul>\n\n\n\n<p><strong>Praktisk info:<\/strong><br>Kroppsbevissthetsgruppen m\u00f8tes ukentlig p\u00e5 nett fire ganger og ledes av psykomotorisk fysioterapeut. Det er plass til seks deltakere.<br><\/p>\n\n\n\t\t\t<\/div>\n\t\t\t<div class=\"blakors-fact-box__toggle\">\n\t\t\t\t<button class=\"blakors-fact-box__button\"><svg xmlns=\"http:\/\/www.w3.org\/2000\/svg\" viewBox=\"0 0 17.367 17.367\"><path d=\"M0-8.684v-2.133H13.2L7.16-16.91l1.523-1.523L17.367-9.75,8.684-1.066,7.109-2.59,13.2-8.684Z\" transform=\"translate(0 18.434)\" \/><\/svg><\/button>\n\t\t\t<\/div>\n\t\t<\/div>\n\n\n\t\t<div class=\"is-style-default is-style-default wp-block-blakors-expanding-fact-box\">\n\t\t\t<h3 id=\"foreldregruppe\"  class=\"blakors-fact-box__title\" >Foreldregruppe<\/h3>\n\t\t\t<div class=\"blakors-fact-box__content\">\n\t\t\t\t\n\n<p>Mange unge tar kontakt med Bl\u00e5 Kors kompasset n\u00e5r de selv f\u00e5r barn. I foreldregruppe f\u00e5r du kunnskap om hvordan egne oppveksterfaringer virker inn p\u00e5 det \u00e5 v\u00e6re forelder, og vi arbeider med temaer med utgangspunkt i de hverdagserfaringer foreldre selv har.<br><br>Mange unge som har vokst opp med rusbelastning i familien opplever \u00e5 streve i foreldrerollen eller er redde for \u00e5 bli vurdert som d\u00e5rlige foreldre p\u00e5 bakgrunn av egen oppvekst. Vi m\u00f8ter mange motiverte og engasjerte foreldre som \u00f8nsker hjelp til \u00e5 skape trygge b\u00e5nd til egne barn.<br><br><strong>I foreldregruppen er vi opptatt av \u00e5 skape en forst\u00e5else av hvordan oppvekst og emosjonelle s\u00e5r preger eget foreldreskap. Vi normaliserer utfordringer i foreldrerollen og snakker ogs\u00e5 om samhandlingen med partner.<\/strong>&nbsp;\u00c5 m\u00f8te andre foreldre som er i en liknende situasjon, oppleves ofte skamreduserende.<br><br><strong>Praktisk info:<\/strong>&nbsp;<br>Kompasset tilbyr foreldregruppe p\u00e5 nett og noen avdelinger har ogs\u00e5 fysisk foreldregruppe. Gruppen har plass til 4-8 deltakere, og ledes av faste terapeuter.<\/p>\n\n\n\t\t\t<\/div>\n\t\t\t<div class=\"blakors-fact-box__toggle\">\n\t\t\t\t<button class=\"blakors-fact-box__button\"><svg xmlns=\"http:\/\/www.w3.org\/2000\/svg\" viewBox=\"0 0 17.367 17.367\"><path d=\"M0-8.684v-2.133H13.2L7.16-16.91l1.523-1.523L17.367-9.75,8.684-1.066,7.109-2.59,13.2-8.684Z\" transform=\"translate(0 18.434)\" \/><\/svg><\/button>\n\t\t\t<\/div>\n\t\t<\/div>","protected":false},"excerpt":{"rendered":"<p>Vi tilbyr ulike grupper i v\u00e5re avdelinger og p\u00e5 nett Bl\u00e5 Kors kompasset tilbyr grupper til deg som har vokst opp med rus i familien. Fra vi er helt sm\u00e5 har m\u00e5ten vi tenker, f\u00f8ler og handler p\u00e5 blitt utviklet i grupper, og dette p\u00e5virker hvordan vi har det med oss selv og andre mennesker [&hellip;]<\/p>\n","protected":false},"author":13,"featured_media":644,"parent":0,"menu_order":0,"comment_status":"closed","ping_status":"closed","template":"","meta":{"_acf_changed":false,"_relevanssi_hide_post":"","_relevanssi_hide_content":"","_relevanssi_pin_for_all":"on","_relevanssi_pin_keywords":"Gruppeterapi","_relevanssi_unpin_keywords":"","_relevanssi_related_keywords":"","_relevanssi_related_include_ids":"","_relevanssi_related_exclude_ids":"","_relevanssi_related_no_append":"","_relevanssi_related_not_related":"","_relevanssi_related_posts":"1188,83,1329,1285","_relevanssi_noindex_reason":"","_custom_cards_description":"","footnotes":""},"class_list":["post-586","page","type-page","status-publish","has-post-thumbnail","hentry"],"acf":[],"_links":{"self":[{"href":"https:\/\/www.blakors.no\/kompasset\/wp-json\/wp\/v2\/pages\/586","targetHints":{"allow":["GET"]}}],"collection":[{"href":"https:\/\/www.blakors.no\/kompasset\/wp-json\/wp\/v2\/pages"}],"about":[{"href":"https:\/\/www.blakors.no\/kompasset\/wp-json\/wp\/v2\/types\/page"}],"author":[{"embeddable":true,"href":"https:\/\/www.blakors.no\/kompasset\/wp-json\/wp\/v2\/users\/13"}],"replies":[{"embeddable":true,"href":"https:\/\/www.blakors.no\/kompasset\/wp-json\/wp\/v2\/comments?post=586"}],"version-history":[{"count":5,"href":"https:\/\/www.blakors.no\/kompasset\/wp-json\/wp\/v2\/pages\/586\/revisions"}],"predecessor-version":[{"id":3588,"href":"https:\/\/www.blakors.no\/kompasset\/wp-json\/wp\/v2\/pages\/586\/revisions\/3588"}],"wp:featuredmedia":[{"embeddable":true,"href":"https:\/\/www.blakors.no\/kompasset\/wp-json\/wp\/v2\/media\/644"}],"wp:attachment":[{"href":"https:\/\/www.blakors.no\/kompasset\/wp-json\/wp\/v2\/media?parent=586"}],"curies":[{"name":"wp","href":"https:\/\/api.w.org\/{rel}","templated":true}]}}