{"id":590,"date":"2020-01-07T17:53:57","date_gmt":"2020-01-07T16:53:57","guid":{"rendered":"https:\/\/www.blakors.no\/kompasset\/?page_id=590"},"modified":"2023-04-13T15:36:02","modified_gmt":"2023-04-13T13:36:02","slug":"par-og-familieterapi","status":"publish","type":"page","link":"https:\/\/www.blakors.no\/kompasset\/par-og-familieterapi\/","title":{"rendered":"Par-, s\u00f8sken- og familieterapi"},"content":{"rendered":"<div class=\"custom-block-banner alignwide contenthalf\"><div class=\"banner-image\" style=\"background-image:url(https:\/\/www.blakors.no\/content\/uploads\/sites\/3\/2020\/01\/Kopi-1024x734.jpg)\"><\/div><div class=\"banner-inner\"><div><h1 id=\"par-sosken-og-familiesamtaler\"  class=\"title small \" >Par-, s\u00f8sken- og familiesamtaler<\/h1><p>Mange som kommer til Bl\u00e5 Kors kompasset \u00f8nsker hjelp til \u00e5 snakke med partner, s\u00f8sken eller foreldre. Ved \u00e5 invitere familier inn til samarbeid og samtale kan vi bidra til avklaring, reparasjon, bedre forst\u00e5else og \u00f8kt oppmerksomhet for hverandres behov.<\/p><\/div><\/div><\/div>\n\n\n<p>Dersom du \u00f8nsker det kan Bl\u00e5 Kors kompasset invitere foreldre, s\u00f8sken eller partner til samtaler. Dette kan fungere godt som et supplement til individualterapi. <\/p>\n\n\n\n<p>Rus i familien belaster og forstyrrer relasjoner. Opplevelser av svik og uforutsigbarhet kan p\u00e5virke tilknytningen b\u00e5de i oppvekstfamilien og i nye relasjoner. Ulik s\u00e5rbarhet og forskjellige erfaringer kan bidra til misforst\u00e5elser og smertefulle krangler. <\/p>\n\n\n\n<p>I parterapi opplever vi ofte at slike samtaler kan f\u00f8re til bedre dialog og \u00f8kt bevissthet, slik at paret kan forebygge at oppveksten \u00f8delegger parforholdet. <\/p>\n\n\n\n<p>I samtale med s\u00f8sken blir det gjerne tydelig at man har ulike oppfatninger og opplevelser fra barndommen, og at man forholdet seg ulikt til andre familiemedlemmer. Det kan v\u00e6re viktig og avgj\u00f8rende \u00e5 skape klima for samtale rundt dette.<\/p>\n\n\n\n<p>En del unge bor hos en rusfri forelder, men p\u00e5virkes naturligvis likevel av den forelderen som har et rusproblem. Ved \u00e5 involvere den rusfrie forelderen i behandlingen kan vi i st\u00f8rre grad gi god hjelp til den unge.<strong> <\/strong>Vi ser at slik veiledning av foreldre er en viktig og riktig hjelp i mange familier.<\/p>\n\n\n\n<p class=\"has-text-align-center has-beige-background-color has-background\"><strong>Vi tilbyr par-, s\u00f8sken- og familiesamtaler i <a href=\"https:\/\/www.blakors.no\/kompasset\/avdelinger\/\">v\u00e5re avdelinger<\/a> og <a href=\"https:\/\/www.blakors.no\/kompasset\/terapi-pa-nett\/\">p\u00e5 nett<\/a><\/strong><\/p>\n","protected":false},"excerpt":{"rendered":"<p>Dersom du \u00f8nsker det kan Bl\u00e5 Kors kompasset invitere foreldre, s\u00f8sken eller partner til samtaler. Dette kan fungere godt som et supplement til individualterapi. Rus i familien belaster og forstyrrer relasjoner. Opplevelser av svik og uforutsigbarhet kan p\u00e5virke tilknytningen b\u00e5de i oppvekstfamilien og i nye relasjoner. Ulik s\u00e5rbarhet og forskjellige erfaringer kan bidra til misforst\u00e5elser [&hellip;]<\/p>\n","protected":false},"author":13,"featured_media":903,"parent":0,"menu_order":0,"comment_status":"closed","ping_status":"closed","template":"","meta":{"_acf_changed":false,"_relevanssi_hide_post":"","_relevanssi_hide_content":"","_relevanssi_pin_for_all":"on","_relevanssi_pin_keywords":"Par- og familieterapi, familieterapi, parterapi","_relevanssi_unpin_keywords":"","_relevanssi_related_keywords":"","_relevanssi_related_include_ids":"","_relevanssi_related_exclude_ids":"","_relevanssi_related_no_append":"","_relevanssi_related_not_related":"","_relevanssi_related_posts":"83,1285,1329","_relevanssi_noindex_reason":"","_custom_cards_description":"","footnotes":""},"class_list":["post-590","page","type-page","status-publish","has-post-thumbnail","hentry"],"acf":[],"_links":{"self":[{"href":"https:\/\/www.blakors.no\/kompasset\/wp-json\/wp\/v2\/pages\/590","targetHints":{"allow":["GET"]}}],"collection":[{"href":"https:\/\/www.blakors.no\/kompasset\/wp-json\/wp\/v2\/pages"}],"about":[{"href":"https:\/\/www.blakors.no\/kompasset\/wp-json\/wp\/v2\/types\/page"}],"author":[{"embeddable":true,"href":"https:\/\/www.blakors.no\/kompasset\/wp-json\/wp\/v2\/users\/13"}],"replies":[{"embeddable":true,"href":"https:\/\/www.blakors.no\/kompasset\/wp-json\/wp\/v2\/comments?post=590"}],"version-history":[{"count":6,"href":"https:\/\/www.blakors.no\/kompasset\/wp-json\/wp\/v2\/pages\/590\/revisions"}],"predecessor-version":[{"id":2818,"href":"https:\/\/www.blakors.no\/kompasset\/wp-json\/wp\/v2\/pages\/590\/revisions\/2818"}],"wp:featuredmedia":[{"embeddable":true,"href":"https:\/\/www.blakors.no\/kompasset\/wp-json\/wp\/v2\/media\/903"}],"wp:attachment":[{"href":"https:\/\/www.blakors.no\/kompasset\/wp-json\/wp\/v2\/media?parent=590"}],"curies":[{"name":"wp","href":"https:\/\/api.w.org\/{rel}","templated":true}]}}