{"id":594,"date":"2020-01-07T17:55:54","date_gmt":"2020-01-07T16:55:54","guid":{"rendered":"https:\/\/www.blakors.no\/kompasset\/?page_id=594"},"modified":"2020-05-05T14:15:53","modified_gmt":"2020-05-05T12:15:53","slug":"brukerrad","status":"publish","type":"page","link":"https:\/\/www.blakors.no\/kompasset\/brukerrad\/","title":{"rendered":"Brukerr\u00e5d"},"content":{"rendered":"\n<div class=\"wp-block-media-text alignwide is-stacked-on-mobile\"><figure class=\"wp-block-media-text__media\"><img loading=\"lazy\" decoding=\"async\" width=\"738\" height=\"800\" src=\"https:\/\/www.blakors.no\/content\/uploads\/sites\/3\/2020\/01\/20191129_Blaakors1139.jpg\" alt=\"\" class=\"wp-image-718\" srcset=\"https:\/\/www.blakors.no\/content\/uploads\/sites\/3\/2020\/01\/20191129_Blaakors1139.jpg 738w, https:\/\/www.blakors.no\/content\/uploads\/sites\/3\/2020\/01\/20191129_Blaakors1139-277x300.jpg 277w\" sizes=\"auto, (max-width: 738px) 100vw, 738px\" \/><\/figure><div class=\"wp-block-media-text__content\">\n<p>Vi vektlegger brukermedvirkning b\u00e5de i samtalene og i driften av tilbudet v\u00e5rt. Derfor har vi noe vi kaller <strong>Brukerr\u00e5det<\/strong>. Brukerr\u00e5det best\u00e5r av tidligere og aktive <strong>brukere <\/strong>av Bl\u00e5 Kors kompasset og vi har ulike brukerr\u00e5d for alle avdelingene v\u00e5re i Norge. De er brukernes stemme b\u00e5de innad og utad. De kommer for eksempel med <strong>forslag til forbedringer<\/strong> av tilbudet v\u00e5rt og tar initiativ til <strong>temakvelder<\/strong>. De som har lyst deltar ogs\u00e5 med formidling og markedsf\u00f8ring av tilbudet v\u00e5rt i ulike sammenhenger. <\/p>\n<\/div><\/div>\n","protected":false},"excerpt":{"rendered":"<p>Vi vektlegger brukermedvirkning b\u00e5de i samtalene og i driften av tilbudet v\u00e5rt. Derfor har vi noe vi kaller Brukerr\u00e5det. Brukerr\u00e5det best\u00e5r av tidligere og aktive brukere av Bl\u00e5 Kors kompasset og vi har ulike brukerr\u00e5d for alle avdelingene v\u00e5re i Norge. De er brukernes stemme b\u00e5de innad og utad. De kommer for eksempel med forslag [&hellip;]<\/p>\n","protected":false},"author":13,"featured_media":469,"parent":0,"menu_order":0,"comment_status":"closed","ping_status":"closed","template":"","meta":{"_acf_changed":false,"_relevanssi_hide_post":"","_relevanssi_hide_content":"","_relevanssi_pin_for_all":"","_relevanssi_pin_keywords":"","_relevanssi_unpin_keywords":"","_relevanssi_related_keywords":"","_relevanssi_related_include_ids":"","_relevanssi_related_exclude_ids":"","_relevanssi_related_no_append":"","_relevanssi_related_not_related":"","_relevanssi_related_posts":"","_relevanssi_noindex_reason":"","_custom_cards_description":"","footnotes":""},"class_list":["post-594","page","type-page","status-publish","has-post-thumbnail","hentry"],"acf":[],"_links":{"self":[{"href":"https:\/\/www.blakors.no\/kompasset\/wp-json\/wp\/v2\/pages\/594","targetHints":{"allow":["GET"]}}],"collection":[{"href":"https:\/\/www.blakors.no\/kompasset\/wp-json\/wp\/v2\/pages"}],"about":[{"href":"https:\/\/www.blakors.no\/kompasset\/wp-json\/wp\/v2\/types\/page"}],"author":[{"embeddable":true,"href":"https:\/\/www.blakors.no\/kompasset\/wp-json\/wp\/v2\/users\/13"}],"replies":[{"embeddable":true,"href":"https:\/\/www.blakors.no\/kompasset\/wp-json\/wp\/v2\/comments?post=594"}],"version-history":[{"count":8,"href":"https:\/\/www.blakors.no\/kompasset\/wp-json\/wp\/v2\/pages\/594\/revisions"}],"predecessor-version":[{"id":1238,"href":"https:\/\/www.blakors.no\/kompasset\/wp-json\/wp\/v2\/pages\/594\/revisions\/1238"}],"wp:featuredmedia":[{"embeddable":true,"href":"https:\/\/www.blakors.no\/kompasset\/wp-json\/wp\/v2\/media\/469"}],"wp:attachment":[{"href":"https:\/\/www.blakors.no\/kompasset\/wp-json\/wp\/v2\/media?parent=594"}],"curies":[{"name":"wp","href":"https:\/\/api.w.org\/{rel}","templated":true}]}}