{"id":309,"date":"2020-08-06T14:50:32","date_gmt":"2020-08-06T12:50:32","guid":{"rendered":"https:\/\/www.blakors.no\/kristiansand\/?page_id=309"},"modified":"2026-01-20T12:22:56","modified_gmt":"2026-01-20T11:22:56","slug":"bla-kors-aktivitetspark","status":"publish","type":"page","link":"https:\/\/www.blakors.no\/kristiansand\/virksomheter\/bla-kors-aktivitetspark\/","title":{"rendered":"Bl\u00e5 Kors aktivitetspark"},"content":{"rendered":"\n\t<div style=\"--t2-hero-dim:0.4;\" class=\"t2-hero t2-hero-content-position-center-left t2-hero-has-dim-40 t2-hero-has-fullsize-image alignfull wp-block-t2-hero has-text-color has-green-light-color\">\n\t\t<img decoding=\"async\" width=\"2048\" height=\"1258\" src=\"https:\/\/www.blakors.no\/content\/uploads\/sites\/11\/2020\/11\/WEB-Vision_Jenteskate-02559.jpg\" class=\"t2-hero__image\" alt=\"Nye aktiviteter i Bl\u00e5 Kors aktivitetspark\" style=\"object-position: 50% 50%;\" loading=\"eager\" fetchpriority=\"high\" srcset=\"https:\/\/www.blakors.no\/content\/uploads\/sites\/11\/2020\/11\/WEB-Vision_Jenteskate-02559.jpg 2048w, https:\/\/www.blakors.no\/content\/uploads\/sites\/11\/2020\/11\/WEB-Vision_Jenteskate-02559-300x184.jpg 300w, https:\/\/www.blakors.no\/content\/uploads\/sites\/11\/2020\/11\/WEB-Vision_Jenteskate-02559-1024x629.jpg 1024w, https:\/\/www.blakors.no\/content\/uploads\/sites\/11\/2020\/11\/WEB-Vision_Jenteskate-02559-768x472.jpg 768w, https:\/\/www.blakors.no\/content\/uploads\/sites\/11\/2020\/11\/WEB-Vision_Jenteskate-02559-1536x944.jpg 1536w\" sizes=\"(max-width: 2048px) 100vw, 2048px\" \/>\n\t\t<div class=\"t2-hero__header\"><div class=\"t2-hero__header__content\">\n\n<h1 class=\"wp-block-heading\" id=\"h-velkommen-til-bla-kors-aktivitetspark\">Velkommen til Bl\u00e5 Kors aktivitetspark<\/h1>\n\n\n\n<p>Her har vi aktiviteter for store og sm\u00e5! Skate, scoot, blades, gaming, parkour m.m. Du kan ogs\u00e5 feire bursdager hos oss eller bestille gaming-kveld med gjengen!<\/p>\n\n<\/div><\/div>\n\t<\/div>\n\n\n\t\t<div class=\"wp-block-blakors-expanding-fact-box\">\n\t\t\t<h3 id=\"apningstider\"  class=\"blakors-fact-box__title\" >\u00c5pningstider<\/h3>\n\t\t\t<div class=\"blakors-fact-box__content\">\n\t\t\t\t\n\n<p><strong>Mandag:<\/strong><br>Stengt<\/p>\n\n\n\n<p><strong>Tirsdag:<br><\/strong>14-20 Drop in<br><em>Fra 14-15:30 er det servering av enkel br\u00f8dmat<\/em><\/p>\n\n\n\n<p><strong>Onsdag: <\/strong><br>14-20 Drop-in<br><em>Fra 14-15:30 er det servering av enkel br\u00f8dmat<\/em><br>20-22 Seniorskate<\/p>\n\n\n\n<p><strong>Torsdag:<\/strong><br>14-16 Drop in<br><em>Fra 14-15:30 er det servering av enkel br\u00f8dmat<\/em><br>16-18 Jenteskate (kun for jenter)<br>18-20 Drop-in<\/p>\n\n\n\n<p><strong>Fredag:<\/strong><br>Stengt<\/p>\n\n\n\n<p><strong>L\u00f8rdag:<\/strong><br>10-12 Familieskate og familieparkour. <br>80,- pr pers eller 240,- for en familie (3 pers +)<br>12-16 Drop-in<\/p>\n\n\n\n<p><strong>S\u00f8ndag:<\/strong><br>10-12 Familieskate.<br>80,- pr pers eller 240,- for en familie (3 pers +)<br>12-16 Drop-in<\/p>\n\n\n\n<p><strong>Familieskate<\/strong> og <strong>familieparkour<\/strong> er for familier med barn under 8 \u00e5r. Dette er et tilbud for de aller minste barna. Har man s\u00f8sken over 8 \u00e5r, kan de v\u00e6re med, men dette gjelder kun for s\u00f8sken. Ikke eldre venner. Eldre s\u00f8sken m\u00e5 ta hensyn til at dette er en tid for de aller minste.<\/p>\n\n\n\t\t\t<\/div>\n\t\t\t<div class=\"blakors-fact-box__toggle\">\n\t\t\t\t<button class=\"blakors-fact-box__button\"><svg xmlns=\"http:\/\/www.w3.org\/2000\/svg\" viewBox=\"0 0 17.367 17.367\"><path d=\"M0-8.684v-2.133H13.2L7.16-16.91l1.523-1.523L17.367-9.75,8.684-1.066,7.109-2.59,13.2-8.684Z\" transform=\"translate(0 18.434)\" \/><\/svg><\/button>\n\t\t\t<\/div>\n\t\t<\/div>\n\n\n<div class=\"wp-block-buttons is-layout-flex wp-block-buttons-is-layout-flex\">\n<div class=\"wp-block-button has-custom-width wp-block-button__width-100 is-style-fill\"><a class=\"wp-block-button__link wp-element-button\" href=\"https:\/\/event.checkin.no\/208477\/semesterkort-skatehallen-2026\" target=\"_blank\" rel=\"noopener\">Bli medlem og f\u00e5 semesterkort<\/a><\/div>\n<\/div>\n\n\n\n<h2 id=\"priser\"  class=\"wp-block-heading\" >Priser:<\/h2>\n\n\n\n<p><strong>8-26 \u00e5r:<\/strong> Skatehallen og drop-in-timene i gamingrommet og parkourhallen er gratis s\u00e5 lenge du er medlem i Bl\u00e5 Kors Ung (100,- i \u00e5ret).<\/p>\n\n\n\n<p><strong>26 \u00e5r og eldre:<\/strong> Skatehallen og drop-in-timene i gamingrommet og parkourhallen er gratis s\u00e5 lenge du er medlem i Bl\u00e5 Kors Kristiansand (300,- \u00e5ret). <\/p>\n\n\n\n<p>For ikke-medlemmer er prisen for drop in <strong>50,-<\/strong><\/p>\n\n\n\n<p>NB! Ikke alle v\u00e5re tilbud har \u00e5pent hele tiden, sjekk ut v\u00e5re ulike aktiviteter for mer info om grupper, priser og drop-in tilbud.&nbsp;I skolens ferier og p\u00e5 helligdager har vi ofte egne \u00e5pninger. F\u00f8lg med p\u00e5 v\u00e5r <a href=\"https:\/\/www.instagram.com\/blakorsaktivitetspark\/\" target=\"_blank\" rel=\"noopener\">Instagram<\/a> for l\u00f8pende info.<\/p>\n\n\n\n<p><strong>Aktivitetsparken er en ekstremsport hall, ikke lekepark.&nbsp;Aldersgrense 8 \u00e5r er for alle sin sikkerhet.<\/strong><br>Kun p\u00e5 <strong>Familieskate<\/strong> (l\u00f8rdag og s\u00f8ndag) og <strong>familieparkour<\/strong> (l\u00f8rdag) kan barn under 8 \u00e5r delta i f\u00f8lge med foreldre\/foresatte.<\/p>\n\n\n<div class=\"wp-block-blakors-person-cards\">\n\t\t\t\n<div class=\"t2-featured-single-post compact-card-template t2-featured-content is-post-type-person compact-card-template wp-block-t2-featured-single-post\"><figure style=\"--t2-focal-point: 50% 50%;\" class=\"t2-post-featured-image has-image-ratio-1-1 wp-block-t2-post-featured-image\"><img loading=\"lazy\" decoding=\"async\" width=\"1080\" height=\"1080\" src=\"https:\/\/www.blakors.no\/content\/uploads\/sites\/11\/2023\/01\/Resepsjon.jpg\" class=\"attachment-post-thumbnail size-post-thumbnail wp-post-image\" alt=\"Resepsjon Bl\u00e5 Kors aktivitetspark\" srcset=\"https:\/\/www.blakors.no\/content\/uploads\/sites\/11\/2023\/01\/Resepsjon.jpg 1080w, https:\/\/www.blakors.no\/content\/uploads\/sites\/11\/2023\/01\/Resepsjon-300x300.jpg 300w, https:\/\/www.blakors.no\/content\/uploads\/sites\/11\/2023\/01\/Resepsjon-1024x1024.jpg 1024w, https:\/\/www.blakors.no\/content\/uploads\/sites\/11\/2023\/01\/Resepsjon-150x150.jpg 150w, https:\/\/www.blakors.no\/content\/uploads\/sites\/11\/2023\/01\/Resepsjon-768x768.jpg 768w, https:\/\/www.blakors.no\/content\/uploads\/sites\/11\/2023\/01\/Resepsjon-200x200.jpg 200w\" sizes=\"auto, (min-width: 782px) 768px, 100vw\" \/><\/figure>\n\n<div class=\"wp-block-group alignfull is-layout-flow wp-block-group-is-layout-flow\">\n\t<div class=\"t2-post-dynamic-part is-source-filter filter-person_card_meta post-meta wp-block-t2-post-dynamic-part\"><div class=\"title\"><h2 id=\"bla-kors-aktivitetspark-resepsjon\"  class=\"t2-post-title wp-block-t2-post-title\" >Bl\u00e5 Kors aktivitetspark (resepsjon)<\/h2><p class=\"position\">Bes\u00f8k oss i Industrigata 26 p\u00e5 Lund, i Kristiansand.<\/p><\/div><div class=\"contact-info\"><p class=\"phone\"><a href=\"tel:+4792255878\">922 55 878<\/a><\/p><p class=\"email\"><a href=\"mailto:aktivitetsparken@blakorskrs.no\">aktivitetsparken@blakorskrs.no<\/a><\/p><\/div><\/div>\n<\/div>\n\n<\/div>\n\n\t\t<\/div>\n\n\n<div class=\"wp-block-group alignwide is-layout-constrained wp-block-group-is-layout-constrained\">\n<div class=\"wp-block-group alignfull has-lila-background-color has-background is-layout-constrained wp-block-group-is-layout-constrained\"><div class=\"t2-featured-content-layout alignwide alignwide wp-block-t2-featured-content-layout\" role=\"list\">\n<div class=\"t2-featured-single-post t2-featured-content show-description is-post-type-page wp-block-t2-featured-single-post t2-featured-content-layout-col-6\" role=\"listitem\"><a class=\"t2-post-link wp-block-t2-post-link\" href=\"https:\/\/www.blakors.no\/kristiansand\/virksomheter\/bla-kors-aktivitetspark\/skatehall\/\">\n<figure style=\"--t2-focal-point: 50% 50%;\" class=\"t2-post-featured-image has-image-ratio-16-9 wp-block-t2-post-featured-image\"><img loading=\"lazy\" decoding=\"async\" width=\"2000\" height=\"1334\" src=\"https:\/\/www.blakors.no\/content\/uploads\/sites\/11\/2022\/01\/WEB-Vision_Bursdagsfeiring-04644.jpg\" class=\"attachment-post-thumbnail size-post-thumbnail wp-post-image\" alt=\"Drop-in hall for skateboard, scoot m.m.\" srcset=\"https:\/\/www.blakors.no\/content\/uploads\/sites\/11\/2022\/01\/WEB-Vision_Bursdagsfeiring-04644.jpg 2000w, https:\/\/www.blakors.no\/content\/uploads\/sites\/11\/2022\/01\/WEB-Vision_Bursdagsfeiring-04644-300x200.jpg 300w, https:\/\/www.blakors.no\/content\/uploads\/sites\/11\/2022\/01\/WEB-Vision_Bursdagsfeiring-04644-1024x683.jpg 1024w, https:\/\/www.blakors.no\/content\/uploads\/sites\/11\/2022\/01\/WEB-Vision_Bursdagsfeiring-04644-768x512.jpg 768w, https:\/\/www.blakors.no\/content\/uploads\/sites\/11\/2022\/01\/WEB-Vision_Bursdagsfeiring-04644-1536x1025.jpg 1536w\" sizes=\"auto, (min-width: 782px) 650px, 100vw\" \/><\/figure>\n\n<div class=\"wp-block-group alignfull is-layout-flow wp-block-group-is-layout-flow\">\n\t<h2 id=\"skatehall\"  class=\"t2-post-title wp-block-t2-post-title\" >Skatehall<\/h2>\n\t<div class=\"wp-block-post-date__modified-date wp-block-post-date\"><time datetime=\"2025-12-18T12:48:56+01:00\">18. desember 2025<\/time><\/div>\n\t\t\t<div class=\"single-meta t2-post-excerpt card-description wp-block-blakors-meta-display\">En sv\u00e6r hall med ramper, rails og andre utfordringer for skate, scoot, bmx etc. Bli med p\u00e5 drop-in, familieskate, jenteskate m.m.<\/div>\n\t\n<\/div>\n\n<\/a>\n<\/div>\n\n<div class=\"t2-featured-single-post t2-featured-content show-description is-post-type-page wp-block-t2-featured-single-post t2-featured-content-layout-col-6\" role=\"listitem\"><a class=\"t2-post-link wp-block-t2-post-link\" href=\"https:\/\/www.blakors.no\/kristiansand\/virksomheter\/bla-kors-aktivitetspark\/gaming\/\">\n<figure style=\"--t2-focal-point: 50% 50%;\" class=\"t2-post-featured-image has-image-ratio-16-9 wp-block-t2-post-featured-image\"><img loading=\"lazy\" decoding=\"async\" width=\"2048\" height=\"2048\" src=\"https:\/\/www.blakors.no\/content\/uploads\/sites\/11\/2022\/08\/Header-gaming2-scaled.jpg\" class=\"attachment-post-thumbnail size-post-thumbnail wp-post-image\" alt=\"Gaming-rommet i Bl\u00e5 Kors aktivitetspark\" srcset=\"https:\/\/www.blakors.no\/content\/uploads\/sites\/11\/2022\/08\/Header-gaming2-scaled.jpg 2048w, https:\/\/www.blakors.no\/content\/uploads\/sites\/11\/2022\/08\/Header-gaming2-300x300.jpg 300w, https:\/\/www.blakors.no\/content\/uploads\/sites\/11\/2022\/08\/Header-gaming2-1024x1024.jpg 1024w, https:\/\/www.blakors.no\/content\/uploads\/sites\/11\/2022\/08\/Header-gaming2-150x150.jpg 150w, https:\/\/www.blakors.no\/content\/uploads\/sites\/11\/2022\/08\/Header-gaming2-768x768.jpg 768w, https:\/\/www.blakors.no\/content\/uploads\/sites\/11\/2022\/08\/Header-gaming2-1536x1536.jpg 1536w, https:\/\/www.blakors.no\/content\/uploads\/sites\/11\/2022\/08\/Header-gaming2-200x200.jpg 200w\" sizes=\"auto, (min-width: 782px) 650px, 100vw\" \/><\/figure>\n\n<div class=\"wp-block-group alignfull is-layout-flow wp-block-group-is-layout-flow\">\n\t<h2 id=\"gamingsenter\"  class=\"t2-post-title wp-block-t2-post-title\" >Gamingsenter<\/h2>\n\t<div class=\"wp-block-post-date__modified-date wp-block-post-date\"><time datetime=\"2026-01-20T14:33:47+01:00\">20. januar 2026<\/time><\/div>\n\t\t\t<div class=\"single-meta t2-post-excerpt card-description wp-block-blakors-meta-display\">Her kan du game med andre. Bli med p\u00e5 egne treningsgrupper eller kom p\u00e5 drop-in.<\/div>\n\t\n<\/div>\n\n<\/a>\n<\/div>\n\n<div class=\"t2-featured-single-post t2-featured-content show-description is-post-type-page wp-block-t2-featured-single-post t2-featured-content-layout-col-6\" role=\"listitem\"><a class=\"t2-post-link wp-block-t2-post-link\" href=\"https:\/\/www.blakors.no\/kristiansand\/virksomheter\/bla-kors-aktivitetspark\/parkour\/\">\n<figure style=\"--t2-focal-point: 50% 50%;\" class=\"t2-post-featured-image has-image-ratio-16-9 wp-block-t2-post-featured-image\"><img loading=\"lazy\" decoding=\"async\" width=\"2048\" height=\"1366\" src=\"https:\/\/www.blakors.no\/content\/uploads\/sites\/11\/2022\/01\/WEB_VISION_bursdagsfest-03405.jpg\" class=\"attachment-post-thumbnail size-post-thumbnail wp-post-image\" alt=\"For \u00e5 delta p\u00e5 parkour m\u00e5 du registrere deg i en av gruppene for \u00e5 delta. Ingen drop-in.\" srcset=\"https:\/\/www.blakors.no\/content\/uploads\/sites\/11\/2022\/01\/WEB_VISION_bursdagsfest-03405.jpg 2048w, https:\/\/www.blakors.no\/content\/uploads\/sites\/11\/2022\/01\/WEB_VISION_bursdagsfest-03405-300x200.jpg 300w, https:\/\/www.blakors.no\/content\/uploads\/sites\/11\/2022\/01\/WEB_VISION_bursdagsfest-03405-1024x683.jpg 1024w, https:\/\/www.blakors.no\/content\/uploads\/sites\/11\/2022\/01\/WEB_VISION_bursdagsfest-03405-768x512.jpg 768w, https:\/\/www.blakors.no\/content\/uploads\/sites\/11\/2022\/01\/WEB_VISION_bursdagsfest-03405-1536x1025.jpg 1536w\" sizes=\"auto, (min-width: 782px) 650px, 100vw\" \/><\/figure>\n\n<div class=\"wp-block-group alignfull is-layout-flow wp-block-group-is-layout-flow\">\n\t<h2 id=\"parkourhall\"  class=\"t2-post-title wp-block-t2-post-title\" >Parkourhall<\/h2>\n\t<div class=\"wp-block-post-date__modified-date wp-block-post-date\"><time datetime=\"2025-12-18T12:50:54+01:00\">18. desember 2025<\/time><\/div>\n\t\t\t<div class=\"single-meta t2-post-excerpt card-description wp-block-blakors-meta-display\">Vi har treningsgrupper til ulike alderstrinn, samt drop-in muligheter og familieparkour.<\/div>\n\t\n<\/div>\n\n<\/a>\n<\/div>\n\n<div class=\"t2-featured-single-post t2-featured-content show-description is-post-type-page wp-block-t2-featured-single-post t2-featured-content-layout-col-6\" role=\"listitem\"><a class=\"t2-post-link wp-block-t2-post-link\" href=\"https:\/\/www.blakors.no\/kristiansand\/virksomheter\/bla-kors-aktivitetspark\/feire-bursdag\/\">\n<figure style=\"--t2-focal-point: 50% 50%;\" class=\"t2-post-featured-image has-image-ratio-16-9 wp-block-t2-post-featured-image\"><img loading=\"lazy\" decoding=\"async\" width=\"2000\" height=\"1334\" src=\"https:\/\/www.blakors.no\/content\/uploads\/sites\/11\/2020\/08\/WEB-Vision_Bursdagsfeiring-00372.jpg\" class=\"attachment-post-thumbnail size-post-thumbnail wp-post-image\" alt=\"Det er popul\u00e6rt \u00e5 feire bursdager i Bl\u00e5 Kors Aktivitetspark. Bestill her p\u00e5 nettsidene.\" srcset=\"https:\/\/www.blakors.no\/content\/uploads\/sites\/11\/2020\/08\/WEB-Vision_Bursdagsfeiring-00372.jpg 2000w, https:\/\/www.blakors.no\/content\/uploads\/sites\/11\/2020\/08\/WEB-Vision_Bursdagsfeiring-00372-300x200.jpg 300w, https:\/\/www.blakors.no\/content\/uploads\/sites\/11\/2020\/08\/WEB-Vision_Bursdagsfeiring-00372-1024x683.jpg 1024w, https:\/\/www.blakors.no\/content\/uploads\/sites\/11\/2020\/08\/WEB-Vision_Bursdagsfeiring-00372-768x512.jpg 768w, https:\/\/www.blakors.no\/content\/uploads\/sites\/11\/2020\/08\/WEB-Vision_Bursdagsfeiring-00372-1536x1025.jpg 1536w\" sizes=\"auto, (min-width: 782px) 650px, 100vw\" \/><\/figure>\n\n<div class=\"wp-block-group alignfull is-layout-flow wp-block-group-is-layout-flow\">\n\t<h2 id=\"feire-bursdag\"  class=\"t2-post-title wp-block-t2-post-title\" >Feire bursdag<\/h2>\n\t<div class=\"wp-block-post-date__modified-date wp-block-post-date\"><time datetime=\"2026-02-05T08:30:16+01:00\">5. februar 2026<\/time><\/div>\n\t\t\t<div class=\"single-meta t2-post-excerpt card-description wp-block-blakors-meta-display\">Hos oss kan du ha verdens kuleste bursdagsfeiring! F\u00e5 eget bursdagsrom for dere selv i to timer!<\/div>\n\t\n<\/div>\n\n<\/a>\n<\/div>\n<\/div><\/div>\n<\/div>\n\n\n\n<ul class=\"wp-block-social-links has-visible-labels is-style-pill-shape is-horizontal is-content-justification-center is-layout-flex wp-container-core-social-links-is-layout-499968f5 wp-block-social-links-is-layout-flex\"><li class=\"wp-social-link wp-social-link-instagram  wp-block-social-link\"><a href=\"https:\/\/www.instagram.com\/blakorsaktivitetspark\/\" class=\"wp-block-social-link-anchor\" target=\"_blank\" rel=\"noopener\"><svg width=\"24\" height=\"24\" viewBox=\"0 0 24 24\" version=\"1.1\" xmlns=\"http:\/\/www.w3.org\/2000\/svg\" aria-hidden=\"true\" focusable=\"false\"><path d=\"M12,4.622c2.403,0,2.688,0.009,3.637,0.052c0.877,0.04,1.354,0.187,1.671,0.31c0.42,0.163,0.72,0.358,1.035,0.673 c0.315,0.315,0.51,0.615,0.673,1.035c0.123,0.317,0.27,0.794,0.31,1.671c0.043,0.949,0.052,1.234,0.052,3.637 s-0.009,2.688-0.052,3.637c-0.04,0.877-0.187,1.354-0.31,1.671c-0.163,0.42-0.358,0.72-0.673,1.035 c-0.315,0.315-0.615,0.51-1.035,0.673c-0.317,0.123-0.794,0.27-1.671,0.31c-0.949,0.043-1.233,0.052-3.637,0.052 s-2.688-0.009-3.637-0.052c-0.877-0.04-1.354-0.187-1.671-0.31c-0.42-0.163-0.72-0.358-1.035-0.673 c-0.315-0.315-0.51-0.615-0.673-1.035c-0.123-0.317-0.27-0.794-0.31-1.671C4.631,14.688,4.622,14.403,4.622,12 s0.009-2.688,0.052-3.637c0.04-0.877,0.187-1.354,0.31-1.671c0.163-0.42,0.358-0.72,0.673-1.035 c0.315-0.315,0.615-0.51,1.035-0.673c0.317-0.123,0.794-0.27,1.671-0.31C9.312,4.631,9.597,4.622,12,4.622 M12,3 C9.556,3,9.249,3.01,8.289,3.054C7.331,3.098,6.677,3.25,6.105,3.472C5.513,3.702,5.011,4.01,4.511,4.511 c-0.5,0.5-0.808,1.002-1.038,1.594C3.25,6.677,3.098,7.331,3.054,8.289C3.01,9.249,3,9.556,3,12c0,2.444,0.01,2.751,0.054,3.711 c0.044,0.958,0.196,1.612,0.418,2.185c0.23,0.592,0.538,1.094,1.038,1.594c0.5,0.5,1.002,0.808,1.594,1.038 c0.572,0.222,1.227,0.375,2.185,0.418C9.249,20.99,9.556,21,12,21s2.751-0.01,3.711-0.054c0.958-0.044,1.612-0.196,2.185-0.418 c0.592-0.23,1.094-0.538,1.594-1.038c0.5-0.5,0.808-1.002,1.038-1.594c0.222-0.572,0.375-1.227,0.418-2.185 C20.99,14.751,21,14.444,21,12s-0.01-2.751-0.054-3.711c-0.044-0.958-0.196-1.612-0.418-2.185c-0.23-0.592-0.538-1.094-1.038-1.594 c-0.5-0.5-1.002-0.808-1.594-1.038c-0.572-0.222-1.227-0.375-2.185-0.418C14.751,3.01,14.444,3,12,3L12,3z M12,7.378 c-2.552,0-4.622,2.069-4.622,4.622S9.448,16.622,12,16.622s4.622-2.069,4.622-4.622S14.552,7.378,12,7.378z M12,15 c-1.657,0-3-1.343-3-3s1.343-3,3-3s3,1.343,3,3S13.657,15,12,15z M16.804,6.116c-0.596,0-1.08,0.484-1.08,1.08 s0.484,1.08,1.08,1.08c0.596,0,1.08-0.484,1.08-1.08S17.401,6.116,16.804,6.116z\"><\/path><\/svg><span class=\"wp-block-social-link-label\">Instagram<\/span><\/a><\/li>\n\n<li class=\"wp-social-link wp-social-link-facebook  wp-block-social-link\"><a href=\"https:\/\/www.facebook.com\/blakorsaktivitetspark\/\" class=\"wp-block-social-link-anchor\" target=\"_blank\" rel=\"noopener\"><svg width=\"24\" height=\"24\" viewBox=\"0 0 24 24\" version=\"1.1\" xmlns=\"http:\/\/www.w3.org\/2000\/svg\" aria-hidden=\"true\" focusable=\"false\"><path d=\"M12 2C6.5 2 2 6.5 2 12c0 5 3.7 9.1 8.4 9.9v-7H7.9V12h2.5V9.8c0-2.5 1.5-3.9 3.8-3.9 1.1 0 2.2.2 2.2.2v2.5h-1.3c-1.2 0-1.6.8-1.6 1.6V12h2.8l-.4 2.9h-2.3v7C18.3 21.1 22 17 22 12c0-5.5-4.5-10-10-10z\"><\/path><\/svg><span class=\"wp-block-social-link-label\">Facebook<\/span><\/a><\/li><\/ul>\n\n\n\n<h2 class=\"wp-block-heading\" id=\"h-kafe\">Kaf\u00e9<\/h2>\n\n\n\n<p>V\u00e5r kaf\u00e9 selger et hyggelig utvalg av varm mat, drikke og snacks. <\/p>\n\n\n\n<div class=\"custom-block-factbox has-background has-green-light-background-color\">\n\t<h2 id=\"onsker-du-a-leie-hallen-til-en-gruppe\"  >\u00d8nsker du \u00e5 leie hallen til en gruppe?<\/h2>\n<p><span data-olk-copy-source=\"MessageBody\">Vi kan tilby utleie av hall utenom \u00e5pningstider. Ta kontakt med oss p\u00e5 <a href=\"mailto:aktivitetsparken@blakorskrs.no\">aktivitetsparken@blakorskrs.no<\/a> for priser og tidspunkt\/tilgjengelighet.<\/span><\/p>\n<\/div>\n\n\n\n<div class=\"custom-block-factbox has-background has-pink-light-background-color\">\n\t<p><strong>Personer med funksjonsnedsettelse<\/strong><br \/>\nV\u00e6r oppmerksom p\u00e5 at Bl\u00e5 Kors aktivitetspark er en hall for ekstremsport (skate, scoot, parkour etc) og ikke spesielt tilrettelagt for personer med funksjonsnedsettelse. Dette gjelder spesielt parkourhallen og skatehallen.<\/p>\n<\/div>\n\n\n\n<div class=\"wp-block-group has-blue-light-background-color has-background is-layout-constrained wp-block-group-is-layout-constrained\">\n<h2 id=\"trenger-du-okonomisk-stotte\"  class=\"wp-block-heading\" >Trenger du \u00f8konomisk st\u00f8tte?<\/h2>\n\n\n\n<p><strong>Det er mulig \u00e5 f\u00e5 st\u00f8tte til fritidsaktiviteter for barn og ungdom hos kommunens Fritidsfond.<\/strong><\/p>\n\n\n\n<p>Form\u00e5let med Fritidsfond er \u00e5 sikre en bredere deltakelse og inkludering av flere barn og unge i organiserte fritidsaktiviteter som g\u00e5r over tid n\u00e5r familien ikke har \u00f8konomi til \u00e5 betale dette selv. En kan s\u00f8ke om kontingent og n\u00f8dvendig utstyr til barn og unge som skal delta i en organisert fritidsaktivitet.<\/p>\n\n\n\n<p>Om du skulle f\u00e5 avslag p\u00e5 din s\u00f8knad hos Fritidsfond, eller trenger hjelp til \u00e5 s\u00f8ke, s\u00e5 ta kontakt med <a href=\"mailto:ida.hoitorp@blakorskrs.no\">Ida Marie Thornes H\u00f8itorp<\/a>.<\/p>\n\n\n\n<div class=\"wp-block-buttons is-layout-flex wp-block-buttons-is-layout-flex\">\n<div class=\"wp-block-button\"><a class=\"wp-block-button__link wp-element-button\" href=\"https:\/\/www.kristiansand.kommune.no\/fritidsfond\" target=\"_blank\" rel=\"noopener\">S\u00f8k fritidsfondet<\/a><\/div>\n<\/div>\n<\/div>\n","protected":false},"excerpt":{"rendered":"<p>Priser: 8-26 \u00e5r: Skatehallen og drop-in-timene i gamingrommet og parkourhallen er gratis s\u00e5 lenge du er medlem i Bl\u00e5 Kors Ung (100,- i \u00e5ret). 26 \u00e5r og eldre: Skatehallen og drop-in-timene i gamingrommet og parkourhallen er gratis s\u00e5 lenge du er medlem i Bl\u00e5 Kors Kristiansand (300,- \u00e5ret). For ikke-medlemmer er prisen for drop in [&hellip;]<\/p>\n","protected":false},"author":25,"featured_media":310,"parent":7,"menu_order":0,"comment_status":"closed","ping_status":"closed","template":"","meta":{"_acf_changed":false,"_relevanssi_hide_post":"","_relevanssi_hide_content":"","_relevanssi_pin_for_all":"","_relevanssi_pin_keywords":"","_relevanssi_unpin_keywords":"","_relevanssi_related_keywords":"","_relevanssi_related_include_ids":"","_relevanssi_related_exclude_ids":"","_relevanssi_related_no_append":"","_relevanssi_related_not_related":"","_relevanssi_related_posts":"3236,2534,1838,1982,2190,3394","_relevanssi_noindex_reason":"","_custom_cards_description":"","footnotes":""},"class_list":["post-309","page","type-page","status-publish","has-post-thumbnail","hentry"],"acf":[],"_links":{"self":[{"href":"https:\/\/www.blakors.no\/kristiansand\/wp-json\/wp\/v2\/pages\/309","targetHints":{"allow":["GET"]}}],"collection":[{"href":"https:\/\/www.blakors.no\/kristiansand\/wp-json\/wp\/v2\/pages"}],"about":[{"href":"https:\/\/www.blakors.no\/kristiansand\/wp-json\/wp\/v2\/types\/page"}],"author":[{"embeddable":true,"href":"https:\/\/www.blakors.no\/kristiansand\/wp-json\/wp\/v2\/users\/25"}],"replies":[{"embeddable":true,"href":"https:\/\/www.blakors.no\/kristiansand\/wp-json\/wp\/v2\/comments?post=309"}],"version-history":[{"count":5,"href":"https:\/\/www.blakors.no\/kristiansand\/wp-json\/wp\/v2\/pages\/309\/revisions"}],"predecessor-version":[{"id":9365,"href":"https:\/\/www.blakors.no\/kristiansand\/wp-json\/wp\/v2\/pages\/309\/revisions\/9365"}],"up":[{"embeddable":true,"href":"https:\/\/www.blakors.no\/kristiansand\/wp-json\/wp\/v2\/pages\/7"}],"wp:featuredmedia":[{"embeddable":true,"href":"https:\/\/www.blakors.no\/kristiansand\/wp-json\/wp\/v2\/media\/310"}],"wp:attachment":[{"href":"https:\/\/www.blakors.no\/kristiansand\/wp-json\/wp\/v2\/media?parent=309"}],"curies":[{"name":"wp","href":"https:\/\/api.w.org\/{rel}","templated":true}]}}