{"id":12003,"date":"2021-09-03T10:47:50","date_gmt":"2021-09-03T08:47:50","guid":{"rendered":"https:\/\/www.blakors.no\/lade\/?page_id=12003"},"modified":"2021-11-22T11:53:34","modified_gmt":"2021-11-22T10:53:34","slug":"fagseminar","status":"publish","type":"page","link":"https:\/\/www.blakors.no\/lade\/fagseminar\/","title":{"rendered":"Fagseminar"},"content":{"rendered":"\n<div class=\"wp-block-lib-header alignfull hide\"><div class=\"header-innercontent\"><\/div><\/div>\n\n\n\n<h2 class=\"wp-block-heading\" id=\"h-familiebehandling-i-uavhengighetens-tid\">Familiebehandling i uavhengighetens tid<\/h2>\n\n\n\n<p><strong>Bl\u00e5 Kors Lade Behandlingssenter i&nbsp;samarbeid&nbsp;med&nbsp;Familievernkontoret i Trondheim og<br>L\u00e6rings- og mestringssenteret (LMS)&nbsp; &#8211; Korus Midt-Norge inviterer til f\u00f8rjulsseminar p\u00e5 Britannia Hotell.<\/strong><\/p>\n\n\n\n<p><strong>Fredag 3. desember kl. 09.00-15.30.<\/strong><\/p>\n\n\n\n<p>Hva skyldes det at familien s\u00e5 ofte er frav\u00e6rende i terapirommet?<\/p>\n\n\n\n<p>Er barneperspektivet fortsatt kakepynt eller har det f\u00e5tt en reel<br>betydning for m\u00e5ten vi behandler rusproblemer og psykiske vansker p\u00e5?<\/p>\n\n\n\n<p>N\u00e5r blir familien en ressurs i behandlingen? N\u00e5r blir den en hemsko?<\/p>\n\n\n\n<p>Seminaret vil sette fokus p\u00e5 forklaringer til familiens frav\u00e6r i<br>behandlingsforl\u00f8pet, men ogs\u00e5 familiens mulige n\u00e6rv\u00e6r og<br>ressurs i behandlingsarbeidet.<\/p>\n\n\n\n<p><\/p>\n\n\n\n<p><strong>F\u00f8lgende innledere er invitert, og har bekreftet at de kommer:<\/strong><\/p>\n\n\n\n<ul class=\"wp-block-list\"><li>Tor-Johan Ekeland<\/li><li>Rolf Sundet<\/li><li>Anna Luise Kirkengen<\/li><li>Helga Melkeraaen<\/li><\/ul>\n\n\n\n<p><em>Ved sp\u00f8rsm\u00e5l eller behov for mer informasjon kontakt fagsjef Frode Kavli 907 54 045, eller Kristin Rostadmo 920 27 452.<\/em><\/p>\n\n\n\n<p><\/p>\n","protected":false},"excerpt":{"rendered":"<p>Familiebehandling i uavhengighetens tid Bl\u00e5 Kors Lade Behandlingssenter i&nbsp;samarbeid&nbsp;med&nbsp;Familievernkontoret i Trondheim ogL\u00e6rings- og mestringssenteret (LMS)&nbsp; &#8211; Korus Midt-Norge inviterer til f\u00f8rjulsseminar p\u00e5 Britannia Hotell. Fredag 3. desember kl. 09.00-15.30. Hva skyldes det at familien s\u00e5 ofte er frav\u00e6rende i terapirommet? Er barneperspektivet fortsatt kakepynt eller har det f\u00e5tt en reelbetydning for m\u00e5ten vi behandler rusproblemer [&hellip;]<\/p>\n","protected":false},"author":23,"featured_media":0,"parent":0,"menu_order":0,"comment_status":"closed","ping_status":"closed","template":"","meta":{"_acf_changed":false,"_relevanssi_hide_post":"","_relevanssi_hide_content":"","_relevanssi_pin_for_all":"on","_relevanssi_pin_keywords":"Kurs, fagseminar, familiebehandling i uavhengighetens tid, ","_relevanssi_unpin_keywords":"","_relevanssi_related_keywords":"","_relevanssi_related_include_ids":"","_relevanssi_related_exclude_ids":"","_relevanssi_related_no_append":"","_relevanssi_related_not_related":"","_relevanssi_related_posts":"7787,7039,9445,270,7382,9528","_relevanssi_noindex_reason":"","sync_status":"","episode_type":"","audio_file":"","podmotor_file_id":"","podmotor_episode_id":"","castos_file_data":"","cover_image":"","cover_image_id":"","duration":"","filesize":"","filesize_raw":"","date_recorded":"","explicit":"","block":"","_custom_cards_description":"","footnotes":""},"class_list":["post-12003","page","type-page","status-publish","hentry"],"acf":[],"_links":{"self":[{"href":"https:\/\/www.blakors.no\/lade\/wp-json\/wp\/v2\/pages\/12003","targetHints":{"allow":["GET"]}}],"collection":[{"href":"https:\/\/www.blakors.no\/lade\/wp-json\/wp\/v2\/pages"}],"about":[{"href":"https:\/\/www.blakors.no\/lade\/wp-json\/wp\/v2\/types\/page"}],"author":[{"embeddable":true,"href":"https:\/\/www.blakors.no\/lade\/wp-json\/wp\/v2\/users\/23"}],"replies":[{"embeddable":true,"href":"https:\/\/www.blakors.no\/lade\/wp-json\/wp\/v2\/comments?post=12003"}],"version-history":[{"count":13,"href":"https:\/\/www.blakors.no\/lade\/wp-json\/wp\/v2\/pages\/12003\/revisions"}],"predecessor-version":[{"id":12230,"href":"https:\/\/www.blakors.no\/lade\/wp-json\/wp\/v2\/pages\/12003\/revisions\/12230"}],"wp:attachment":[{"href":"https:\/\/www.blakors.no\/lade\/wp-json\/wp\/v2\/media?parent=12003"}],"curies":[{"name":"wp","href":"https:\/\/api.w.org\/{rel}","templated":true}]}}