{"id":1234,"date":"2021-06-17T09:45:14","date_gmt":"2021-06-17T07:45:14","guid":{"rendered":"https:\/\/www.blakors.no\/ressursbank\/?page_id=1234"},"modified":"2025-06-16T14:20:54","modified_gmt":"2025-06-16T12:20:54","slug":"tenke-nytt-og-sammen-for-a-na-unges-behov","status":"publish","type":"page","link":"https:\/\/www.blakors.no\/ressursbank\/nyskapende-arbeid-med-unge\/tenke-nytt-og-sammen-for-a-na-unges-behov\/","title":{"rendered":"Tenke nytt og sammen for \u00e5 m\u00f8te unges behov"},"content":{"rendered":"\n<p>Hvordan kan kirke og kommune samarbeide bedre til beste for barn og unge? Hva er suksesskriteriene og fallgruvene? Hvordan kan samskaping  hjelpe oss \u00e5 utvikle bedre tilbud? M\u00f8t biskop i Nidaros, ordf\u00f8rer i Trondheim og en rekke dyktige praktikere.<\/p>\n\n\n\n<figure class=\"wp-block-embed dekode-gtm-iframe-preview is-type-video is-provider-youtube wp-block-embed-youtube wp-embed-aspect-16-9 wp-has-aspect-ratio\"><div class=\"wp-block-embed__wrapper\">\n<iframe title=\"Nyskapende samarbeid - konferanse 19. november\" width=\"500\" height=\"281\" data-cookieconsent=\"marketing\" data-cookieblock-src=\"https:\/\/www.youtube.com\/embed\/kRozQ9G0oVQ?start=597&#038;feature=oembed\"  allow=\"accelerometer; autoplay; clipboard-write; encrypted-media; gyroscope; picture-in-picture; web-share\" referrerpolicy=\"strict-origin-when-cross-origin\" allowfullscreen sandbox=\"allow-scripts allow-same-origin allow-popups allow-presentation allow-popups-to-escape-sandbox\"><\/iframe>\n\t\t<div class=\"cookieconsent-optout-marketing dekode-gtm-cookie-consent-video-placeholder\">\n\t\t\t<div class=\"dekode-gtm-cookie-consent is-block-core-embed is-provider-youtube\">\n\t\t\t\t\n\t\t\t<img decoding=\"async\" src=\"https:\/\/i.ytimg.com\/vi\/kRozQ9G0oVQ\/hqdefault.jpg\" alt=\"youtube\" \/>\n\t\t\t\t<div class=\"overlay\">\n\t\t\t\t\t<div class=\"cookie-info\">\n\t\t\t\t\t\t<h2 id=\"her-ligger-det-medieinnhold-fra-en-ekstern-kilde\"  >Her ligger det medieinnhold fra en ekstern kilde. <\/h2> \n\n<p>For \u00e5 se innholdet, m\u00e5 du endre samtykket ditt.<\/p>\n\n<p>Les mer om hvordan dataen din blir behandlet av eksterne kilder i personvernerkl\u00e6ringen v\u00e5r.<\/p>\n\t\t\t\t\t\t<p>\n\t\t\t\t\t\t\t<a title=\"Endre samtykke\" class=\"dekode-gtm-cookiebot-renew\" href=\"#\">Endre samtykke<\/a>\n\t\t\t\t\t\t\t\n\t\t\t\t\t\t<\/p>\n\t\t\t\t\t<\/div>\n\t\t\t\t<\/div>\n\t\t\t<\/div>\n\t\t<\/div>\n<\/div><\/figure>\n\n\n\n<div class=\"wp-block-lib-header alignfull hide\"><div class=\"image-wrapper\"><img decoding=\"async\" src=\"https:\/\/www.blakors.no\/content\/uploads\/sites\/22\/2021\/06\/Bl\u00e5-Kors-Konferanse-Alan-Akali-nyskapende-samarbeid.png\"\/><\/div><div class=\"header-innercontent\">\n\n<\/div><\/div>\n\n\n\n<p>Konferansen ble arrangert i samarbeid med kirker i Tr\u00f8ndelag. Se tidskoder for de ulike innslagene nedenfor:<\/p>\n\n\n<div class=\"t2-accordion wp-block-t2-accordion\" data-allow-multiple=\"1\" role=\"list\"><div class=\"t2-accordion-item wp-block-t2-accordion-item\" role=\"listitem\">\n\t\t\t<h2 class=\"t2-accordion-title\">\n\t\t\t\t<button type=\"button\" class=\"t2-accordion-trigger\" id=\"program-f\u00f8r-pause:\" aria-controls=\"accordion-panel\" aria-expanded=\"false\">\n\t\t\t\t\tProgram f\u00f8r pause:\n\t\t\t\t\t<span class=\"t2-accordion-icon is-closed-icon\"><svg xmlns=\"http:\/\/www.w3.org\/2000\/svg\" viewBox=\"0 0 24 24\" height=\"24\" width=\"24\" class=\"t2-icon t2-icon-chevrondown\" aria-hidden=\"true\" focusable=\"false\"><path d=\"M12 14.9c-.1 0-.3 0-.4-.1-.1 0-.2-.1-.3-.2L6.7 10c-.2-.1-.3-.4-.3-.6 0-.3.1-.5.3-.7.2-.2.4-.3.7-.3s.5.1.7.3l3.9 3.9 3.9-3.9c.2-.2.4-.3.7-.3.3 0 .5.1.7.3.2.2.3.4.3.7s-.1.5-.3.7l-4.6 4.6c-.1.1-.2.2-.3.2H12z\" fill=\"currentColor\" \/><\/svg><\/span>\n\t\t\t\t\t<span class=\"t2-accordion-icon is-open-icon\"><svg xmlns=\"http:\/\/www.w3.org\/2000\/svg\" viewBox=\"0 0 24 24\" height=\"24\" width=\"24\" class=\"t2-icon t2-icon-chevronup\" aria-hidden=\"true\" focusable=\"false\"><path d=\"M6.7 14.7c-.2-.2-.3-.4-.3-.7s.1-.5.3-.7l4.6-4.6c.1-.1.2-.2.3-.2.1 0 .2-.1.4-.1.1 0 .3 0 .4.1.1 0 .2.1.3.2l4.6 4.6c.2.2.3.4.3.7s-.1.5-.3.7c-.2.2-.4.3-.7.3s-.5-.1-.7-.3L12 10.8l-3.9 3.9c-.2.2-.4.3-.7.3s-.5-.1-.7-.3z\" fill=\"currentColor\" \/><\/svg><\/span>\n\t\t\t\t<\/button>\n\t\t\t<\/h2>\n\t\t\t<div class=\"t2-accordion-item__inner-container is-layout-flow\" id=\"accordion-panel\" aria-labelledby=\"program-f\u00f8r-pause:\" role=\"region\" hidden>\n\t\t\t\t\n\t\t\t\t<ul>\n<li>10.00: Velkommen<\/li>\n<li>13.04: Musikkinnslag ved Fr\u00f8ydis Grorud og Trude Kristin Kl\u00e6boe<\/li>\n<li>27.55: Hvorfor samskape for \u00e5 m\u00f8te unges behov? Dialog med ordf\u00f8rer i Trondheim Kommune, biskop i Nidaros Bisped\u00f8mme, leder i Nidaros ungdomsr\u00e5d<\/li>\n<li>46.55: Stein-saks-papir: innovativ strategi for sterke barnefellesskap \u2013 Ingvild Dahl, Trondheim Kommune<\/li>\n<\/ul>\n\n\t\t\t\n\t\t\t<\/div>\n\t\t<\/div><div class=\"t2-accordion-item wp-block-t2-accordion-item\" role=\"listitem\">\n\t\t\t<h2 class=\"t2-accordion-title\">\n\t\t\t\t<button type=\"button\" class=\"t2-accordion-trigger\" id=\"program-etter-pause:\" aria-controls=\"accordion-panel-1\" aria-expanded=\"false\">\n\t\t\t\t\tProgram etter pause:\n\t\t\t\t\t<span class=\"t2-accordion-icon is-closed-icon\"><svg xmlns=\"http:\/\/www.w3.org\/2000\/svg\" viewBox=\"0 0 24 24\" height=\"24\" width=\"24\" class=\"t2-icon t2-icon-chevrondown\" aria-hidden=\"true\" focusable=\"false\"><path d=\"M12 14.9c-.1 0-.3 0-.4-.1-.1 0-.2-.1-.3-.2L6.7 10c-.2-.1-.3-.4-.3-.6 0-.3.1-.5.3-.7.2-.2.4-.3.7-.3s.5.1.7.3l3.9 3.9 3.9-3.9c.2-.2.4-.3.7-.3.3 0 .5.1.7.3.2.2.3.4.3.7s-.1.5-.3.7l-4.6 4.6c-.1.1-.2.2-.3.2H12z\" fill=\"currentColor\" \/><\/svg><\/span>\n\t\t\t\t\t<span class=\"t2-accordion-icon is-open-icon\"><svg xmlns=\"http:\/\/www.w3.org\/2000\/svg\" viewBox=\"0 0 24 24\" height=\"24\" width=\"24\" class=\"t2-icon t2-icon-chevronup\" aria-hidden=\"true\" focusable=\"false\"><path d=\"M6.7 14.7c-.2-.2-.3-.4-.3-.7s.1-.5.3-.7l4.6-4.6c.1-.1.2-.2.3-.2.1 0 .2-.1.4-.1.1 0 .3 0 .4.1.1 0 .2.1.3.2l4.6 4.6c.2.2.3.4.3.7s-.1.5-.3.7c-.2.2-.4.3-.7.3s-.5-.1-.7-.3L12 10.8l-3.9 3.9c-.2.2-.4.3-.7.3s-.5-.1-.7-.3z\" fill=\"currentColor\" \/><\/svg><\/span>\n\t\t\t\t<\/button>\n\t\t\t<\/h2>\n\t\t\t<div class=\"t2-accordion-item__inner-container is-layout-flow\" id=\"accordion-panel-1\" aria-labelledby=\"program-etter-pause:\" role=\"region\" hidden>\n\t\t\t\t\n\t\t\t\t<ul>\n<li>1.21.41: Derfor trenger unge at du bryr deg \u2013 Bl\u00e5 Kors Chatsenter i Kristiansand<\/li>\n<li>1.36.37 Hvordan fange opp ungdommer som faller utenfor? \u2013 Arne Christian Rokseth, tidligere leder i Salem menighet i Trondheim, Even Ytterhus, SLT-koordinator i Trondheim kommune<\/li>\n<li>1.48.44: U-kirke: samskaping i praksis \u2013 Katri Sundvall-Falck, prosjektleder U-kirke og Tonje Braa, kulturenheten i Trondheim kommune<\/li>\n<li>2.03.30: Musikkinnslag ved Fr\u00f8ydis Grorud og Trude Kristin Kl\u00e6boe<\/li>\n<\/ul>\n\n\t\t\t\n\t\t\t<\/div>\n\t\t<\/div><\/div>\n\n\n<h2 class=\"wp-block-heading\" id=\"h-nyttige-lenker-og-presentasjoner\">Nyttige lenker og presentasjoner <\/h2>\n\n\n\n<p>Her finner du powerpointpresentasjoner og nyttige lenker fra konferansen 19. november.<\/p>\n\n\n\n<div class=\"wp-block-media-text alignwide is-stacked-on-mobile\" style=\"grid-template-columns:29% auto\"><figure class=\"wp-block-media-text__media\"><img decoding=\"async\" src=\"https:\/\/www.blakors.no\/content\/uploads\/2020\/09\/Ingvild-Dahl-1.jpg\" alt=\"\" class=\"wp-image-16296 size-full\"\/><\/figure><div class=\"wp-block-media-text__content\">\n<p><strong>Ingvild Dahl<\/strong>, har ledet prosjektet <em>Stein, Saks, Papir<\/em>, en innovativ strategi for sterke barnefellesskap. I presentasjonen under kan du l\u00e6re mer om prosjektet og se flere gode lokale eksempler.<\/p>\n\n\n\n\t\t<div class=\"wp-block-lib-accentuated-link\">\n\t\t\t<a\n\t\t\t\tclass=\"lib-link__link\"\n\t\t\t\thref=\"https:\/\/www.blakors.no\/content\/uploads\/2020\/11\/Ingvild-Dahl-Stein-Saks-Papir.pptx\"\n\t\t\t\ttarget=\"\"\n\t\t\t\trel=\"\"\n\t\t\t>\n\t\t\t\t\n\t\t\t\t<div class=\"lib-link__text-content\">\n\t\t\t\t\t<span class=\"lib-link__tagline\">\n\t\t\t\t\t\tlast ned\n\t\t\t\t\t<\/span>\n\n\t\t\t\t\t<h3 class=\"lib-link__title\">\n\t\t\t\t\t\tPresentasjon av Stein Saks Papir\n\t\t\t\t\t<\/h3>\n\n\t\t\t\t\t\n\t\t\t<span class=\"lib-link__link-source\">\n\t\t\t\tpptx\n\t\t\t\t<svg xmlns=\"http:\/\/www.w3.org\/2000\/svg\" viewBox=\"0 0 24 24\" height=\"24\" width=\"24\" class=\"t2-icon t2-icon-filedownload\" aria-hidden=\"true\" focusable=\"false\"><path d=\"M12 15.6c-.1 0-.3 0-.4-.1-.1 0-.2-.1-.3-.2l-3.6-3.6c-.2-.2-.3-.4-.3-.7s.1-.5.3-.7c.2-.2.4-.3.7-.3.3 0 .5.1.7.3l1.9 1.9V5c0-.3.1-.5.3-.7.2-.2.4-.3.7-.3s.5.1.7.3c.2.2.3.4.3.7v7.2l1.9-1.9c.2-.2.4-.3.7-.3.3 0 .5.1.7.3.2.2.3.4.3.7s-.1.5-.3.7l-3.6 3.6c-.1.1-.2.2-.3.2-.1.1-.3.1-.4.1zM6 20c-.5 0-1-.2-1.4-.6S4 18.6 4 18v-2c0-.3.1-.5.3-.7.2-.2.4-.3.7-.3s.5.1.7.3c.2.2.3.4.3.7v2h12v-2c0-.3.1-.5.3-.7.2-.2.4-.3.7-.3s.5.1.7.3c.2.2.3.4.3.7v2c0 .6-.2 1-.6 1.4s-.8.6-1.4.6H6z\" fill=\"currentColor\" \/><\/svg>\n\t\t\t<\/span>\n\t\t\t\t<\/div>\n\t\t\t<\/a>\n\t\t<\/div><\/div><\/div>\n\n\n\n<div class=\"wp-block-media-text alignwide is-stacked-on-mobile\" style=\"grid-template-columns:29% auto\"><figure class=\"wp-block-media-text__media\"><img decoding=\"async\" src=\"https:\/\/www.blakors.no\/content\/uploads\/2020\/11\/Benedicte-BK-Chatsenter-1024x572.png\" alt=\"Dame smiler med bl\u00e5 bakgrunn\" class=\"wp-image-19139 size-full\"\/><\/figure><div class=\"wp-block-media-text__content\">\n<p><strong>Benedicte Fr\u00f8ystad Jonassen<\/strong> fra <a href=\"https:\/\/www.blakors.no\/virksomhet\/chat-senter\/\">Bl\u00e5 Kors Chatsenter<\/a> intervjuet ungdommer om mobbing og hvordan voksne kan vise at de bryr seg. <\/p>\n\n\n\n<p>Skriv ut og heng opp denne <a href=\"https:\/\/www.blakors.no\/content\/uploads\/2020\/11\/Plakat-BK-Chat-og-samtaletilbud-utskriftsvennlig-1.pdf\">plakaten<\/a> for \u00e5 vise ungdom hvor de kan f\u00e5 hjelp.<\/p>\n<\/div><\/div>\n\n\n\n<div class=\"wp-block-media-text alignwide is-stacked-on-mobile\" style=\"grid-template-columns:29% auto\"><figure class=\"wp-block-media-text__media\"><img decoding=\"async\" src=\"https:\/\/www.blakors.no\/content\/uploads\/2020\/11\/Tonje-Braa-og-Katri-Sundvall-Falck-1024x620.png\" alt=\"\" class=\"wp-image-19142 size-full\"\/><\/figure><div class=\"wp-block-media-text__content\">\n<p><strong>Katri Sundvall-Falck<\/strong> og <strong>Tonje Braa<\/strong> fortalte om samskapingsprosjektet mellom kirken og kommunen med arbeidstittel U-kirke. Du kan ogs\u00e5 lese mer om deres <a href=\"https:\/\/kirken.no\/nb-NO\/fellesrad\/trondheim-kirkelige-fellesrad\/nyheter\/U-kirke-chat\/\" target=\"_blank\" rel=\"noopener\">Snapchat-konto<\/a> her.<\/p>\n\n\n\n\t\t<div class=\"wp-block-lib-accentuated-link\">\n\t\t\t<a class=\"lib-link__link\" href=\"https:\/\/www.blakors.no\/content\/uploads\/2020\/11\/U-kirke-Katri-og-Tonje.pptx\" target=\"\" rel=\"\">\n\t\t\t\t\n\t\t\t\t<div class=\"lib-link__text-content\">\n\t\t\t\t\t<span class=\"lib-link__tagline\">\n\t\t\t\t\t\tlast ned\n\t\t\t\t\t<\/span>\n\n\t\t\t\t\t<h3 class=\"lib-link__title\">\n\t\t\t\t\t\tPresentasjon av U-kirke\n\t\t\t\t\t<\/h3>\n\n\t\t\t\t\t\n\t\t\t<span class=\"lib-link__link-source\">\n\t\t\t\tpptx\n\t\t\t\t<svg xmlns=\"http:\/\/www.w3.org\/2000\/svg\" viewBox=\"0 0 24 24\" height=\"24\" width=\"24\" class=\"t2-icon t2-icon-filedownload\" aria-hidden=\"true\" focusable=\"false\"><path d=\"M12 15.6c-.1 0-.3 0-.4-.1-.1 0-.2-.1-.3-.2l-3.6-3.6c-.2-.2-.3-.4-.3-.7s.1-.5.3-.7c.2-.2.4-.3.7-.3.3 0 .5.1.7.3l1.9 1.9V5c0-.3.1-.5.3-.7.2-.2.4-.3.7-.3s.5.1.7.3c.2.2.3.4.3.7v7.2l1.9-1.9c.2-.2.4-.3.7-.3.3 0 .5.1.7.3.2.2.3.4.3.7s-.1.5-.3.7l-3.6 3.6c-.1.1-.2.2-.3.2-.1.1-.3.1-.4.1zM6 20c-.5 0-1-.2-1.4-.6S4 18.6 4 18v-2c0-.3.1-.5.3-.7.2-.2.4-.3.7-.3s.5.1.7.3c.2.2.3.4.3.7v2h12v-2c0-.3.1-.5.3-.7.2-.2.4-.3.7-.3s.5.1.7.3c.2.2.3.4.3.7v2c0 .6-.2 1-.6 1.4s-.8.6-1.4.6H6z\" fill=\"currentColor\" \/><\/svg>\n\t\t\t<\/span>\n\t\t\t\t<\/div>\n\t\t\t<\/a>\n\t\t<\/div>\n\n\n<p><\/p>\n<\/div><\/div>\n\n\n\n<div class=\"custom-block-cta\">\n\t<div class=\"icon\"><\/div><div class=\"text-button-container\"><div class=\"text\">Jobber du i menighet?<\/div><div class=\"wp-block-button is-style-primary\"><a class=\"wp-block-button__link\" href=\"https:\/\/www.blakors.no\/ressursbank\/menighet\/\" target=\"\">Klikk her for gratis undervisningsmateriell<\/a><\/div><\/div><\/div>\n\n\n\n<h2 class=\"wp-block-heading\" id=\"h-seminar-nyskapende-diakonalt-arbeid-blant-unge\">Seminar: Nyskapende diakonalt arbeid blant unge<\/h2>\n\n\n\n<p>Diakon P\u00e5l Arne Winsnes ledet seminar om nyskapende diakonalt arbeid med barn og unge. Her fikk vi blant annet h\u00f8re om Mandagspizza for ungdom, <a href=\"https:\/\/trondheim.frikirke.no\/kalender\/kalender-detalj\/calendar_event\/7775289\" target=\"_blank\" rel=\"noopener\">Tweensarbeid<\/a> i samarbeid mellom Trondheim Frikirke og Tiller menighet, samt <a href=\"http:\/\/www.22b.no\/\" target=\"_blank\" rel=\"noopener\">22B &#8211; et forebyggende kontaktsenter<\/a> for ungdom i regi av Salem menighet.<\/p>\n\n\n\n<figure class=\"wp-block-embed dekode-gtm-iframe-preview is-type-video is-provider-youtube wp-block-embed-youtube wp-embed-aspect-16-9 wp-has-aspect-ratio\"><div class=\"wp-block-embed__wrapper\">\n<iframe title=\"Seminar: nyskapende diakonalt arbeid blant barn og unge\" width=\"500\" height=\"281\" data-cookieconsent=\"marketing\" data-cookieblock-src=\"https:\/\/www.youtube.com\/embed\/KoSjc6cYVWM?feature=oembed\"  allow=\"accelerometer; autoplay; clipboard-write; encrypted-media; gyroscope; picture-in-picture; web-share\" referrerpolicy=\"strict-origin-when-cross-origin\" allowfullscreen sandbox=\"allow-scripts allow-same-origin allow-popups allow-presentation allow-popups-to-escape-sandbox\"><\/iframe>\n\t\t<div class=\"cookieconsent-optout-marketing dekode-gtm-cookie-consent-video-placeholder\">\n\t\t\t<div class=\"dekode-gtm-cookie-consent is-block-core-embed is-provider-youtube\">\n\t\t\t\t\n\t\t\t<img decoding=\"async\" src=\"https:\/\/i.ytimg.com\/vi\/KoSjc6cYVWM\/hqdefault.jpg\" alt=\"youtube\" \/>\n\t\t\t\t<div class=\"overlay\">\n\t\t\t\t\t<div class=\"cookie-info\">\n\t\t\t\t\t\t<h2 id=\"her-ligger-det-medieinnhold-fra-en-ekstern-kilde\"  >Her ligger det medieinnhold fra en ekstern kilde. <\/h2> \n\n<p>For \u00e5 se innholdet, m\u00e5 du endre samtykket ditt.<\/p>\n\n<p>Les mer om hvordan dataen din blir behandlet av eksterne kilder i personvernerkl\u00e6ringen v\u00e5r.<\/p>\n\t\t\t\t\t\t<p>\n\t\t\t\t\t\t\t<a title=\"Endre samtykke\" class=\"dekode-gtm-cookiebot-renew\" href=\"#\">Endre samtykke<\/a>\n\t\t\t\t\t\t\t\n\t\t\t\t\t\t<\/p>\n\t\t\t\t\t<\/div>\n\t\t\t\t<\/div>\n\t\t\t<\/div>\n\t\t<\/div>\n<\/div><figcaption class=\"wp-element-caption\">I dette seminaret p\u00e5 30 minutter f\u00e5r du flere gode eksempler p\u00e5 lokalt diakonalt arbeid med barn og unge. <\/figcaption><\/figure>\n\n\n\n<p>I tillegg fikk vi h\u00f8re fra flere ansatte fra <a href=\"https:\/\/kirken.no\/nb-NO\/fellesrad\/stjordalkirken\/\" target=\"_blank\" rel=\"noopener\">Den norske i Stj\u00f8rdal<\/a>, Solveig Frafjord Whitcomb (menighetspedagog), Oddbj\u00f8rn Eide (kirkeverge) og Jon Henrik Guldbrandsen (prost), samt barne- og ungdomsdiakon i Trondheim, Hanne Moxness.<\/p>\n\n\n\n<h2 class=\"wp-block-heading\" id=\"h-seminar-verkt-y-for-samskaping\">Seminar: Verkt\u00f8y for samskaping<\/h2>\n\n\n\n<p><strong>Lars Kobro <\/strong>er en av de ledende forskerne i Norge innen innovasjon og sosialt entrepren\u00f8rskap. Han kjenner kirke-Norge godt og gir konkrete r\u00e5d for \u00e5 lykkes med nyskapende samarbeid. Han er redakt\u00f8r for en <a href=\"https:\/\/www.ks.no\/fagomrader\/innovasjon\/framtidas-kommune\/samskapende-sosial-innovasjon\/\" target=\"_blank\" rel=\"noopener\">H\u00e5ndbok i samskaping<\/a>, utviklet i samarbeid med KS (Kommunesektorens organisasjon). <a href=\"https:\/\/www.blakors.no\/content\/uploads\/2020\/11\/Lars-U-Kobro-verkt%C3%B8y-for-samskaping.pdf\">Powerpointpresentasjonen<\/a> fra seminaret kan lastes ned her. <\/p>\n\n\n\n<p><\/p>\n\n\n\n<p><a href=\"https:\/\/www.blakors.no\/ressursbank\/nyskapende-arbeid-med-unge\/\">Konferansene om nyskapende og diakonalt arbeid<\/a> st\u00f8ttes \u00f8konomisk av Helsedirektoratet og Kirker\u00e5det for Den norske kirke.<\/p>\n\n<div class=\"dekode-module-was-this-helpful\">\n\t<div class=\"\">\n\t\t<h2>Var dette nyttig?<\/h2>\n\t\t<form id=\"dekode-wth-form\">\n\t\t\t<button id=\"dekode-wth-yes\" class=\"button\" name=\"dekode-wth-feedback\" type=\"submit\"\n\t\t\t\t\tvalue=\"1\">Ja<\/button>\n\t\t\t<button id=\"dekode-wth-no\" class=\"button\" name=\"dekode-wth-feedback\" type=\"submit\"\n\t\t\t\t\tvalue=\"0\">Nei<\/button>\n\t\t\t<input type=\"hidden\" name=\"post_id\" value=\"1234\"\/>\n\t\t<\/form>\n\t<\/div>\n<\/div>\n","protected":false},"excerpt":{"rendered":"<p>Hvordan kan kirke og kommune samarbeide bedre til beste for barn og unge? Hva er suksesskriteriene og fallgruvene? Hvordan kan samskaping hjelpe oss \u00e5 utvikle bedre tilbud? M\u00f8t biskop i Nidaros, ordf\u00f8rer i Trondheim og en rekke dyktige praktikere. Konferansen ble arrangert i samarbeid med kirker i Tr\u00f8ndelag. Se tidskoder for de ulike innslagene nedenfor: [&hellip;]<\/p>\n","protected":false},"author":21,"featured_media":1238,"parent":307,"menu_order":0,"comment_status":"closed","ping_status":"closed","template":"","meta":{"_acf_changed":false,"_relevanssi_hide_post":"","_relevanssi_hide_content":"","_relevanssi_pin_for_all":"","_relevanssi_pin_keywords":"","_relevanssi_unpin_keywords":"","_relevanssi_related_keywords":"","_relevanssi_related_include_ids":"","_relevanssi_related_exclude_ids":"","_relevanssi_related_no_append":"","_relevanssi_related_not_related":"","_relevanssi_related_posts":"998,572,1","_relevanssi_noindex_reason":"","_custom_cards_description":"","footnotes":""},"class_list":["post-1234","page","type-page","status-publish","has-post-thumbnail","hentry"],"acf":[],"_links":{"self":[{"href":"https:\/\/www.blakors.no\/ressursbank\/wp-json\/wp\/v2\/pages\/1234","targetHints":{"allow":["GET"]}}],"collection":[{"href":"https:\/\/www.blakors.no\/ressursbank\/wp-json\/wp\/v2\/pages"}],"about":[{"href":"https:\/\/www.blakors.no\/ressursbank\/wp-json\/wp\/v2\/types\/page"}],"author":[{"embeddable":true,"href":"https:\/\/www.blakors.no\/ressursbank\/wp-json\/wp\/v2\/users\/21"}],"replies":[{"embeddable":true,"href":"https:\/\/www.blakors.no\/ressursbank\/wp-json\/wp\/v2\/comments?post=1234"}],"version-history":[{"count":5,"href":"https:\/\/www.blakors.no\/ressursbank\/wp-json\/wp\/v2\/pages\/1234\/revisions"}],"predecessor-version":[{"id":8920,"href":"https:\/\/www.blakors.no\/ressursbank\/wp-json\/wp\/v2\/pages\/1234\/revisions\/8920"}],"up":[{"embeddable":true,"href":"https:\/\/www.blakors.no\/ressursbank\/wp-json\/wp\/v2\/pages\/307"}],"wp:featuredmedia":[{"embeddable":true,"href":"https:\/\/www.blakors.no\/ressursbank\/wp-json\/wp\/v2\/media\/1238"}],"wp:attachment":[{"href":"https:\/\/www.blakors.no\/ressursbank\/wp-json\/wp\/v2\/media?parent=1234"}],"curies":[{"name":"wp","href":"https:\/\/api.w.org\/{rel}","templated":true}]}}