{"id":291,"date":"2021-04-12T16:49:00","date_gmt":"2021-04-12T14:49:00","guid":{"rendered":"https:\/\/www.blakors.no\/ressursbank\/?page_id=291"},"modified":"2025-05-26T10:04:04","modified_gmt":"2025-05-26T08:04:04","slug":"samtaleopplegg-for-voksne-og-barn-om-nett-og-spill","status":"publish","type":"page","link":"https:\/\/www.blakors.no\/ressursbank\/samtaleopplegg-for-voksne-og-barn-om-nett-og-spill\/","title":{"rendered":"Hvordan hjelpe barn \u00e5 f\u00e5 en trygg digital hverdag?"},"content":{"rendered":"<div class=\"custom-block-banner alignwide contenthalf\"><div class=\"banner-image\" style=\"background-image:url(https:\/\/www.blakors.no\/content\/uploads\/sites\/22\/2021\/08\/Nettvett-og-digital-hverdag-1024x576.jpg)\"><\/div><div class=\"banner-inner\"><div><h1 id=\"hvordan-hjelpe-barn-a-fa-en-trygg-digital-hverdag\"  class=\"title small \" >Hvordan hjelpe barn \u00e5 f\u00e5 en trygg digital hverdag?<\/h1><p>Det blir stadig viktigere \u00e5 l\u00e6re barn \u00e5 forholde seg digitale medier p\u00e5 en klok og reflektert m\u00e5te. Dette film- og samtaleopplegget hjelper deg \u00e5 f\u00e5 gode samtaler med b\u00e5de barn og foreldre. <\/p><\/div><\/div><\/div>\n\n<h2 id=\"sammendrag\"  >Sammendrag<\/h2><div class=\"t2-accordion wp-block-t2-accordion\" data-allow-multiple=\"1\" role=\"list\"><div class=\"t2-accordion-item wp-block-t2-accordion-item\" role=\"listitem\">\n\t\t\t<h3 class=\"t2-accordion-title\">\n\t\t\t\t<button type=\"button\" class=\"t2-accordion-trigger\" id=\"hva-finner-du-her?\" aria-controls=\"accordion-panel\" aria-expanded=\"false\">\n\t\t\t\t\tHva finner du her?\n\t\t\t\t\t<span class=\"t2-accordion-icon is-closed-icon\"><svg xmlns=\"http:\/\/www.w3.org\/2000\/svg\" viewBox=\"0 0 24 24\" height=\"24\" width=\"24\" class=\"t2-icon t2-icon-chevrondown\" aria-hidden=\"true\" focusable=\"false\"><path d=\"M12 14.9c-.1 0-.3 0-.4-.1-.1 0-.2-.1-.3-.2L6.7 10c-.2-.1-.3-.4-.3-.6 0-.3.1-.5.3-.7.2-.2.4-.3.7-.3s.5.1.7.3l3.9 3.9 3.9-3.9c.2-.2.4-.3.7-.3.3 0 .5.1.7.3.2.2.3.4.3.7s-.1.5-.3.7l-4.6 4.6c-.1.1-.2.2-.3.2H12z\" fill=\"currentColor\" \/><\/svg><\/span>\n\t\t\t\t\t<span class=\"t2-accordion-icon is-open-icon\"><svg xmlns=\"http:\/\/www.w3.org\/2000\/svg\" viewBox=\"0 0 24 24\" height=\"24\" width=\"24\" class=\"t2-icon t2-icon-chevronup\" aria-hidden=\"true\" focusable=\"false\"><path d=\"M6.7 14.7c-.2-.2-.3-.4-.3-.7s.1-.5.3-.7l4.6-4.6c.1-.1.2-.2.3-.2.1 0 .2-.1.4-.1.1 0 .3 0 .4.1.1 0 .2.1.3.2l4.6 4.6c.2.2.3.4.3.7s-.1.5-.3.7c-.2.2-.4.3-.7.3s-.5-.1-.7-.3L12 10.8l-3.9 3.9c-.2.2-.4.3-.7.3s-.5-.1-.7-.3z\" fill=\"currentColor\" \/><\/svg><\/span>\n\t\t\t\t<\/button>\n\t\t\t<\/h3>\n\t\t\t<div class=\"t2-accordion-item__inner-container is-layout-flow\" id=\"accordion-panel\" aria-labelledby=\"hva-finner-du-her?\" role=\"region\" hidden>\n\t\t\t\t\n\t\t\t\t<ul>\n<li>Eksempler p\u00e5 filmer og temaer disse hjelper \u00e5 ta opp.<\/li>\n<li>Eksempler p\u00e5 sp\u00f8rsm\u00e5l som kan stilles etter filmvisninger.<\/li>\n<li>Hjelpetilbud det er nyttig \u00e5 vite og formidle om.<\/li>\n<\/ul>\n\n\t\t\t\n\t\t\t<\/div>\n\t\t<\/div><div class=\"t2-accordion-item wp-block-t2-accordion-item\" role=\"listitem\">\n\t\t\t<h3 class=\"t2-accordion-title\">\n\t\t\t\t<button type=\"button\" class=\"t2-accordion-trigger\" id=\"hvem-er-materiellet-for?\" aria-controls=\"accordion-panel-1\" aria-expanded=\"false\">\n\t\t\t\t\tHvem er materiellet for?\n\t\t\t\t\t<span class=\"t2-accordion-icon is-closed-icon\"><svg xmlns=\"http:\/\/www.w3.org\/2000\/svg\" viewBox=\"0 0 24 24\" height=\"24\" width=\"24\" class=\"t2-icon t2-icon-chevrondown\" aria-hidden=\"true\" focusable=\"false\"><path d=\"M12 14.9c-.1 0-.3 0-.4-.1-.1 0-.2-.1-.3-.2L6.7 10c-.2-.1-.3-.4-.3-.6 0-.3.1-.5.3-.7.2-.2.4-.3.7-.3s.5.1.7.3l3.9 3.9 3.9-3.9c.2-.2.4-.3.7-.3.3 0 .5.1.7.3.2.2.3.4.3.7s-.1.5-.3.7l-4.6 4.6c-.1.1-.2.2-.3.2H12z\" fill=\"currentColor\" \/><\/svg><\/span>\n\t\t\t\t\t<span class=\"t2-accordion-icon is-open-icon\"><svg xmlns=\"http:\/\/www.w3.org\/2000\/svg\" viewBox=\"0 0 24 24\" height=\"24\" width=\"24\" class=\"t2-icon t2-icon-chevronup\" aria-hidden=\"true\" focusable=\"false\"><path d=\"M6.7 14.7c-.2-.2-.3-.4-.3-.7s.1-.5.3-.7l4.6-4.6c.1-.1.2-.2.3-.2.1 0 .2-.1.4-.1.1 0 .3 0 .4.1.1 0 .2.1.3.2l4.6 4.6c.2.2.3.4.3.7s-.1.5-.3.7c-.2.2-.4.3-.7.3s-.5-.1-.7-.3L12 10.8l-3.9 3.9c-.2.2-.4.3-.7.3s-.5-.1-.7-.3z\" fill=\"currentColor\" \/><\/svg><\/span>\n\t\t\t\t<\/button>\n\t\t\t<\/h3>\n\t\t\t<div class=\"t2-accordion-item__inner-container is-layout-flow\" id=\"accordion-panel-1\" aria-labelledby=\"hvem-er-materiellet-for?\" role=\"region\" hidden>\n\t\t\t\t\n\t\t\t\t<p>Filmene passer for barn og ungdom i alle aldre, og er s\u00e6rlig innrettet mot barn fra 10-15 \u00e5r.<\/p>\n\n\t\t\t\n\t\t\t<\/div>\n\t\t<\/div><div class=\"t2-accordion-item wp-block-t2-accordion-item\" role=\"listitem\">\n\t\t\t<h3 class=\"t2-accordion-title\">\n\t\t\t\t<button type=\"button\" class=\"t2-accordion-trigger\" id=\"slik-bruker-du-materiellet\" aria-controls=\"accordion-panel-2\" aria-expanded=\"false\">\n\t\t\t\t\tSlik bruker du materiellet\n\t\t\t\t\t<span class=\"t2-accordion-icon is-closed-icon\"><svg xmlns=\"http:\/\/www.w3.org\/2000\/svg\" viewBox=\"0 0 24 24\" height=\"24\" width=\"24\" class=\"t2-icon t2-icon-chevrondown\" aria-hidden=\"true\" focusable=\"false\"><path d=\"M12 14.9c-.1 0-.3 0-.4-.1-.1 0-.2-.1-.3-.2L6.7 10c-.2-.1-.3-.4-.3-.6 0-.3.1-.5.3-.7.2-.2.4-.3.7-.3s.5.1.7.3l3.9 3.9 3.9-3.9c.2-.2.4-.3.7-.3.3 0 .5.1.7.3.2.2.3.4.3.7s-.1.5-.3.7l-4.6 4.6c-.1.1-.2.2-.3.2H12z\" fill=\"currentColor\" \/><\/svg><\/span>\n\t\t\t\t\t<span class=\"t2-accordion-icon is-open-icon\"><svg xmlns=\"http:\/\/www.w3.org\/2000\/svg\" viewBox=\"0 0 24 24\" height=\"24\" width=\"24\" class=\"t2-icon t2-icon-chevronup\" aria-hidden=\"true\" focusable=\"false\"><path d=\"M6.7 14.7c-.2-.2-.3-.4-.3-.7s.1-.5.3-.7l4.6-4.6c.1-.1.2-.2.3-.2.1 0 .2-.1.4-.1.1 0 .3 0 .4.1.1 0 .2.1.3.2l4.6 4.6c.2.2.3.4.3.7s-.1.5-.3.7c-.2.2-.4.3-.7.3s-.5-.1-.7-.3L12 10.8l-3.9 3.9c-.2.2-.4.3-.7.3s-.5-.1-.7-.3z\" fill=\"currentColor\" \/><\/svg><\/span>\n\t\t\t\t<\/button>\n\t\t\t<\/h3>\n\t\t\t<div class=\"t2-accordion-item__inner-container is-layout-flow\" id=\"accordion-panel-2\" aria-labelledby=\"slik-bruker-du-materiellet\" role=\"region\" hidden>\n\t\t\t\t\n\t\t\t\t<ol>\n<li>Velg et tema og vis en film i klassen.<\/li>\n<li>Still sp\u00f8rsm\u00e5lene til diskusjon etter filmvisningen.<\/li>\n<li>Fortell om hvilke hjelpetilbud finnes for barn og ungdom som har det vanskelig til tider.<\/li>\n<\/ol>\n\n\t\t\t\n\t\t\t<\/div>\n\t\t<\/div><\/div>\n\n\n<h2 class=\"wp-block-heading\" id=\"h-film-om-barns-digitale-hverdag-2-min\">Film om barns digitale hverdag (2 min)<\/h2>\n\n\n\n<figure class=\"wp-block-embed dekode-gtm-iframe-preview is-type-video is-provider-youtube wp-block-embed-youtube wp-embed-aspect-16-9 wp-has-aspect-ratio\"><div class=\"wp-block-embed__wrapper\">\n<iframe title=\"Eventyrlandet\" width=\"500\" height=\"281\" data-cookieconsent=\"marketing\" data-cookieblock-src=\"https:\/\/www.youtube.com\/embed\/Bkn5XL660mg?feature=oembed\"  allow=\"accelerometer; autoplay; clipboard-write; encrypted-media; gyroscope; picture-in-picture; web-share\" referrerpolicy=\"strict-origin-when-cross-origin\" allowfullscreen sandbox=\"allow-scripts allow-same-origin allow-popups allow-presentation allow-popups-to-escape-sandbox\"><\/iframe>\n\t\t<div class=\"cookieconsent-optout-marketing dekode-gtm-cookie-consent-video-placeholder\">\n\t\t\t<div class=\"dekode-gtm-cookie-consent is-block-core-embed is-provider-youtube\">\n\t\t\t\t\n\t\t\t<img decoding=\"async\" src=\"https:\/\/i.ytimg.com\/vi\/Bkn5XL660mg\/hqdefault.jpg\" alt=\"youtube\" \/>\n\t\t\t\t<div class=\"overlay\">\n\t\t\t\t\t<div class=\"cookie-info\">\n\t\t\t\t\t\t<h2 id=\"her-ligger-det-medieinnhold-fra-en-ekstern-kilde\"  >Her ligger det medieinnhold fra en ekstern kilde. <\/h2> \n\n<p>For \u00e5 se innholdet, m\u00e5 du endre samtykket ditt.<\/p>\n\n<p>Les mer om hvordan dataen din blir behandlet av eksterne kilder i personvernerkl\u00e6ringen v\u00e5r.<\/p>\n\t\t\t\t\t\t<p>\n\t\t\t\t\t\t\t<a title=\"Endre samtykke\" class=\"dekode-gtm-cookiebot-renew\" href=\"#\">Endre samtykke<\/a>\n\t\t\t\t\t\t\t\n\t\t\t\t\t\t<\/p>\n\t\t\t\t\t<\/div>\n\t\t\t\t<\/div>\n\t\t\t<\/div>\n\t\t<\/div>\n<\/div><figcaption class=\"wp-element-caption\">Filmen &laquo;Eventyrlandet&raquo; viser vanlige dilemma knyttet til gaming og sosiale medier<\/figcaption><\/figure>\n\n\n\n<div class=\"wp-block-lib-header alignfull hide\"><div class=\"image-wrapper\"><img decoding=\"async\" src=\"https:\/\/www.blakors.no\/content\/uploads\/sites\/22\/2021\/04\/Skjermbilde.png\" alt=\"header\"\/><\/div><div class=\"header-innercontent\"><\/div><\/div>\n\n\n\n<h2 class=\"wp-block-heading\" id=\"h-snakk-om-aktuelle-temaer-knyttet-til-filmen\">Snakk om aktuelle temaer knyttet til filmen<\/h2>\n\n\n\n<p>Under finner du 5 temaomr\u00e5der, samt en smakebit p\u00e5 samtalesp\u00f8rsm\u00e5lene.<\/p>\n\n\n\n<h2 class=\"wp-block-heading\" id=\"h-1-selvfolelse-og-selvtillit\">1. Selvf\u00f8lelse og selvtillit<\/h2>\n\n\n\n<ul class=\"wp-block-list\">\n<li>Til barn: Er det riktig \u00e5 sammenligne sitt eget og venners utseende med bilder i medier? Hvorfor\/hvorfor ikke?<\/li>\n\n\n\n<li>Til voksne: Hvordan kan voksne v\u00e6re et godt forbilde for barn?<\/li>\n<\/ul>\n\n\n\n<h2 class=\"wp-block-heading\" id=\"h-2-nar-spillingen-tar-overhand\">2. N\u00e5r spillingen tar overh\u00e5nd<\/h2>\n\n\n\n<p>For de aller fleste er dataspilling en morsom, engasjerende, sosial og l\u00e6rerik hobby. Men for noen kan spillingen i perioder ta overh\u00e5nd, og det finnes ogs\u00e5 noen f\u00e5 som f\u00e5r et alvorlig problem med spilling.<\/p>\n\n\n\n<ul class=\"wp-block-list\">\n<li>Til barn:&nbsp;Hva synes du er en god balanse mellom dataspilling og andre aktiviteter?<\/li>\n\n\n\n<li>Til voksne:&nbsp;Kan jeg som voksen nok om spillene barna mine spiller? Hva kan man gj\u00f8re for \u00e5 skaffe tilstrekkelig innsikt til \u00e5 sette sunne rammer?<\/li>\n<\/ul>\n\n\n\n<h2 class=\"wp-block-heading\" id=\"h-3-sosiale-medier\">3. Sosiale medier<\/h2>\n\n\n\n<ul class=\"wp-block-list\">\n<li>Til voksne:&nbsp;Hvordan skal vi forholde oss til aldersgrensen p\u00e5 sosiale medier?<\/li>\n\n\n\n<li>Til barn:&nbsp;Kan det v\u00e6re lettere \u00e5 logge av om kvelden dersom man har en&nbsp;felles avtale i klassen eller&nbsp;vennegjengen om&nbsp; n\u00e5r man skal legge vekk skjermen?<\/li>\n<\/ul>\n\n\n\n<h2 class=\"wp-block-heading\" id=\"h-4-aldersgrenser-pa-spill\">4. Aldersgrenser p\u00e5 spill<\/h2>\n\n\n\n<ul class=\"wp-block-list\">\n<li>Til barn:&nbsp;Hvem er t\u00f8ffest? De som ikke bryr&nbsp; seg om aldersgrenser, eller de som t\u00f8r \u00e5 si nei<\/li>\n\n\n\n<li>Til voksne:&nbsp;Hvis barna dine sp\u00f8r om det er greit at de spiller et spill med h\u00f8y aldersgrense, hvordan tenker du det er lurt \u00e5 h\u00e5ndtere\/svare p\u00e5 dette?<\/li>\n<\/ul>\n\n\n\n<h2 class=\"wp-block-heading\" id=\"h-5-ubehagelige-nettopplevelser\">5. Ubehagelige nettopplevelser<\/h2>\n\n\n\n<ul class=\"wp-block-list\">\n<li>Til voksne:&nbsp;Hva gj\u00f8r du, eller hvordan reagerer du n\u00e5r barnet forteller om noe som er vanskelig eller noe som viktig, eller g\u00f8y?<\/li>\n\n\n\n<li>Still \u00e5pne sp\u00f8rsm\u00e5l til barna, som:&nbsp;N\u00e5r har du det bra?<\/li>\n<\/ul>\n\n\n\n<h2 class=\"wp-block-heading\" id=\"h-last-ned-samtaleoppleggene\">Last ned samtaleoppleggene <\/h2>\n\n\n\n<ul class=\"wp-block-list\">\n<li><a href=\"https:\/\/www.barnevakten.no\/wp-content\/uploads\/2018\/09\/Eventyrlandet_Selvf%C3%B8lelse.pdf\" target=\"_blank\" rel=\"noopener\">Selvf\u00f8lelse og selvtillit<\/a> (PDF)<\/li>\n\n\n\n<li><a href=\"https:\/\/www.barnevakten.no\/wp-content\/uploads\/2018\/09\/Eventyrlandet_SkadeligSpilladferd.pdf\" target=\"_blank\" rel=\"noopener\">N\u00e5r spillingen tar overh\u00e5nd<\/a> (PDF)<\/li>\n\n\n\n<li><a href=\"https:\/\/www.barnevakten.no\/wp-content\/uploads\/2018\/09\/Eventyrlandet_SoMe_Aldersgrenser.pdf\" target=\"_blank\" rel=\"noopener\">Sosiale medier<\/a>&nbsp;(PDF)<\/li>\n\n\n\n<li><a href=\"https:\/\/www.barnevakten.no\/wp-content\/uploads\/2018\/09\/Eventyrlandet_Spill_Aldersgrenser.pdf\" target=\"_blank\" rel=\"noopener\">Aldersgrenser p\u00e5 spill<\/a>&nbsp;(PDF)<\/li>\n\n\n\n<li><a href=\"https:\/\/www.barnevakten.no\/wp-content\/uploads\/2018\/09\/Eventyrlandet_UbehagP%C3%A5Nett.pdf\" target=\"_blank\" rel=\"noopener\">Ubehagelige nettopplevelser&nbsp;<\/a>(PDF)<\/li>\n<\/ul>\n\n\n\n<p>Filmen \u00abEventyrlandet\u00bb er laget av Bl\u00e5 Kors i samarbeid med Barnevakten og <a href=\"https:\/\/www.snakkommobbing.no\/\" target=\"_blank\" rel=\"noopener\">Snakkommobbing.no<\/a>.<\/p>\n\n\n\n\n\n<h2 class=\"wp-block-heading\" id=\"h-relatert-innhold\">Relatert innhold<\/h2>\n\n\n<div class=\"t2-featured-content-layout alignwide alignwide wp-block-t2-featured-content-layout\" role=\"list\">\n<div class=\"t2-featured-single-post t2-featured-content is-post-type-page wp-block-t2-featured-single-post\" role=\"listitem\"><a class=\"t2-post-link wp-block-t2-post-link\" href=\"https:\/\/www.blakors.no\/ressursbank\/bestill-foredrag-om-gaming\/\">\n<figure style=\"--t2-focal-point: 50% 50%;\" class=\"t2-post-featured-image has-image-ratio-16-9 wp-block-t2-post-featured-image\"><img loading=\"lazy\" decoding=\"async\" width=\"1663\" height=\"988\" src=\"https:\/\/www.blakors.no\/content\/uploads\/sites\/22\/2021\/06\/Dataspilling-problem-Bl\u00e5-Kors.png\" class=\"attachment-post-thumbnail size-post-thumbnail wp-post-image\" alt=\"Gutt foran skjerm, mor i bakgrunn\" srcset=\"https:\/\/www.blakors.no\/content\/uploads\/sites\/22\/2021\/06\/Dataspilling-problem-Bl\u00e5-Kors.png 1663w, https:\/\/www.blakors.no\/content\/uploads\/sites\/22\/2021\/06\/Dataspilling-problem-Bl\u00e5-Kors-300x178.png 300w, https:\/\/www.blakors.no\/content\/uploads\/sites\/22\/2021\/06\/Dataspilling-problem-Bl\u00e5-Kors-1024x608.png 1024w, https:\/\/www.blakors.no\/content\/uploads\/sites\/22\/2021\/06\/Dataspilling-problem-Bl\u00e5-Kors-768x456.png 768w, https:\/\/www.blakors.no\/content\/uploads\/sites\/22\/2021\/06\/Dataspilling-problem-Bl\u00e5-Kors-1536x913.png 1536w\" sizes=\"auto, (min-width: 782px) 768px, 100vw\" \/><\/figure>\n\n<div class=\"wp-block-group alignfull is-layout-flow wp-block-group-is-layout-flow\">\n\t<h2 id=\"foredrag-om-gaming\"  class=\"t2-post-title wp-block-t2-post-title\" >Foredrag om gaming<\/h2>\n\t<div class=\"wp-block-post-date__modified-date wp-block-post-date\"><time datetime=\"2025-07-30T08:44:28+02:00\">30. juli 2025<\/time><\/div>\n\t\t\t<div class=\"single-meta t2-post-excerpt card-description wp-block-blakors-meta-display\"><\/div>\n\t\n<\/div>\n\n<\/a>\n<\/div>\n\n<div class=\"t2-featured-single-post t2-featured-content is-post-type-page wp-block-t2-featured-single-post\" role=\"listitem\"><a class=\"t2-post-link wp-block-t2-post-link\" href=\"https:\/\/www.blakors.no\/ressursbank\/snakk-om-gaming-pa-foreldremotet\/\">\n<figure style=\"--t2-focal-point: 50% 50%;\" class=\"t2-post-featured-image has-image-ratio-16-9 wp-block-t2-post-featured-image\"><img loading=\"lazy\" decoding=\"async\" width=\"2048\" height=\"1405\" src=\"https:\/\/www.blakors.no\/content\/uploads\/sites\/22\/2022\/08\/JY1A2187corr-scaled.jpg\" class=\"attachment-post-thumbnail size-post-thumbnail wp-post-image\" alt=\"Mor ser p\u00e5 mens s\u00f8nn viser hva han gj\u00f8r i dagaspillet\" srcset=\"https:\/\/www.blakors.no\/content\/uploads\/sites\/22\/2022\/08\/JY1A2187corr-scaled.jpg 2048w, https:\/\/www.blakors.no\/content\/uploads\/sites\/22\/2022\/08\/JY1A2187corr-300x206.jpg 300w, https:\/\/www.blakors.no\/content\/uploads\/sites\/22\/2022\/08\/JY1A2187corr-1024x703.jpg 1024w, https:\/\/www.blakors.no\/content\/uploads\/sites\/22\/2022\/08\/JY1A2187corr-768x527.jpg 768w, https:\/\/www.blakors.no\/content\/uploads\/sites\/22\/2022\/08\/JY1A2187corr-1536x1054.jpg 1536w\" sizes=\"auto, (min-width: 782px) 768px, 100vw\" \/><\/figure>\n\n<div class=\"wp-block-group alignfull is-layout-flow wp-block-group-is-layout-flow\">\n\t<h2 id=\"snakk-om-gaming-pa-foreldremotet\"  class=\"t2-post-title wp-block-t2-post-title\" >Snakk om gaming p\u00e5 foreldrem\u00f8tet<\/h2>\n\t<div class=\"wp-block-post-date__modified-date wp-block-post-date\"><time datetime=\"2025-07-30T08:46:09+02:00\">30. juli 2025<\/time><\/div>\n\t\t\t<div class=\"single-meta t2-post-excerpt card-description wp-block-blakors-meta-display\"><\/div>\n\t\n<\/div>\n\n<\/a>\n<\/div>\n\n<div class=\"t2-featured-single-post t2-featured-content is-post-type-page wp-block-t2-featured-single-post\" role=\"listitem\"><a class=\"t2-post-link wp-block-t2-post-link\" href=\"https:\/\/www.blakors.no\/ressursbank\/undervisningsopplegg\/gruppepress\/\">\n<figure style=\"--t2-focal-point: 50% 50%;\" class=\"t2-post-featured-image has-image-ratio-16-9 wp-block-t2-post-featured-image\"><img loading=\"lazy\" decoding=\"async\" width=\"2048\" height=\"1076\" src=\"https:\/\/www.blakors.no\/content\/uploads\/sites\/22\/2021\/05\/Velg-selv-Bl\u00e5-Kors-scaled.jpg\" class=\"attachment-post-thumbnail size-post-thumbnail wp-post-image\" alt=\"Jente ser tankefull ut\" srcset=\"https:\/\/www.blakors.no\/content\/uploads\/sites\/22\/2021\/05\/Velg-selv-Bl\u00e5-Kors-scaled.jpg 2048w, https:\/\/www.blakors.no\/content\/uploads\/sites\/22\/2021\/05\/Velg-selv-Bl\u00e5-Kors-300x158.jpg 300w, https:\/\/www.blakors.no\/content\/uploads\/sites\/22\/2021\/05\/Velg-selv-Bl\u00e5-Kors-1024x538.jpg 1024w, https:\/\/www.blakors.no\/content\/uploads\/sites\/22\/2021\/05\/Velg-selv-Bl\u00e5-Kors-768x404.jpg 768w, https:\/\/www.blakors.no\/content\/uploads\/sites\/22\/2021\/05\/Velg-selv-Bl\u00e5-Kors-1536x807.jpg 1536w\" sizes=\"auto, (min-width: 782px) 768px, 100vw\" \/><\/figure>\n\n<div class=\"wp-block-group alignfull is-layout-flow wp-block-group-is-layout-flow\">\n\t<h2 id=\"slik-hjelper-du-barn-a-motsta-gruppepress\"  class=\"t2-post-title wp-block-t2-post-title\" >Slik hjelper du barn \u00e5 motst\u00e5 gruppepress<\/h2>\n\t<div class=\"wp-block-post-date__modified-date wp-block-post-date\"><time datetime=\"2026-03-16T15:18:16+01:00\">16. mars 2026<\/time><\/div>\n\t\t\t<div class=\"single-meta t2-post-excerpt card-description wp-block-blakors-meta-display\"><\/div>\n\t\n<\/div>\n\n<\/a>\n<\/div>\n<\/div>\n<div class=\"dekode-module-was-this-helpful\">\n\t<div class=\"\">\n\t\t<h2>Var dette nyttig?<\/h2>\n\t\t<form id=\"dekode-wth-form\">\n\t\t\t<button id=\"dekode-wth-yes\" class=\"button\" name=\"dekode-wth-feedback\" type=\"submit\"\n\t\t\t\t\tvalue=\"1\">Ja<\/button>\n\t\t\t<button id=\"dekode-wth-no\" class=\"button\" name=\"dekode-wth-feedback\" type=\"submit\"\n\t\t\t\t\tvalue=\"0\">Nei<\/button>\n\t\t\t<input type=\"hidden\" name=\"post_id\" value=\"291\"\/>\n\t\t<\/form>\n\t<\/div>\n<\/div>\n","protected":false},"excerpt":{"rendered":"<p>Film om barns digitale hverdag (2 min) Snakk om aktuelle temaer knyttet til filmen Under finner du 5 temaomr\u00e5der, samt en smakebit p\u00e5 samtalesp\u00f8rsm\u00e5lene. 1. Selvf\u00f8lelse og selvtillit 2. N\u00e5r spillingen tar overh\u00e5nd For de aller fleste er dataspilling en morsom, engasjerende, sosial og l\u00e6rerik hobby. Men for noen kan spillingen i perioder ta overh\u00e5nd, [&hellip;]<\/p>\n","protected":false},"author":11,"featured_media":294,"parent":0,"menu_order":0,"comment_status":"closed","ping_status":"closed","template":"","meta":{"_acf_changed":false,"_relevanssi_hide_post":"","_relevanssi_hide_content":"","_relevanssi_pin_for_all":"on","_relevanssi_pin_keywords":"Film om nettvett, mobbing og gaming, Film om nettvett, Film om mobbing, film om gaming, samtaleopplegg for foreldre med barn 9-13 \u00e5r, barn 9-13 \u00e5r, Eventyrlandet, sosiale medier, nettopplvelser, aldersgrense p\u00e5 spill, selvf\u00f8lelse","_relevanssi_unpin_keywords":"","_relevanssi_related_keywords":"","_relevanssi_related_include_ids":"","_relevanssi_related_exclude_ids":"","_relevanssi_related_no_append":"","_relevanssi_related_not_related":"","_relevanssi_related_posts":"572,1","_relevanssi_noindex_reason":"","_custom_cards_description":"","footnotes":""},"class_list":["post-291","page","type-page","status-publish","has-post-thumbnail","hentry"],"acf":[],"_links":{"self":[{"href":"https:\/\/www.blakors.no\/ressursbank\/wp-json\/wp\/v2\/pages\/291","targetHints":{"allow":["GET"]}}],"collection":[{"href":"https:\/\/www.blakors.no\/ressursbank\/wp-json\/wp\/v2\/pages"}],"about":[{"href":"https:\/\/www.blakors.no\/ressursbank\/wp-json\/wp\/v2\/types\/page"}],"author":[{"embeddable":true,"href":"https:\/\/www.blakors.no\/ressursbank\/wp-json\/wp\/v2\/users\/11"}],"replies":[{"embeddable":true,"href":"https:\/\/www.blakors.no\/ressursbank\/wp-json\/wp\/v2\/comments?post=291"}],"version-history":[{"count":4,"href":"https:\/\/www.blakors.no\/ressursbank\/wp-json\/wp\/v2\/pages\/291\/revisions"}],"predecessor-version":[{"id":8746,"href":"https:\/\/www.blakors.no\/ressursbank\/wp-json\/wp\/v2\/pages\/291\/revisions\/8746"}],"wp:featuredmedia":[{"embeddable":true,"href":"https:\/\/www.blakors.no\/ressursbank\/wp-json\/wp\/v2\/media\/294"}],"wp:attachment":[{"href":"https:\/\/www.blakors.no\/ressursbank\/wp-json\/wp\/v2\/media?parent=291"}],"curies":[{"name":"wp","href":"https:\/\/api.w.org\/{rel}","templated":true}]}}