{"id":104,"date":"2019-11-15T15:00:40","date_gmt":"2019-11-15T14:00:40","guid":{"rendered":"https:\/\/www.blakors.no\/stegforsteg\/?page_id=104"},"modified":"2024-05-07T08:39:46","modified_gmt":"2024-05-07T06:39:46","slug":"sosiale-nettverk","status":"publish","type":"page","link":"https:\/\/www.blakors.no\/stegforsteg\/sosiale-nettverk\/","title":{"rendered":"Sosiale nettverk"},"content":{"rendered":"\n<p>Putnam og andre forskere har pekt p\u00e5 at de nordiske landene har h\u00f8yest sosial kapital i verden \u2013 mye takket v\u00e6re en stor frivillig sektor. Dette gir gode forutsetninger for den frivillige innsatsen med m\u00e5l om \u00e5 bidra til at tidligere \u00aboutsidere\u00bb bygger seg nye konstruktive sosiale nettverk.\u00a0\u00a0\u00a0<\/p>\n\n\n\n<h2 id=\"sosiale-nettverk-forer-tilbake-til-velfungerende-liv\"  class=\"wp-block-heading\" >Sosiale nettverk f\u00f8rer tilbake til velfungerende liv<\/h2>\n\n\n\n<p>Sosiale nettverk er en av n\u00f8kkelfaktorene i prosessen som f\u00f8rer mennesker med rus- og psykiske\u00a0helseproblemer tilbake til et velfungerende liv. Metoden Bl\u00e5 Kors benytter, bygger p\u00e5 den forskningen som er gjort p\u00e5 dette feltet av professor i sosiale nettverk og sosialt arbeid Live Fyrand.\u00a0\u00a0<\/p>\n\n\n\n<p>Sosiale ferdigheter er kanskje det viktigste for \u00e5 bygge et sosialt nettverk og frivillige st\u00f8ttespillere kan bidra til at brukeren kan:&nbsp;<\/p>\n\n\n\n<ul class=\"wp-block-list\">\n<li>trene og \u00f8ve innenfor det personlige og\noffentlige rom&nbsp;<\/li>\n\n\n\n<li>f\u00e5 kompetanse om hvordan man kan bygge sosiale\nnettverk, samt opparbeide seg en bekjentskapskrets som utgangspunkt for eget\nnettverk&nbsp;<\/li>\n\n\n\n<li>f\u00e5 kunnskap om lokalsamfunnet, og herigjennom\nbedre forst\u00e5elsen av formelle og uformelle koder og regler for sosialt\nsamv\u00e6r&nbsp;<\/li>\n\n\n\n<li>delta p\u00e5 aktiviteter som fremmer trygghet og\nselvstendighet&nbsp;<\/li>\n<\/ul>\n","protected":false},"excerpt":{"rendered":"<p>Putnam og andre forskere har pekt p\u00e5 at de nordiske landene har h\u00f8yest sosial kapital i verden \u2013 mye takket v\u00e6re en stor frivillig sektor. Dette gir gode forutsetninger for den frivillige innsatsen med m\u00e5l om \u00e5 bidra til at tidligere \u00aboutsidere\u00bb bygger seg nye konstruktive sosiale nettverk.\u00a0\u00a0\u00a0 Sosiale nettverk f\u00f8rer tilbake til velfungerende liv [&hellip;]<\/p>\n","protected":false},"author":10,"featured_media":0,"parent":0,"menu_order":0,"comment_status":"closed","ping_status":"closed","template":"","meta":{"_acf_changed":false,"_relevanssi_hide_post":"","_relevanssi_hide_content":"","_relevanssi_pin_for_all":"on","_relevanssi_pin_keywords":"Sosiale nettverk, Live Fyrand, Sosiale ferdigheter, ","_relevanssi_unpin_keywords":"","_relevanssi_related_keywords":"","_relevanssi_related_include_ids":"","_relevanssi_related_exclude_ids":"","_relevanssi_related_no_append":"","_relevanssi_related_not_related":"","_relevanssi_related_posts":"1,1507,1384","_relevanssi_noindex_reason":"","_custom_cards_description":"","footnotes":""},"class_list":["post-104","page","type-page","status-publish","hentry"],"acf":[],"_links":{"self":[{"href":"https:\/\/www.blakors.no\/stegforsteg\/wp-json\/wp\/v2\/pages\/104","targetHints":{"allow":["GET"]}}],"collection":[{"href":"https:\/\/www.blakors.no\/stegforsteg\/wp-json\/wp\/v2\/pages"}],"about":[{"href":"https:\/\/www.blakors.no\/stegforsteg\/wp-json\/wp\/v2\/types\/page"}],"author":[{"embeddable":true,"href":"https:\/\/www.blakors.no\/stegforsteg\/wp-json\/wp\/v2\/users\/10"}],"replies":[{"embeddable":true,"href":"https:\/\/www.blakors.no\/stegforsteg\/wp-json\/wp\/v2\/comments?post=104"}],"version-history":[{"count":3,"href":"https:\/\/www.blakors.no\/stegforsteg\/wp-json\/wp\/v2\/pages\/104\/revisions"}],"predecessor-version":[{"id":1574,"href":"https:\/\/www.blakors.no\/stegforsteg\/wp-json\/wp\/v2\/pages\/104\/revisions\/1574"}],"wp:attachment":[{"href":"https:\/\/www.blakors.no\/stegforsteg\/wp-json\/wp\/v2\/media?parent=104"}],"curies":[{"name":"wp","href":"https:\/\/api.w.org\/{rel}","templated":true}]}}