{"id":177,"date":"2019-11-21T15:34:49","date_gmt":"2019-11-21T14:34:49","guid":{"rendered":"https:\/\/www.blakors.no\/stegforsteg\/?page_id=177"},"modified":"2026-01-20T10:47:53","modified_gmt":"2026-01-20T09:47:53","slug":"faglig-grunnlag","status":"publish","type":"page","link":"https:\/\/www.blakors.no\/stegforsteg\/faglig-grunnlag\/faglig-grunnlag\/","title":{"rendered":"Faglig grunnlag"},"content":{"rendered":"\n<figure class=\"wp-block-image alignright size-large is-resized\"><img loading=\"lazy\" decoding=\"async\" width=\"704\" height=\"1024\" src=\"https:\/\/www.blakors.no\/content\/uploads\/sites\/5\/2019\/11\/Recovery_Fotokreditering-Gyldendal-704x1024.jpg\" alt=\"\" class=\"wp-image-427\" style=\"width:172px\" srcset=\"https:\/\/www.blakors.no\/content\/uploads\/sites\/5\/2019\/11\/Recovery_Fotokreditering-Gyldendal-704x1024.jpg 704w, https:\/\/www.blakors.no\/content\/uploads\/sites\/5\/2019\/11\/Recovery_Fotokreditering-Gyldendal-206x300.jpg 206w, https:\/\/www.blakors.no\/content\/uploads\/sites\/5\/2019\/11\/Recovery_Fotokreditering-Gyldendal-768x1117.jpg 768w, https:\/\/www.blakors.no\/content\/uploads\/sites\/5\/2019\/11\/Recovery_Fotokreditering-Gyldendal.jpg 974w\" sizes=\"auto, (max-width: 704px) 100vw, 704px\" \/><figcaption class=\"wp-element-caption\">&laquo;Recovery&raquo; &#8211; 2017<\/figcaption><\/figure>\n\n\n\n<p>Bedring eller recovery er et faglig perspektiv som tar utgangspunkt i at bedring er en personlig prosess hvor m\u00e5let er at den enkelte kan leve meningsfullt liv til tross for de begrensingene problemet kan for\u00e5rsake. <\/p>\n\n\n\n<p>Tiltak og aktiviteter som iverksettes st\u00f8tter opp under deltakernes egen bedringsprosess. Ansatte og Tidgivere (frivillige) ser deltakeren\/brukeren som ekspert p\u00e5 seg selv. Relasjonen mellom deltaker, den ansatte og Tidgiveren (den frivillige) preges av likeverdighet, \u00e5penhet, \u00e6rlighet og tillit hvor man bist\u00e5r deltakeren i \u00e5 utvikle ferdigheter, nettverk og st\u00f8tte slik at hen kan ta mest mulig ansvar for eget liv. <\/p>\n\n\n\n<p>Det finnes flere tiln\u00e6rminger til recovery. Bl\u00e5 kors f\u00f8lger her retningen som vektlegger recovery som en individuell og sosial prosess.<\/p>\n\n\n\n<h2 class=\"wp-block-heading\" id=\"h-empowerment\">Empowerment<\/h2>\n\n\n\n<figure class=\"wp-block-image alignright size-large is-resized\"><a href=\"https:\/\/www.adlibris.com\/no\/bok\/et-bedre-liv-9788205480322?gclid=EAIaIQobChMI4Nuj4v-H5gIVlOmaCh2iZgnwEAQYASABEgJUrPD_BwE\" target=\"_blank\" rel=\"noopener\"><img loading=\"lazy\" decoding=\"async\" width=\"705\" height=\"1024\" src=\"https:\/\/www.blakors.no\/content\/uploads\/sites\/5\/2019\/11\/Et-bedre-liv_Fotokreditering-Gyldendal-705x1024.jpg\" alt=\"Et bedre Liv - Bok\" class=\"wp-image-425\" style=\"width:172px\" srcset=\"https:\/\/www.blakors.no\/content\/uploads\/sites\/5\/2019\/11\/Et-bedre-liv_Fotokreditering-Gyldendal-705x1024.jpg 705w, https:\/\/www.blakors.no\/content\/uploads\/sites\/5\/2019\/11\/Et-bedre-liv_Fotokreditering-Gyldendal-207x300.jpg 207w, https:\/\/www.blakors.no\/content\/uploads\/sites\/5\/2019\/11\/Et-bedre-liv_Fotokreditering-Gyldendal.jpg 756w\" sizes=\"auto, (max-width: 705px) 100vw, 705px\" \/><\/a><figcaption class=\"wp-element-caption\">&laquo;Et bedre liv&raquo; &#8211; 2016<br><\/figcaption><\/figure>\n\n\n\n<p>Tenkningen omkring empowerment, gir viktig forst\u00e5else omkring temaet \u00ab\u00e5 finne egen styrke til endring\u00bb, &#8211; b\u00e5de p\u00e5 det individuelle plan og p\u00e5 gruppeniv\u00e5. I de daglige aktivitetene og arbeidsoppgavene i Steg for Steg er det da ogs\u00e5 fokusert p\u00e5 de helsefremmende faktorene som ligger i Empowerment tenkningen: deltakelse, mestring, selvhevdelse og aksept for kultur og verdier. <\/p>\n\n\n\n<p>Slik settes individet eller gruppa i stand til \u00e5 definere sine egne problemer og finne sine egne l\u00f8sninger. Utgangspunktet er at det er folks ressurser som bringes i fokus \u2013 ikke f\u00f8rst deres problemer.&nbsp;&nbsp;&nbsp;&nbsp;&nbsp;&nbsp;&nbsp;&nbsp;&nbsp;&nbsp;&nbsp;&nbsp;&nbsp;&nbsp;&nbsp;&nbsp;&nbsp;&nbsp;&nbsp;&nbsp;&nbsp;&nbsp;&nbsp;&nbsp;&nbsp;&nbsp;&nbsp;&nbsp;&nbsp;&nbsp;&nbsp;&nbsp;&nbsp;&nbsp;&nbsp;&nbsp;&nbsp;&nbsp;&nbsp;&nbsp;&nbsp;&nbsp;&nbsp;&nbsp;&nbsp; <\/p>\n\n\n\n<h2 class=\"wp-block-heading\" id=\"h-sosial-kapital-og-sosiale-nettverk\">Sosial kapital og sosiale nettverk<\/h2>\n\n\n\n<figure class=\"wp-block-image alignright size-large is-resized\"><a href=\"https:\/\/www.adlibris.com\/no\/bok\/sosialt-nettverk-9788215026756?gclid=EAIaIQobChMIkfCGwYGI5gIVGqqaCh05mgpuEAQYAiABEgIFhPD_BwE\" target=\"_blank\" rel=\"noopener\"><img loading=\"lazy\" decoding=\"async\" width=\"720\" height=\"1024\" src=\"https:\/\/www.blakors.no\/content\/uploads\/sites\/5\/2019\/11\/Live-Fyrand-sosialt-nettverk-720x1024.png\" alt=\"\" class=\"wp-image-426\" style=\"width:172px;height:248px\" srcset=\"https:\/\/www.blakors.no\/content\/uploads\/sites\/5\/2019\/11\/Live-Fyrand-sosialt-nettverk-720x1024.png 720w, https:\/\/www.blakors.no\/content\/uploads\/sites\/5\/2019\/11\/Live-Fyrand-sosialt-nettverk-211x300.png 211w, https:\/\/www.blakors.no\/content\/uploads\/sites\/5\/2019\/11\/Live-Fyrand-sosialt-nettverk-768x1092.png 768w, https:\/\/www.blakors.no\/content\/uploads\/sites\/5\/2019\/11\/Live-Fyrand-sosialt-nettverk-1080x1536.png 1080w, https:\/\/www.blakors.no\/content\/uploads\/sites\/5\/2019\/11\/Live-Fyrand-sosialt-nettverk-scaled.png 1440w\" sizes=\"auto, (max-width: 720px) 100vw, 720px\" \/><\/a><figcaption class=\"wp-element-caption\">&laquo;Sosialt nettverk&raquo; <br>&#8211; 2016<\/figcaption><\/figure>\n\n\n\n<p>Sosiale nettverk er en av n\u00f8kkelfaktorene i prosessen som\nf\u00f8rer mennesker med rus- og psykiske&nbsp;helseproblemer tilbake til et\nvelfungerende liv. Metoden Bl\u00e5 Kors benytter, bygger p\u00e5 den forskningen som er\ngjort p\u00e5 dette feltet av professor i sosiale nettverk og sosialt arbeid Live Fyrand.&nbsp;&nbsp;<\/p>\n\n\n\n<p>Sosiale ferdigheter er kanskje det viktigste for \u00e5 bygge et\nsosialt nettverk og frivillige st\u00f8ttespillere kan bidra til at brukeren\nkan:&nbsp;<\/p>\n\n\n\n<ul class=\"wp-block-list\">\n<li>trene og \u00f8ve innenfor det personlige og offentlige rom&nbsp;<\/li>\n\n\n\n<li>f\u00e5 kompetanse om hvordan man kan bygge sosiale nettverk, samt opparbeide seg en bekjentskapskrets som utgangspunkt for eget nettverk&nbsp;<\/li>\n\n\n\n<li>f\u00e5 kunnskap om lokalsamfunnet, og slik bedre forst\u00e5elsen av formelle og uformelle koder og regler for sosialt samv\u00e6r&nbsp;<\/li>\n\n\n\n<li>delta p\u00e5 aktiviteter som fremmer trygghet og selvstendighet&nbsp;<\/li>\n<\/ul>\n\n\n\n<h2 id=\"les-mer-om\"  class=\"wp-block-heading\" >Les mer om<\/h2>\n\n\n<ul class=\"t2-link-list has-2-items has-auto-columns wp-block-t2-link-list\">\n\t<li class=\"t2-link-list-item wp-block-t2-link-list-item\">\n\t\t<a href=\"https:\/\/www.blakors.no\/stegforsteg\/faglig-grunnlag\/tiltak\/\" class=\"t2-link-list-item__link t2-link-list__icon--right\">\n\t\t\t<span class=\"t2-link-list-item__icon\"><span class=\"t2-link-list-item__icon-box\"><\/span><svg xmlns=\"http:\/\/www.w3.org\/2000\/svg\" viewBox=\"0 0 24 24\" height=\"24\" width=\"24\" class=\"t2-icon t2-icon-arrowforward\" aria-hidden=\"true\" focusable=\"false\"><path d=\"M11.3 19.3c-.2-.2-.3-.4-.3-.7 0-.3.1-.5.3-.7l4.9-4.9H5c-.3 0-.5-.1-.7-.3-.2-.2-.3-.4-.3-.7s.1-.5.3-.7c.2-.2.4-.3.7-.3h11.2l-4.9-4.9c-.2-.2-.3-.4-.3-.7 0-.3.1-.5.3-.7.2-.2.4-.3.7-.3s.5.1.7.3l6.6 6.6c.1.1.2.2.2.3 0 .1.1.3.1.4 0 .1 0 .3-.1.4 0 .1-.1.2-.2.3l-6.6 6.6c-.2.2-.4.3-.7.3s-.5-.1-.7-.3z\" fill=\"currentColor\" \/><\/svg><\/span>\t\t\t<div class=\"t2-link-list-item__content\">\n\n\t\t\t\t\n\t\t\t\t<span id=\"link-list-item-text\" class=\"t2-link-list-item__text\">\n\t\t\t\t\tTiltak \u2013 hva vi gj\u00f8r\t\t\t\t<\/span>\n\t\t\t\t\t\t\t<\/div>\n\t\t<\/a>\n\t<\/li>\n\t\n\n\t<li class=\"t2-link-list-item wp-block-t2-link-list-item\">\n\t\t<a href=\"https:\/\/www.blakors.no\/stegforsteg\/faglig-grunnlag\/metoder\/\" class=\"t2-link-list-item__link t2-link-list__icon--right\">\n\t\t\t<span class=\"t2-link-list-item__icon\"><span class=\"t2-link-list-item__icon-box\"><\/span><svg xmlns=\"http:\/\/www.w3.org\/2000\/svg\" viewBox=\"0 0 24 24\" height=\"24\" width=\"24\" class=\"t2-icon t2-icon-arrowforward\" aria-hidden=\"true\" focusable=\"false\"><path d=\"M11.3 19.3c-.2-.2-.3-.4-.3-.7 0-.3.1-.5.3-.7l4.9-4.9H5c-.3 0-.5-.1-.7-.3-.2-.2-.3-.4-.3-.7s.1-.5.3-.7c.2-.2.4-.3.7-.3h11.2l-4.9-4.9c-.2-.2-.3-.4-.3-.7 0-.3.1-.5.3-.7.2-.2.4-.3.7-.3s.5.1.7.3l6.6 6.6c.1.1.2.2.2.3 0 .1.1.3.1.4 0 .1 0 .3-.1.4 0 .1-.1.2-.2.3l-6.6 6.6c-.2.2-.4.3-.7.3s-.5-.1-.7-.3z\" fill=\"currentColor\" \/><\/svg><\/span>\t\t\t<div class=\"t2-link-list-item__content\">\n\n\t\t\t\t\n\t\t\t\t<span id=\"link-list-item-text-1\" class=\"t2-link-list-item__text\">\n\t\t\t\t\tMetoder\t\t\t\t<\/span>\n\t\t\t\t\t\t\t<\/div>\n\t\t<\/a>\n\t<\/li>\n\t\n<\/ul>","protected":false},"excerpt":{"rendered":"<p>Bedring eller recovery er et faglig perspektiv som tar utgangspunkt i at bedring er en personlig prosess hvor m\u00e5let er at den enkelte kan leve meningsfullt liv til tross for de begrensingene problemet kan for\u00e5rsake. Tiltak og aktiviteter som iverksettes st\u00f8tter opp under deltakernes egen bedringsprosess. Ansatte og Tidgivere (frivillige) ser deltakeren\/brukeren som ekspert p\u00e5 [&hellip;]<\/p>\n","protected":false},"author":10,"featured_media":0,"parent":7,"menu_order":0,"comment_status":"closed","ping_status":"closed","template":"","meta":{"_acf_changed":false,"_relevanssi_hide_post":"","_relevanssi_hide_content":"","_relevanssi_pin_for_all":"on","_relevanssi_pin_keywords":"recovery, sosiale nettverk, empowerment, bengt karlsson, Live Fyrand","_relevanssi_unpin_keywords":"","_relevanssi_related_keywords":"","_relevanssi_related_include_ids":"","_relevanssi_related_exclude_ids":"","_relevanssi_related_no_append":"","_relevanssi_related_not_related":"","_relevanssi_related_posts":"1","_relevanssi_noindex_reason":"","_custom_cards_description":"","footnotes":""},"class_list":["post-177","page","type-page","status-publish","hentry"],"acf":[],"_links":{"self":[{"href":"https:\/\/www.blakors.no\/stegforsteg\/wp-json\/wp\/v2\/pages\/177","targetHints":{"allow":["GET"]}}],"collection":[{"href":"https:\/\/www.blakors.no\/stegforsteg\/wp-json\/wp\/v2\/pages"}],"about":[{"href":"https:\/\/www.blakors.no\/stegforsteg\/wp-json\/wp\/v2\/types\/page"}],"author":[{"embeddable":true,"href":"https:\/\/www.blakors.no\/stegforsteg\/wp-json\/wp\/v2\/users\/10"}],"replies":[{"embeddable":true,"href":"https:\/\/www.blakors.no\/stegforsteg\/wp-json\/wp\/v2\/comments?post=177"}],"version-history":[{"count":6,"href":"https:\/\/www.blakors.no\/stegforsteg\/wp-json\/wp\/v2\/pages\/177\/revisions"}],"predecessor-version":[{"id":3295,"href":"https:\/\/www.blakors.no\/stegforsteg\/wp-json\/wp\/v2\/pages\/177\/revisions\/3295"}],"up":[{"embeddable":true,"href":"https:\/\/www.blakors.no\/stegforsteg\/wp-json\/wp\/v2\/pages\/7"}],"wp:attachment":[{"href":"https:\/\/www.blakors.no\/stegforsteg\/wp-json\/wp\/v2\/media?parent=177"}],"curies":[{"name":"wp","href":"https:\/\/api.w.org\/{rel}","templated":true}]}}

<figure class="wp-block-image alignright size-large is-resized"><img loading="lazy" decoding="async" width="704" height="1024" src="https://www.blakors.no/content/uploads/sites/5/2019/11/Recovery_Fotokreditering-Gyldendal-704x1024.jpg" alt="" class="wp-image-427" style="width:172px" srcset="https://www.blakors.no/content/uploads/sites/5/2019/11/Recovery_Fotokreditering-Gyldendal-704x1024.jpg 704w, https://www.blakors.no/content/uploads/sites/5/2019/11/Recovery_Fotokreditering-Gyldendal-206x300.jpg 206w, https://www.blakors.no/content/uploads/sites/5/2019/11/Recovery_Fotokreditering-Gyldendal-768x1117.jpg 768w, https://www.blakors.no/content/uploads/sites/5/2019/11/Recovery_Fotokreditering-Gyldendal.jpg 974w" sizes="auto, (max-width: 704px) 100vw, 704px" /><figcaption class="wp-element-caption">&laquo;Recovery&raquo; &#8211; 2017</figcaption></figure>



<p>Bedring eller recovery er et faglig perspektiv som tar utgangspunkt i at bedring er en personlig prosess hvor målet er at den enkelte kan leve meningsfullt liv til tross for de begrensingene problemet kan forårsake. </p>



<p>Tiltak og aktiviteter som iverksettes støtter opp under deltakernes egen bedringsprosess. Ansatte og Tidgivere (frivillige) ser deltakeren/brukeren som ekspert på seg selv. Relasjonen mellom deltaker, den ansatte og Tidgiveren (den frivillige) preges av likeverdighet, åpenhet, ærlighet og tillit hvor man bistår deltakeren i å utvikle ferdigheter, nettverk og støtte slik at hen kan ta mest mulig ansvar for eget liv. </p>



<p>Det finnes flere tilnærminger til recovery. Blå kors følger her retningen som vektlegger recovery som en individuell og sosial prosess.</p>



<h2 class="wp-block-heading" id="h-empowerment">Empowerment</h2>



<figure class="wp-block-image alignright size-large is-resized"><a href="https://www.adlibris.com/no/bok/et-bedre-liv-9788205480322?gclid=EAIaIQobChMI4Nuj4v-H5gIVlOmaCh2iZgnwEAQYASABEgJUrPD_BwE" target="_blank" rel="noopener"><img loading="lazy" decoding="async" width="705" height="1024" src="https://www.blakors.no/content/uploads/sites/5/2019/11/Et-bedre-liv_Fotokreditering-Gyldendal-705x1024.jpg" alt="Et bedre Liv - Bok" class="wp-image-425" style="width:172px" srcset="https://www.blakors.no/content/uploads/sites/5/2019/11/Et-bedre-liv_Fotokreditering-Gyldendal-705x1024.jpg 705w, https://www.blakors.no/content/uploads/sites/5/2019/11/Et-bedre-liv_Fotokreditering-Gyldendal-207x300.jpg 207w, https://www.blakors.no/content/uploads/sites/5/2019/11/Et-bedre-liv_Fotokreditering-Gyldendal.jpg 756w" sizes="auto, (max-width: 705px) 100vw, 705px" /></a><figcaption class="wp-element-caption">&laquo;Et bedre liv&raquo; &#8211; 2016<br></figcaption></figure>



<p>Tenkningen omkring empowerment, gir viktig forståelse omkring temaet «å finne egen styrke til endring», &#8211; både på det individuelle plan og på gruppenivå. I de daglige aktivitetene og arbeidsoppgavene i Steg for Steg er det da også fokusert på de helsefremmende faktorene som ligger i Empowerment tenkningen: deltakelse, mestring, selvhevdelse og aksept for kultur og verdier. </p>



<p>Slik settes individet eller gruppa i stand til å definere sine egne problemer og finne sine egne løsninger. Utgangspunktet er at det er folks ressurser som bringes i fokus – ikke først deres problemer.&nbsp;&nbsp;&nbsp;&nbsp;&nbsp;&nbsp;&nbsp;&nbsp;&nbsp;&nbsp;&nbsp;&nbsp;&nbsp;&nbsp;&nbsp;&nbsp;&nbsp;&nbsp;&nbsp;&nbsp;&nbsp;&nbsp;&nbsp;&nbsp;&nbsp;&nbsp;&nbsp;&nbsp;&nbsp;&nbsp;&nbsp;&nbsp;&nbsp;&nbsp;&nbsp;&nbsp;&nbsp;&nbsp;&nbsp;&nbsp;&nbsp;&nbsp;&nbsp;&nbsp;&nbsp; </p>



<h2 class="wp-block-heading" id="h-sosial-kapital-og-sosiale-nettverk">Sosial kapital og sosiale nettverk</h2>



<figure class="wp-block-image alignright size-large is-resized"><a href="https://www.adlibris.com/no/bok/sosialt-nettverk-9788215026756?gclid=EAIaIQobChMIkfCGwYGI5gIVGqqaCh05mgpuEAQYAiABEgIFhPD_BwE" target="_blank" rel="noopener"><img loading="lazy" decoding="async" width="720" height="1024" src="https://www.blakors.no/content/uploads/sites/5/2019/11/Live-Fyrand-sosialt-nettverk-720x1024.png" alt="" class="wp-image-426" style="width:172px;height:248px" srcset="https://www.blakors.no/content/uploads/sites/5/2019/11/Live-Fyrand-sosialt-nettverk-720x1024.png 720w, https://www.blakors.no/content/uploads/sites/5/2019/11/Live-Fyrand-sosialt-nettverk-211x300.png 211w, https://www.blakors.no/content/uploads/sites/5/2019/11/Live-Fyrand-sosialt-nettverk-768x1092.png 768w, https://www.blakors.no/content/uploads/sites/5/2019/11/Live-Fyrand-sosialt-nettverk-1080x1536.png 1080w, https://www.blakors.no/content/uploads/sites/5/2019/11/Live-Fyrand-sosialt-nettverk-scaled.png 1440w" sizes="auto, (max-width: 720px) 100vw, 720px" /></a><figcaption class="wp-element-caption">&laquo;Sosialt nettverk&raquo; <br>&#8211; 2016</figcaption></figure>



<p>Sosiale nettverk er en av nøkkelfaktorene i prosessen som
fører mennesker med rus- og psykiske&nbsp;helseproblemer tilbake til et
velfungerende liv. Metoden Blå Kors benytter, bygger på den forskningen som er
gjort på dette feltet av professor i sosiale nettverk og sosialt arbeid Live Fyrand.&nbsp;&nbsp;</p>



<p>Sosiale ferdigheter er kanskje det viktigste for å bygge et
sosialt nettverk og frivillige støttespillere kan bidra til at brukeren
kan:&nbsp;</p>



<ul class="wp-block-list">
<li>trene og øve innenfor det personlige og offentlige rom&nbsp;</li>



<li>få kompetanse om hvordan man kan bygge sosiale nettverk, samt opparbeide seg en bekjentskapskrets som utgangspunkt for eget nettverk&nbsp;</li>



<li>få kunnskap om lokalsamfunnet, og slik bedre forståelsen av formelle og uformelle koder og regler for sosialt samvær&nbsp;</li>



<li>delta på aktiviteter som fremmer trygghet og selvstendighet&nbsp;</li>
</ul>



<h2 id="les-mer-om"  class="wp-block-heading" >Les mer om</h2>


<ul class="t2-link-list has-2-items has-auto-columns wp-block-t2-link-list">
	<li class="t2-link-list-item wp-block-t2-link-list-item">
		<a href="https://www.blakors.no/stegforsteg/faglig-grunnlag/tiltak/" class="t2-link-list-item__link t2-link-list__icon--right">
			<span class="t2-link-list-item__icon"><span class="t2-link-list-item__icon-box"></span><svg xmlns="http://www.w3.org/2000/svg" viewBox="0 0 24 24" height="24" width="24" class="t2-icon t2-icon-arrowforward" aria-hidden="true" focusable="false"><path d="M11.3 19.3c-.2-.2-.3-.4-.3-.7 0-.3.1-.5.3-.7l4.9-4.9H5c-.3 0-.5-.1-.7-.3-.2-.2-.3-.4-.3-.7s.1-.5.3-.7c.2-.2.4-.3.7-.3h11.2l-4.9-4.9c-.2-.2-.3-.4-.3-.7 0-.3.1-.5.3-.7.2-.2.4-.3.7-.3s.5.1.7.3l6.6 6.6c.1.1.2.2.2.3 0 .1.1.3.1.4 0 .1 0 .3-.1.4 0 .1-.1.2-.2.3l-6.6 6.6c-.2.2-.4.3-.7.3s-.5-.1-.7-.3z" fill="currentColor" /></svg></span>			<div class="t2-link-list-item__content">

				
				<span id="link-list-item-text" class="t2-link-list-item__text">
					Tiltak – hva vi gjør				</span>
							</div>
		</a>
	</li>
	

	<li class="t2-link-list-item wp-block-t2-link-list-item">
		<a href="https://www.blakors.no/stegforsteg/faglig-grunnlag/metoder/" class="t2-link-list-item__link t2-link-list__icon--right">
			<span class="t2-link-list-item__icon"><span class="t2-link-list-item__icon-box"></span><svg xmlns="http://www.w3.org/2000/svg" viewBox="0 0 24 24" height="24" width="24" class="t2-icon t2-icon-arrowforward" aria-hidden="true" focusable="false"><path d="M11.3 19.3c-.2-.2-.3-.4-.3-.7 0-.3.1-.5.3-.7l4.9-4.9H5c-.3 0-.5-.1-.7-.3-.2-.2-.3-.4-.3-.7s.1-.5.3-.7c.2-.2.4-.3.7-.3h11.2l-4.9-4.9c-.2-.2-.3-.4-.3-.7 0-.3.1-.5.3-.7.2-.2.4-.3.7-.3s.5.1.7.3l6.6 6.6c.1.1.2.2.2.3 0 .1.1.3.1.4 0 .1 0 .3-.1.4 0 .1-.1.2-.2.3l-6.6 6.6c-.2.2-.4.3-.7.3s-.5-.1-.7-.3z" fill="currentColor" /></svg></span>			<div class="t2-link-list-item__content">

				
				<span id="link-list-item-text-1" class="t2-link-list-item__text">
					Metoder				</span>
							</div>
		</a>
	</li>
	
</ul>

<p>Bedring eller recovery er et faglig perspektiv som tar utgangspunkt i at bedring er en personlig prosess hvor målet er at den enkelte kan leve meningsfullt liv til tross for de begrensingene problemet kan forårsake. Tiltak og aktiviteter som iverksettes støtter opp under deltakernes egen bedringsprosess. Ansatte og Tidgivere (frivillige) ser deltakeren/brukeren som ekspert på [&hellip;]</p>
