{"id":182,"date":"2019-11-21T16:02:35","date_gmt":"2019-11-21T15:02:35","guid":{"rendered":"https:\/\/www.blakors.no\/stegforsteg\/?page_id=182"},"modified":"2026-01-20T10:45:23","modified_gmt":"2026-01-20T09:45:23","slug":"metoder","status":"publish","type":"page","link":"https:\/\/www.blakors.no\/stegforsteg\/faglig-grunnlag\/metoder\/","title":{"rendered":"Metoder i Bl\u00e5 Kors steg for steg"},"content":{"rendered":"\n<div class=\"wp-block-group has-brown-light-background-color has-background is-layout-constrained wp-block-group-is-layout-constrained\">\n<h2 id=\"oppfolging\"  class=\"wp-block-heading\" >Oppf\u00f8lging<\/h2>\n\n\n\n<p>For \u00e5 st\u00f8tte deltakernes bedringsprosess planlegges og gjennomf\u00f8res alle aktiviteter med utgangspunkt i deltakerne behov, m\u00e5l og ressurser.<\/p>\n<\/div>\n\n\n\n<h2 id=\"kartlegging-oppfolgings-og-evalueringssamtaler\"  class=\"wp-block-heading\" ><strong>Kartlegging, oppf\u00f8lgings- og evalueringssamtaler&nbsp;<\/strong><\/h2>\n\n\n\n<p><strong>Vi bruker kartlegging til \u00e5 fremme personlig ansvar.<\/strong><\/p>\n\n\n\n<p>M\u00e5let med kartleggingen er \u00e5 utvikle en partnerskapsrelasjon som styrker deltakers recovery-prosess. Det er deltaker som definerer m\u00e5l og tiltak, og v\u00e5r oppgave er \u00e5 gi tilstrekkelig st\u00f8tte p\u00e5 veien. Utfordringen er \u00e5 ikke st\u00e5 i veien for personens recovery. Dette gj\u00f8res bl.a. ved \u00e5 unng\u00e5 avhengighetsskapende relasjoner, problemfokuserte kartlegginger eller \u00abta rattet\u00bb fra deltaker.<\/p>\n\n\n\n<p>Steg for Steg skal bidra til at samtalen har grunnleggende fokus p\u00e5 ressurser, muligheter, h\u00e5p og optimisme. <\/p>\n\n\n\n<p><\/p>\n\n\n\n<blockquote class=\"wp-block-quote is-layout-flow wp-block-quote-is-layout-flow\">\n<p>Focus on what&#8217;s strong, not what&#8217;s wrong <\/p>\n\n\n\n<p><\/p>\n<cite>Cormac Russell&nbsp;<\/cite><\/blockquote>\n\n\n\n<p><\/p>\n\n\n\n<h2 id=\"aktivitet-som-drivkraft-for-et-selvstendig-liv\"  class=\"wp-block-heading\" ><strong>Aktivitet som drivkraft for et selvstendig liv&nbsp;<\/strong><\/h2>\n\n\n\n<p>For personer med rus- og psykiske helseproblemer er det \u00e5\nfylle fritiden med mening ofte en utfordring. Det handler om \u00e5 v\u00e6re i\naktivitet, men ogs\u00e5 om \u00e5 finne mening n\u00e5r det ikke skjer noe. Mange deltakere\nhar ikke opplevd \u00e5 ha fritid og Steg for Steg tilrettelegger for at deltakere\nintroduseres for ulike aktiviteter. M\u00e5let er at den enkelte skal finne sin\naktivitet eller hobby. <\/p>\n\n\n\n<p>Nye deltagere gjennomf\u00f8rer en kartleggingssamtale hvor\ninteresser, behov, dr\u00f8mmer og utfordringer defineres, og m\u00e5l og aktiviteter\nvelges.&nbsp;<\/p>\n\n\n\n<p>Selv om det er aktiviteter som er i fokus er det samspillet\nog relasjonen mellom enkeltmenneskene som er det spesielle og det som skaper\nenergien og framdriften i tiltakene.&nbsp;<\/p>\n\n\n<div class=\"custom-block-banner alignwide contenthalf\"><div class=\"banner-image\" style=\"background-image:url(https:\/\/www.blakors.no\/content\/uploads\/sites\/5\/2019\/11\/bordtennis-1024x683.jpg)\"><\/div><div class=\"banner-inner\"><div><div class=\"icon \"><\/div><h2 id=\"aktiviteter\"  class=\"title large \" >Aktiviteter<\/h2><p>Aktiviteter er sentrale i nettverksbygging.<\/p><\/div><\/div><\/div>\n\n\n<h2 id=\"frivillighet-som-metode\"  class=\"wp-block-heading\" ><strong>Frivillighet som metode&nbsp;<\/strong><\/h2>\n\n\n\n<p>Bl\u00e5 Kors har betydelige erfaringer med frivillig innsats i\nbehandling og rehabilitering av personer med rus- og psykiske helseproblemer.\nMennesker med rus- og psykiske helseproblemer f\u00e5r gjennom frivillig arbeid\npositive erfaringer, sosial ferdighetstrening, mestringsopplevelser og sosial\ntilh\u00f8righet. Dette har vist seg \u00e5 v\u00e6re et kraftfullt virkemiddel i\nrehabiliteringssammenheng, noe som ogs\u00e5 bidrar til \u00e5 redusere avstanden mellom\nrollen som hjelpemottaker og bidragsyter.&nbsp;&nbsp;<\/p>\n\n\n\n<h2 id=\"individuell-skreddersom\"  class=\"wp-block-heading\" ><strong>Individuell skredders\u00f8m <\/strong><\/h2>\n\n\n\n<p>Mennesker med rus- og psykiske helseproblemer er ikke en ensartet gruppe. Folk er forskjellige, noen trenger hjelp til \u00e5 bo, skape et hjem og styre sin \u00f8konomi og \u00f8nsker oppf\u00f8lging p\u00e5 dette omr\u00e5det. <\/p>\n\n\n\n<p>Andre trenger aktiviteter for \u00e5 komme seg ut for \u00e5 m\u00f8te andre og bygge nettverk, mens andre sliter med sosial angst som gj\u00f8r dette vanskelig. Steg for Steg m\u00f8ter derfor hvert enkelt individ og bist\u00e5r deltakerne til \u00e5 f\u00e5 skreddersydd sitt individuelle opplegg med s\u00f8ml\u00f8se overganger mellom ulike tilbud og med dem selv i f\u00f8rersetet. <\/p>\n\n\n\n<p>Det er sentralt at deltakerne selv definerer egne m\u00e5l. Med aktivitets, oppf\u00f8lgings- og nettverkstiltak i verkt\u00f8ykassen m\u00f8ter Steg for Steg hvert enkelt deltaker\/bruker og tilrettelegger aktiviteter og tiltak utfra den enkeltes behov, forutsetninger og \u00f8nsker; ikke ut ifra diagnose.<\/p>\n\n\n\n<p> Vi tar utgangspunkt i det som i opptrappingsplan for rusfeltet uttrykkes for \u201ddet friske\u201d.<\/p>\n\n\n\n<figure class=\"wp-block-embed dekode-gtm-iframe-preview is-type-video is-provider-youtube wp-block-embed-youtube wp-embed-aspect-16-9 wp-has-aspect-ratio\"><div class=\"wp-block-embed__wrapper\">\n<iframe title=\"I sentrum st\u00e5r et menneske - Bj\u00f8rn Eidsv\u00e5g\" width=\"500\" height=\"281\" data-cookieconsent=\"marketing\" data-cookieblock-src=\"https:\/\/www.youtube.com\/embed\/_c18pi14UjM?feature=oembed\"  allow=\"accelerometer; autoplay; clipboard-write; encrypted-media; gyroscope; picture-in-picture; web-share\" referrerpolicy=\"strict-origin-when-cross-origin\" allowfullscreen sandbox=\"allow-scripts allow-same-origin allow-popups allow-presentation allow-popups-to-escape-sandbox\"><\/iframe>\n\t\t<div class=\"cookieconsent-optout-marketing dekode-gtm-cookie-consent-video-placeholder\">\n\t\t\t<div class=\"dekode-gtm-cookie-consent is-block-core-embed is-provider-youtube\">\n\t\t\t\t\n\t\t\t<img decoding=\"async\" src=\"https:\/\/i.ytimg.com\/vi\/_c18pi14UjM\/hqdefault.jpg\" alt=\"youtube\" \/>\n\t\t\t\t<div class=\"overlay\">\n\t\t\t\t\t<div class=\"cookie-info\">\n\t\t\t\t\t\t<h2 id=\"her-ligger-det-medieinnhold-fra-en-ekstern-kilde\"  >Her ligger det medieinnhold fra en ekstern kilde. <\/h2> \n\n<p>For \u00e5 se innholdet, m\u00e5 du endre samtykket ditt.<\/p>\n\n<p>Les mer om hvordan dataen din blir behandlet av eksterne kilder i personvernerkl\u00e6ringen v\u00e5r.<\/p>\n\t\t\t\t\t\t<p>\n\t\t\t\t\t\t\t<a title=\"Endre samtykke\" class=\"dekode-gtm-cookiebot-renew\" href=\"#\">Endre samtykke<\/a>\n\t\t\t\t\t\t\t\n\t\t\t\t\t\t<\/p>\n\t\t\t\t\t<\/div>\n\t\t\t\t<\/div>\n\t\t\t<\/div>\n\t\t<\/div>\n<\/div><figcaption class=\"wp-element-caption\">I 2017 laget Bl\u00e5 Kors en plate med kjente norske artister, til inntekt for Steg for Steg. Bj\u00f8rn Eidsv\u00e5g var \u00e9n av dem.<\/figcaption><\/figure>\n\n\n\n<h2 id=\"les-mer-om\"  class=\"wp-block-heading\" >Les mer om<\/h2>\n\n\n<ul class=\"t2-link-list has-2-items has-auto-columns wp-block-t2-link-list\">\n\t<li class=\"t2-link-list-item wp-block-t2-link-list-item\">\n\t\t<a\n\t\t\thref=\"https:\/\/www.blakors.no\/stegforsteg\/faglig-grunnlag\/tiltak\/\"\n\t\t\tclass=\"t2-link-list-item__link t2-link-list__icon--right\"\n\t\t\t\t\t>\n\t\t\t<span class=\"t2-link-list-item__icon\"><span class=\"t2-link-list-item__icon-box\"><\/span><svg xmlns=\"http:\/\/www.w3.org\/2000\/svg\" viewBox=\"0 0 24 24\" height=\"24\" width=\"24\" class=\"t2-icon t2-icon-arrowforward\" aria-hidden=\"true\" focusable=\"false\"><path d=\"M11.3 19.3c-.2-.2-.3-.4-.3-.7 0-.3.1-.5.3-.7l4.9-4.9H5c-.3 0-.5-.1-.7-.3-.2-.2-.3-.4-.3-.7s.1-.5.3-.7c.2-.2.4-.3.7-.3h11.2l-4.9-4.9c-.2-.2-.3-.4-.3-.7 0-.3.1-.5.3-.7.2-.2.4-.3.7-.3s.5.1.7.3l6.6 6.6c.1.1.2.2.2.3 0 .1.1.3.1.4 0 .1 0 .3-.1.4 0 .1-.1.2-.2.3l-6.6 6.6c-.2.2-.4.3-.7.3s-.5-.1-.7-.3z\" fill=\"currentColor\" \/><\/svg><\/span>\t\t\t<div class=\"t2-link-list-item__content\">\n\n\t\t\t\t\n\t\t\t\t<span id=\"link-list-item-text\" class=\"t2-link-list-item__text\">\n\t\t\t\t\tTiltak \u2013 hva vi gj\u00f8r\t\t\t\t<\/span>\n\t\t\t\t\t\t\t<\/div>\n\t\t<\/a>\n\t<\/li>\n\t\n\n\t<li class=\"t2-link-list-item wp-block-t2-link-list-item\">\n\t\t<a\n\t\t\thref=\"https:\/\/www.blakors.no\/stegforsteg\/faglig-grunnlag\/faglig-grunnlag\/\"\n\t\t\tclass=\"t2-link-list-item__link t2-link-list__icon--right\"\n\t\t\t\t\t>\n\t\t\t<span class=\"t2-link-list-item__icon\"><span class=\"t2-link-list-item__icon-box\"><\/span><svg xmlns=\"http:\/\/www.w3.org\/2000\/svg\" viewBox=\"0 0 24 24\" height=\"24\" width=\"24\" class=\"t2-icon t2-icon-arrowforward\" aria-hidden=\"true\" focusable=\"false\"><path d=\"M11.3 19.3c-.2-.2-.3-.4-.3-.7 0-.3.1-.5.3-.7l4.9-4.9H5c-.3 0-.5-.1-.7-.3-.2-.2-.3-.4-.3-.7s.1-.5.3-.7c.2-.2.4-.3.7-.3h11.2l-4.9-4.9c-.2-.2-.3-.4-.3-.7 0-.3.1-.5.3-.7.2-.2.4-.3.7-.3s.5.1.7.3l6.6 6.6c.1.1.2.2.2.3 0 .1.1.3.1.4 0 .1 0 .3-.1.4 0 .1-.1.2-.2.3l-6.6 6.6c-.2.2-.4.3-.7.3s-.5-.1-.7-.3z\" fill=\"currentColor\" \/><\/svg><\/span>\t\t\t<div class=\"t2-link-list-item__content\">\n\n\t\t\t\t\n\t\t\t\t<span id=\"link-list-item-text-1\" class=\"t2-link-list-item__text\">\n\t\t\t\t\tFaglig grunnlag\t\t\t\t<\/span>\n\t\t\t\t\t\t\t<\/div>\n\t\t<\/a>\n\t<\/li>\n\t\n<\/ul>\n\n<div class=\"no-image wp-block-blakors-person-cards\">\n\t\t\t\n<div class=\"t2-featured-single-post compact-card-template t2-featured-content is-post-type-person compact-card-template wp-block-t2-featured-single-post\"><figure style=\"--t2-focal-point: 50% 50%;\" class=\"t2-post-featured-image has-image-ratio-1-1 wp-block-t2-post-featured-image\"><img loading=\"lazy\" decoding=\"async\" width=\"1276\" height=\"1584\" src=\"https:\/\/www.blakors.no\/content\/uploads\/sites\/5\/2025\/01\/jostein-hagan.jpg\" class=\"attachment-post-thumbnail size-post-thumbnail wp-post-image\" alt=\"portrettbilde av Jostein H\u00e5gan\" srcset=\"https:\/\/www.blakors.no\/content\/uploads\/sites\/5\/2025\/01\/jostein-hagan.jpg 1276w, https:\/\/www.blakors.no\/content\/uploads\/sites\/5\/2025\/01\/jostein-hagan-242x300.jpg 242w, https:\/\/www.blakors.no\/content\/uploads\/sites\/5\/2025\/01\/jostein-hagan-825x1024.jpg 825w, https:\/\/www.blakors.no\/content\/uploads\/sites\/5\/2025\/01\/jostein-hagan-768x953.jpg 768w, https:\/\/www.blakors.no\/content\/uploads\/sites\/5\/2025\/01\/jostein-hagan-1237x1536.jpg 1237w, https:\/\/www.blakors.no\/content\/uploads\/sites\/5\/2025\/01\/jostein-hagan-1160x1440.jpg 1160w\" sizes=\"auto, (min-width: 782px) 768px, 100vw\" \/><\/figure>\n\n<div class=\"wp-block-group alignfull is-layout-flow wp-block-group-is-layout-flow\">\n\t<div class=\"t2-post-dynamic-part is-source-filter filter-person_card_meta post-meta wp-block-t2-post-dynamic-part\"><div class=\"title\"><h2 id=\"jostein-hagan\"  class=\"t2-post-title wp-block-t2-post-title\" >Jostein H\u00e5gan<\/h2><p class=\"position\">nasjonal leder<\/p><\/div><div class=\"contact-info\"><p class=\"phone\"><a href=\"tel:+4747337777\">+47 473 37 777<\/a><\/p><p class=\"email\"><a href=\"mailto:jostein.hagan@blakors.no\">jostein.hagan@blakors.no<\/a><\/p><\/div><\/div>\n<\/div>\n\n<\/div>\n\n\t\t<\/div>","protected":false},"excerpt":{"rendered":"<p>Oppf\u00f8lging For \u00e5 st\u00f8tte deltakernes bedringsprosess planlegges og gjennomf\u00f8res alle aktiviteter med utgangspunkt i deltakerne behov, m\u00e5l og ressurser. Kartlegging, oppf\u00f8lgings- og evalueringssamtaler&nbsp; Vi bruker kartlegging til \u00e5 fremme personlig ansvar. M\u00e5let med kartleggingen er \u00e5 utvikle en partnerskapsrelasjon som styrker deltakers recovery-prosess. Det er deltaker som definerer m\u00e5l og tiltak, og v\u00e5r oppgave er [&hellip;]<\/p>\n","protected":false},"author":10,"featured_media":0,"parent":7,"menu_order":0,"comment_status":"closed","ping_status":"closed","template":"","meta":{"_acf_changed":false,"_relevanssi_hide_post":"","_relevanssi_hide_content":"","_relevanssi_pin_for_all":"on","_relevanssi_pin_keywords":"samtale, kartlegging, bedringsprosess, oppf\u00f8lging, skredders\u00f8m, ","_relevanssi_unpin_keywords":"","_relevanssi_related_keywords":"","_relevanssi_related_include_ids":"","_relevanssi_related_exclude_ids":"","_relevanssi_related_no_append":"","_relevanssi_related_not_related":"","_relevanssi_related_posts":"1","_relevanssi_noindex_reason":"","_custom_cards_description":"","footnotes":""},"class_list":["post-182","page","type-page","status-publish","hentry"],"acf":[],"_links":{"self":[{"href":"https:\/\/www.blakors.no\/stegforsteg\/wp-json\/wp\/v2\/pages\/182","targetHints":{"allow":["GET"]}}],"collection":[{"href":"https:\/\/www.blakors.no\/stegforsteg\/wp-json\/wp\/v2\/pages"}],"about":[{"href":"https:\/\/www.blakors.no\/stegforsteg\/wp-json\/wp\/v2\/types\/page"}],"author":[{"embeddable":true,"href":"https:\/\/www.blakors.no\/stegforsteg\/wp-json\/wp\/v2\/users\/10"}],"replies":[{"embeddable":true,"href":"https:\/\/www.blakors.no\/stegforsteg\/wp-json\/wp\/v2\/comments?post=182"}],"version-history":[{"count":5,"href":"https:\/\/www.blakors.no\/stegforsteg\/wp-json\/wp\/v2\/pages\/182\/revisions"}],"predecessor-version":[{"id":3292,"href":"https:\/\/www.blakors.no\/stegforsteg\/wp-json\/wp\/v2\/pages\/182\/revisions\/3292"}],"up":[{"embeddable":true,"href":"https:\/\/www.blakors.no\/stegforsteg\/wp-json\/wp\/v2\/pages\/7"}],"wp:attachment":[{"href":"https:\/\/www.blakors.no\/stegforsteg\/wp-json\/wp\/v2\/media?parent=182"}],"curies":[{"name":"wp","href":"https:\/\/api.w.org\/{rel}","templated":true}]}}