{"id":80,"date":"2019-11-15T14:29:57","date_gmt":"2019-11-15T13:29:57","guid":{"rendered":"https:\/\/www.blakors.no\/stegforsteg\/?page_id=80"},"modified":"2025-07-29T14:21:55","modified_gmt":"2025-07-29T12:21:55","slug":"individuell-skreddersom","status":"publish","type":"page","link":"https:\/\/www.blakors.no\/stegforsteg\/individuell-skreddersom\/","title":{"rendered":"Individuell skredders\u00f8m"},"content":{"rendered":"<div class=\"custom-block-banner alignwide contenthalf\"><div class=\"banner-image\" style=\"background-image:url(https:\/\/www.blakors.no\/content\/uploads\/sites\/5\/2019\/11\/31I1609-693x1024.jpg)\"><\/div><div class=\"banner-inner\"><div><h1 id=\"individuell-skreddersom\"  class=\"title large \" >Individuell skredders\u00f8m<\/h1><p>Tilbudet har gjennomg\u00e5ende fokus p\u00e5 relasjons- og nettverksbygging. I tillegg skreddersys en plan for aktiviteter, sosialt liv, arbeid og utdanning (FAFO 2019). Arenaene for prosessen er tilbud som allerede finnes i det offentlige rom.<\/p><\/div><\/div><\/div>\n\n\n<h2 id=\"recovery\"  class=\"wp-block-heading\" >Recovery<\/h2>\n\n\n\n<p>Tilbudet har en recovery-basert tiln\u00e6rming. Deltakerne er aktive i utforming, gjennomf\u00f8ring og evaluering av tilbudet. Med utgangspunkt i deltakerens ressurser, motivasjon og muligheter, legger Bl\u00e5 Kors steg for steg til rette for mestring og en opplevelse av myndiggj\u00f8ring og kontroll i egen hverdag. <br><br>M\u00e5let er \u00e5 forebygge ensomhet og utenforskap, som ofte knyttes til tilbakefall. For \u00e5 f\u00e5 til dette, m\u00f8tes deltakeren med verdighet, respekt og tydelige forventninger.<\/p>\n\n\n\n<blockquote class=\"wp-block-quote is-layout-flow wp-block-quote-is-layout-flow\">\n<p><em>Steg for Steg hjalp meg til at jeg fikk et opplegg rundt meg i hverdagen. Det gjorde at jeg klarte \u00e5 holde d\u00f8gnrytmen og m\u00f8te til avtalene mine med behandler og nav.<\/em><\/p>\n<cite>Deltaker i Steg for Steg<\/cite><\/blockquote>\n\n\n\n<p>Deltakere i Bl\u00e5 Kors steg for steg har ofte erfaringer fra behandling- og oppf\u00f8lgingstilbud der rutiner, vaner og aktiviteter danner en ytre struktur. N\u00e5r behandlingen opph\u00f8rer, faller denne ytre strukturen. Det p\u00e5begynte arbeidet videref\u00f8res ikke og f\u00e5r dermed ikke effekt i en ny hverdag.<\/p>\n\n\n\n<h2 id=\"struktur\"  class=\"wp-block-heading\" >Struktur<\/h2>\n\n\n\n<p>Bl\u00e5 Kors steg for steg ser p\u00e5 overgangen til en rusfri hverdag som en mulighet for deltakeren \u00e5 bygge opp sin indre struktur; hverdags- og relasjonskompetansen som kreves for at deltakeren oppn\u00e5r sine \u00f8nsker og m\u00e5l. <br><br>Samtidig anerkjennes endring av vaner som en tidskrevende prosess. Det gis rom for dette i samarbeidet med deltakeren og utformingen av tiltaksplanen.<\/p>\n\n\n\n<h2 id=\"skreddersom\"  class=\"wp-block-heading\" >Skredders\u00f8m<\/h2>\n\n\n\n<p>Tilbakemeldingen fra deltakere er at tilbudet skiller seg ut ved sin skredders\u00f8m, bruk av tidgivere, og deltakelse i det offentlige rom. Deltakeren m\u00f8ter forventninger p\u00e5 lik linje med det som storsamfunnet krever, som skaper en overf\u00f8rbarhet til \u00abet vanlig liv\u00bb. <br><br>Her ligger det ogs\u00e5 en forventning om rusfrihet ved avtaler med tidgivere og veileder, samt \u00e5penhet om eventuelle tilbakefall. En viktig del av dette, er \u00e5 gi tid til \u00e5 opparbeide gjensidig tillit, klare forventninger, og en trygghet om at deltakeren ikke mister tilbudet fra Bl\u00e5 Kors steg for steg ved et eventuelt tilbakefall.<\/p>\n\n\n\n<h2 id=\"kontakt-oss\"  class=\"wp-block-heading\" >Kontakt oss<\/h2>\n\n\n<div class=\"wp-block-blakors-person-cards\">\n\t\t\t\n<div class=\"t2-featured-single-post compact-card-template t2-featured-content is-post-type-person compact-card-template wp-block-t2-featured-single-post\"><figure style=\"--t2-focal-point: 50% 50%;\" class=\"t2-post-featured-image has-image-ratio-1-1 wp-block-t2-post-featured-image\"><img loading=\"lazy\" decoding=\"async\" width=\"1276\" height=\"1584\" src=\"https:\/\/www.blakors.no\/content\/uploads\/sites\/5\/2025\/01\/jostein-hagan.jpg\" class=\"attachment-post-thumbnail size-post-thumbnail wp-post-image\" alt=\"portrettbilde av Jostein H\u00e5gan\" srcset=\"https:\/\/www.blakors.no\/content\/uploads\/sites\/5\/2025\/01\/jostein-hagan.jpg 1276w, https:\/\/www.blakors.no\/content\/uploads\/sites\/5\/2025\/01\/jostein-hagan-242x300.jpg 242w, https:\/\/www.blakors.no\/content\/uploads\/sites\/5\/2025\/01\/jostein-hagan-825x1024.jpg 825w, https:\/\/www.blakors.no\/content\/uploads\/sites\/5\/2025\/01\/jostein-hagan-768x953.jpg 768w, https:\/\/www.blakors.no\/content\/uploads\/sites\/5\/2025\/01\/jostein-hagan-1237x1536.jpg 1237w, https:\/\/www.blakors.no\/content\/uploads\/sites\/5\/2025\/01\/jostein-hagan-1160x1440.jpg 1160w\" sizes=\"auto, (min-width: 782px) 768px, 100vw\" \/><\/figure>\n\n<div class=\"wp-block-group alignfull is-layout-flow wp-block-group-is-layout-flow\">\n\t<div class=\"t2-post-dynamic-part is-source-filter filter-person_card_meta post-meta wp-block-t2-post-dynamic-part\"><div class=\"title\"><h2 id=\"jostein-hagan\"  class=\"t2-post-title wp-block-t2-post-title\" >Jostein H\u00e5gan<\/h2><p class=\"position\">nasjonal leder<\/p><\/div><div class=\"contact-info\"><p class=\"phone\"><a href=\"tel:+4747337777\">+47 473 37 777<\/a><\/p><p class=\"email\"><a href=\"mailto:jostein.hagan@blakors.no\">jostein.hagan@blakors.no<\/a><\/p><\/div><\/div>\n<\/div>\n\n<\/div>\n\n\t\t<\/div>","protected":false},"excerpt":{"rendered":"<p>Recovery Tilbudet har en recovery-basert tiln\u00e6rming. Deltakerne er aktive i utforming, gjennomf\u00f8ring og evaluering av tilbudet. Med utgangspunkt i deltakerens ressurser, motivasjon og muligheter, legger Bl\u00e5 Kors steg for steg til rette for mestring og en opplevelse av myndiggj\u00f8ring og kontroll i egen hverdag. M\u00e5let er \u00e5 forebygge ensomhet og utenforskap, som ofte knyttes til [&hellip;]<\/p>\n","protected":false},"author":10,"featured_media":398,"parent":0,"menu_order":0,"comment_status":"closed","ping_status":"closed","template":"","meta":{"_acf_changed":false,"_relevanssi_hide_post":"","_relevanssi_hide_content":"","_relevanssi_pin_for_all":"on","_relevanssi_pin_keywords":"Individuell oppf\u00f8lging Bl\u00e5 Kors steg for steg, Individuell skredders\u00f8m, nettverk, sosialt liv, bedring, recovery, struktur, ","_relevanssi_unpin_keywords":"","_relevanssi_related_keywords":"","_relevanssi_related_include_ids":"","_relevanssi_related_exclude_ids":"","_relevanssi_related_no_append":"","_relevanssi_related_not_related":"","_relevanssi_related_posts":"1","_relevanssi_noindex_reason":"","_custom_cards_description":"","footnotes":""},"class_list":["post-80","page","type-page","status-publish","has-post-thumbnail","hentry"],"acf":[],"_links":{"self":[{"href":"https:\/\/www.blakors.no\/stegforsteg\/wp-json\/wp\/v2\/pages\/80","targetHints":{"allow":["GET"]}}],"collection":[{"href":"https:\/\/www.blakors.no\/stegforsteg\/wp-json\/wp\/v2\/pages"}],"about":[{"href":"https:\/\/www.blakors.no\/stegforsteg\/wp-json\/wp\/v2\/types\/page"}],"author":[{"embeddable":true,"href":"https:\/\/www.blakors.no\/stegforsteg\/wp-json\/wp\/v2\/users\/10"}],"replies":[{"embeddable":true,"href":"https:\/\/www.blakors.no\/stegforsteg\/wp-json\/wp\/v2\/comments?post=80"}],"version-history":[{"count":6,"href":"https:\/\/www.blakors.no\/stegforsteg\/wp-json\/wp\/v2\/pages\/80\/revisions"}],"predecessor-version":[{"id":2658,"href":"https:\/\/www.blakors.no\/stegforsteg\/wp-json\/wp\/v2\/pages\/80\/revisions\/2658"}],"wp:featuredmedia":[{"embeddable":true,"href":"https:\/\/www.blakors.no\/stegforsteg\/wp-json\/wp\/v2\/media\/398"}],"wp:attachment":[{"href":"https:\/\/www.blakors.no\/stegforsteg\/wp-json\/wp\/v2\/media?parent=80"}],"curies":[{"name":"wp","href":"https:\/\/api.w.org\/{rel}","templated":true}]}}