{"id":53,"date":"2023-04-28T10:04:34","date_gmt":"2023-04-28T10:04:34","guid":{"rendered":"https:\/\/www.blakors.no\/ung\/?page_id=53"},"modified":"2023-08-22T05:36:33","modified_gmt":"2023-08-22T05:36:33","slug":"akra","status":"publish","type":"page","link":"https:\/\/www.blakors.no\/ung\/akra\/","title":{"rendered":"Bl\u00e5 Kors Ung \u00c5kra"},"content":{"rendered":"\n<div class=\"wp-block-lib-header alignfull hide\"><div class=\"image-wrapper\"><img decoding=\"async\" src=\"https:\/\/www.blakors.no\/content\/uploads\/sites\/35\/2023\/04\/akra-stupe.jpg\" alt=\"header\"\/><\/div><div class=\"header-innercontent\"><\/div><\/div>\n\n\n\n<div class=\"wp-block-media-text alignwide is-stacked-on-mobile is-image-fill has-lila-light-background-color has-background\"><figure class=\"wp-block-media-text__media\" style=\"background-image:url(https:\/\/www.blakors.no\/content\/uploads\/sites\/35\/2023\/04\/akra-stupe-768x1024.jpg);background-position:57% 33%\"><img loading=\"lazy\" decoding=\"async\" width=\"768\" height=\"1024\" src=\"https:\/\/www.blakors.no\/content\/uploads\/sites\/35\/2023\/04\/akra-stupe-768x1024.jpg\" alt=\"\u00e5kra stupe\" class=\"wp-image-54 size-full\" srcset=\"https:\/\/www.blakors.no\/content\/uploads\/sites\/35\/2023\/04\/akra-stupe-768x1024.jpg 768w, https:\/\/www.blakors.no\/content\/uploads\/sites\/35\/2023\/04\/akra-stupe-225x300.jpg 225w, https:\/\/www.blakors.no\/content\/uploads\/sites\/35\/2023\/04\/akra-stupe.jpg 1080w\" sizes=\"auto, (max-width: 768px) 100vw, 768px\" \/><\/figure><div class=\"wp-block-media-text__content\">\n<div style=\"height:50px\" aria-hidden=\"true\" class=\"wp-block-spacer\"><\/div>\n\n\n\n<h2 class=\"wp-block-heading\" id=\"h-velkommen-til-bla-kors-ung-akra\">Velkommen til Bl\u00e5 Kors Ung \u00c5kra<\/h2>\n\n\n\n<p>Bl\u00e5 Kors Ung \u00c5kra har et eget hus ved gamle sildoljetomten. Vi har mange morsomme aktiviteter som oppholdsrom, mopedverksted, bilbane, biljard og spill. <\/p>\n\n\n\n<p>Hvis du vil v\u00e6re utend\u00f8rs, kan du pr\u00f8ve vannsport eller kj\u00f8re speedb\u00e5t. Vi har ogs\u00e5 en utegrill og lekeapparater for \u00e5 ha det g\u00f8y med venner. Vi har til og med en minibuss som vi bruker til \u00e5 dra p\u00e5 spennende aktiviteter og turer. Kom og bli med oss \u200b\u200bfor \u00e5 ha det g\u00f8y!&nbsp;<\/p>\n\n\n\n<div style=\"height:10px\" aria-hidden=\"true\" class=\"wp-block-spacer\"><\/div>\n\n\n\n<div class=\"wp-block-buttons is-layout-flex wp-block-buttons-is-layout-flex\">\n<div class=\"wp-block-button\"><a class=\"wp-block-button__link has-white-color has-blue-background-color has-text-color has-background wp-element-button\" href=\"https:\/\/www.blakors.no\/ung\/#h-bli-medlem-i-bla-kors-ung\"><strong>Bli medlem<\/strong><\/a><\/div>\n<\/div>\n\n\n\n<div style=\"height:50px\" aria-hidden=\"true\" class=\"wp-block-spacer\"><\/div>\n<\/div><\/div>\n\n\n\n<div style=\"height:100px\" aria-hidden=\"true\" class=\"wp-block-spacer\"><\/div>\n","protected":false},"excerpt":{"rendered":"","protected":false},"author":86,"featured_media":54,"parent":0,"menu_order":0,"comment_status":"closed","ping_status":"closed","template":"","meta":{"_acf_changed":false,"_relevanssi_hide_post":"","_relevanssi_hide_content":"","_relevanssi_pin_for_all":"","_relevanssi_pin_keywords":"","_relevanssi_unpin_keywords":"","_relevanssi_related_keywords":"","_relevanssi_related_include_ids":"","_relevanssi_related_exclude_ids":"","_relevanssi_related_no_append":"","_relevanssi_related_not_related":"","_relevanssi_related_posts":"","_relevanssi_noindex_reason":"","_custom_cards_description":"","footnotes":""},"class_list":["post-53","page","type-page","status-publish","has-post-thumbnail","hentry"],"acf":[],"_links":{"self":[{"href":"https:\/\/www.blakors.no\/ung\/wp-json\/wp\/v2\/pages\/53","targetHints":{"allow":["GET"]}}],"collection":[{"href":"https:\/\/www.blakors.no\/ung\/wp-json\/wp\/v2\/pages"}],"about":[{"href":"https:\/\/www.blakors.no\/ung\/wp-json\/wp\/v2\/types\/page"}],"author":[{"embeddable":true,"href":"https:\/\/www.blakors.no\/ung\/wp-json\/wp\/v2\/users\/86"}],"replies":[{"embeddable":true,"href":"https:\/\/www.blakors.no\/ung\/wp-json\/wp\/v2\/comments?post=53"}],"version-history":[{"count":5,"href":"https:\/\/www.blakors.no\/ung\/wp-json\/wp\/v2\/pages\/53\/revisions"}],"predecessor-version":[{"id":132,"href":"https:\/\/www.blakors.no\/ung\/wp-json\/wp\/v2\/pages\/53\/revisions\/132"}],"wp:featuredmedia":[{"embeddable":true,"href":"https:\/\/www.blakors.no\/ung\/wp-json\/wp\/v2\/media\/54"}],"wp:attachment":[{"href":"https:\/\/www.blakors.no\/ung\/wp-json\/wp\/v2\/media?parent=53"}],"curies":[{"name":"wp","href":"https:\/\/api.w.org\/{rel}","templated":true}]}}