{"id":81,"date":"2021-08-24T09:23:44","date_gmt":"2021-08-24T07:23:44","guid":{"rendered":"https:\/\/www.blakors.no\/videregaende-skole-grimstad\/?page_id=81"},"modified":"2025-06-10T14:51:48","modified_gmt":"2025-06-10T12:51:48","slug":"vg1-helse-og-oppvekstfag","status":"publish","type":"page","link":"https:\/\/www.blakors.no\/videregaende-skole-grimstad\/vg1-helse-og-oppvekstfag\/","title":{"rendered":"Vg1 Helse- og oppvekstfag"},"content":{"rendered":"<div class=\"custom-block-banner alignwide contenthalf\"><div class=\"banner-image\" style=\"background-image:url(https:\/\/www.blakors.no\/content\/uploads\/sites\/24\/2021\/09\/IMG_09761-1024x768.jpg)\"><\/div><div class=\"banner-inner\"><div><h1 id=\"vg1-helse-og-oppvekstfag\"  class=\"title small \" >Vg1 Helse- og oppvekstfag<\/h1><p>Liker du \u00e5 arbeide med mennesker og gi omsorg og st\u00f8tte? Da kan helse &#8211; og oppvekstfag v\u00e6re et utdanningsprogram for deg.<\/p><div class=\"wp-block-button is-style-primary small\"><a class=\"wp-block-button__link\" href=\"https:\/\/www.blakors.no\/videregaende-skole-grimstad\/sok-skoleplass\/\" target=\"\">S\u00f8k skoleplass<\/a><\/div><\/div><\/div><\/div>\n\n\n<p>Tar du utdannelsen din&nbsp;innen&nbsp;helse- og oppvekstfag har du mulighet til \u00e5 jobbe i mange forskjellige yrker&nbsp;knyttet til helse og oppvekstsektoren. Utdannelsen f\u00f8rer fram til yrker hvor egne holdninger,&nbsp;gode kommunikasjonsevner og respekt for medmennesker er viktige faktorer.&nbsp;<\/p>\n\n\n\n<p>Det at du har innsikt&nbsp;i og kunnskap om&nbsp;helsefremmende arbeid, livsstilssykdommer, arbeidsmilj\u00f8 og kulturforskjeller kan gj\u00f8re deg til en god medarbeider.&nbsp;<\/p>\n\n\n\n<h2 class=\"wp-block-heading\" id=\"h-fokus-pa-praktisk-erfaring\">Fokus p\u00e5 praktisk erfaring<\/h2>\n\n\n\n<p>Gjennom denne&nbsp;utdannelsen m\u00f8ter du mange forskjellige mennesker i&nbsp;forskjellige livssituasjoner. Hos Bl\u00e5 Kors Grimstad VGS har vi fokus p\u00e5&nbsp;at elevene&nbsp;f\u00e5r bruke det de l\u00e6rer igjennom praktiske oppgaver og prosjekter. Oppl\u00e6ringen er i tr\u00e5d med godkjent l\u00e6replan for helse-&nbsp;og oppvekstfaget. L\u00e6replan for Vg1 best\u00e5r av 4 hovedomr\u00e5der.<\/p>\n\n\n\n\t\t<div class=\"wp-block-lib-accentuated-link\">\n\t\t\t<a class=\"lib-link__link\" href=\"https:\/\/www.udir.no\/lk20\/HSF01-03\" target=\"\" rel=\"noopener\">\n\t\t\t\t\n\t\t\t\t<div class=\"lib-link__text-content\">\n\t\t\t\t\t<span class=\"lib-link__tagline\">\n\t\t\t\t\t\tles ogs\u00e5\n\t\t\t\t\t<\/span>\n\n\t\t\t\t\t<h3 class=\"lib-link__title\">\n\t\t\t\t\t\tL\u00e6replan i Vg1 Helse- og oppvekstfag\n\t\t\t\t\t<\/h3>\n\n\t\t\t\t\t\n\t\t\t<span class=\"lib-link__link-source\">\n\t\t\t\twww.udir.no\n\t\t\t\t<svg xmlns=\"http:\/\/www.w3.org\/2000\/svg\" viewBox=\"0 0 24 24\" height=\"24\" width=\"24\" class=\"t2-icon t2-icon-linkexternal\" aria-hidden=\"true\" focusable=\"false\"><path d=\"M5 21c-.5 0-1-.2-1.4-.6S3 19.6 3 19V5c0-.6.2-1 .6-1.4S4.5 3 5 3h6c.3 0 .5.1.7.3.2.2.3.4.3.7 0 .3-.1.5-.3.7-.2.2-.4.3-.7.3H5v14h14v-6c0-.3.1-.5.3-.7.2-.2.4-.3.7-.3s.5.1.7.3c.2.2.3.4.3.7v6c0 .6-.2 1-.6 1.4s-.8.6-1.4.6H5zm4-6c-.2-.2-.3-.4-.3-.7s.1-.5.3-.7L17.6 5H15c-.3 0-.5-.1-.7-.3-.2-.2-.3-.4-.3-.7 0-.3.1-.5.3-.7.2-.2.4-.3.7-.3h5c.3 0 .5.1.7.3.2.2.3.4.3.7v5c0 .3-.1.5-.3.7-.2.2-.4.3-.7.3s-.5-.1-.7-.3c-.2-.2-.3-.4-.3-.7V6.4L10.4 15c-.2.2-.4.3-.7.3s-.5-.1-.7-.3z\" fill=\"currentColor\" \/><\/svg>\n\t\t\t<\/span>\n\t\t\t\t<\/div>\n\t\t\t<\/a>\n\t\t<\/div>\n\n\n<h2 class=\"wp-block-heading\" id=\"h-1-helsefremmende-arbeid\">1. <strong>Helsefremmende arbeid<\/strong><\/h2>\n\n\n\n<p>Dette omr\u00e5det handler om \u00e5 forst\u00e5 sammenhengen mellom livsstil og helse. Hovedomr\u00e5det vektlegger ivaretakelse av hele mennesket og en bevisstgj\u00f8ring om \u00e5 ta vare p\u00e5 egen fysisk- og psykisk helse, for \u00e5 kunne st\u00e5 i yrket.<\/p>\n\n\n\n<h2 id=\"2-yrkesforstaelse-og-yrkesidentitet\"  class=\"wp-block-heading\" >2. Yrkesforst\u00e5else og yrkesidentitet<\/h2>\n\n\n\n<p>Dette dreier seg om kunnskap om de ulike yrkenes egenart og hvilke krav som stilles til yrkesut\u00f8velsen. Rettigheter og plikter som gjelder arbeidslivet st\u00e5r sentralt her.<\/p>\n\n\n\n<h2 id=\"3-kommunikasjon-og-samhandling\"  class=\"wp-block-heading\" >3. Kommunikasjon og samhandling<\/h2>\n\n\n\n<p>Samspill og samhandling mellom mennesker av ulik kulturtilh\u00f8righet, religion, livsf\u00f8rsel og funksjonsniv\u00e5 er et hovedomr\u00e5de i dette programmet, og bygger p\u00e5 kunnskaper eleven har tilegnet seg i norsk. Omr\u00e5det handler ogs\u00e5 om empati, ansvarlighet og n\u00f8yaktighet.<\/p>\n\n\n\n<h2 id=\"4-yrkesfaglig-fordypning\"  class=\"wp-block-heading\" >4. Yrkesfaglig fordypning<\/h2>\n\n\n\n<p>Dette faget skal bidra til \u00e5 introdusere elevene for arbeidslivet og aktuelle yrker for det programomr\u00e5det de g\u00e5r p\u00e5. Oppl\u00e6ringen i faget vil foreg\u00e5 p\u00e5 ulike arenaer. En mulighet er \u00e5&nbsp;v\u00e6re i praksis i en bedrift&nbsp;1 dag i uken.&nbsp;<br><br>N\u00e5r du har fullf\u00f8rt og best\u00e5tt Vg1 Helse- og&nbsp;oppvekstfag kan&nbsp;<strong>Bl\u00e5 Kors videreg\u00e5ende skole, Grimstad&nbsp;<\/strong>tilby deg f\u00f8lgende&nbsp;to Vg2 l\u00f8p:&nbsp;<\/p>\n\n\n<div class=\"blakors-link-list aligncenter wp-block-blakors-link-list\">\n\t\t\t\n\t\t\t\n\t\t\t<div class=\"blakors-link-list__items\">\n\t\t\t\t\n<div class=\"blakors-link-list-item alignwide wp-block-blakors-link-list-item has-background\">\n\t\t\t<a class=\"blakors-link-list-item__holder\" href=\"https:\/\/www.blakors.no\/videregaende-skole-grimstad\/vg2-barne-og-ungdomsarbeiderfag\/\" rel=\"\">\n\t\t\t\t<div class=\"blakors-link-list-item__content\">\n\t\t\t\t\t<div class=\"blakors-link-list-item__content-inner\">\n\t\t\t\t\t\t<div class=\"title-wrap\">\n\t\t\t\t\t\t\t<h3 class=\"blakors-link-list-item__title\">\n\t\t\t\t\t\t\t\tVg2 Barne- og ungdomsarbeiderfaget\n\t\t\t\t\t\t\t<\/h3>\n\t\t\t\t\t\t\t<svg\n\t\t\t\t\t\t\t\txmlns=\"http:\/\/www.w3.org\/2000\/svg\"\n\t\t\t\t\t\t\t\twidth=\"14\"\n\t\t\t\t\t\t\t\theight=\"12.92\"\n\t\t\t\t\t\t\t\tviewBox=\"0 0 14 12.92\"\n\t\t\t\t\t\t\t>\n\t\t\t\t\t\t\t\t<path\n\t\t\t\t\t\t\t\t\td=\"M7.14-6.58,1.34-.12-.4-1.62,1.84-4.06A8.352,8.352,0,0,1,3.56-5.52H-6.86V-7.64H3.54a7.7,7.7,0,0,1-.84-.61,10.977,10.977,0,0,1-.86-.85L-.4-11.54l1.74-1.5Z\"\n\t\t\t\t\t\t\t\t\ttransform=\"translate(6.86 13.04)\"\n\t\t\t\t\t\t\t\t\tfill=\"#0d76bc\"\n\t\t\t\t\t\t\t\t\/>\n\t\t\t\t\t\t\t<\/svg>\n\t\t\t\t\t\t<\/div>\n\t\t\t\t\t\t\n\t\t\t\t\t<\/div>\n\t\t\t\t<\/div>\n\t\t\t<\/a>\n\t\t<\/div>\n\n<div class=\"blakors-link-list-item alignwide wp-block-blakors-link-list-item has-background\">\n\t\t\t<a class=\"blakors-link-list-item__holder\" href=\"https:\/\/www.blakors.no\/videregaende-skole-grimstad\/vg2-helsearbeiderfag\/\" rel=\"\">\n\t\t\t\t<div class=\"blakors-link-list-item__content\">\n\t\t\t\t\t<div class=\"blakors-link-list-item__content-inner\">\n\t\t\t\t\t\t<div class=\"title-wrap\">\n\t\t\t\t\t\t\t<h3 class=\"blakors-link-list-item__title\">\n\t\t\t\t\t\t\t\tVg2 Helsearbeiderfaget\n\t\t\t\t\t\t\t<\/h3>\n\t\t\t\t\t\t\t<svg\n\t\t\t\t\t\t\t\txmlns=\"http:\/\/www.w3.org\/2000\/svg\"\n\t\t\t\t\t\t\t\twidth=\"14\"\n\t\t\t\t\t\t\t\theight=\"12.92\"\n\t\t\t\t\t\t\t\tviewBox=\"0 0 14 12.92\"\n\t\t\t\t\t\t\t>\n\t\t\t\t\t\t\t\t<path\n\t\t\t\t\t\t\t\t\td=\"M7.14-6.58,1.34-.12-.4-1.62,1.84-4.06A8.352,8.352,0,0,1,3.56-5.52H-6.86V-7.64H3.54a7.7,7.7,0,0,1-.84-.61,10.977,10.977,0,0,1-.86-.85L-.4-11.54l1.74-1.5Z\"\n\t\t\t\t\t\t\t\t\ttransform=\"translate(6.86 13.04)\"\n\t\t\t\t\t\t\t\t\tfill=\"#0d76bc\"\n\t\t\t\t\t\t\t\t\/>\n\t\t\t\t\t\t\t<\/svg>\n\t\t\t\t\t\t<\/div>\n\t\t\t\t\t\t\n\t\t\t\t\t<\/div>\n\t\t\t\t<\/div>\n\t\t\t<\/a>\n\t\t<\/div>\n\n\t\t\t<\/div>\n\t\t<\/div>\n\n\n<h2 id=\"andre-alternativer-er\"  class=\"wp-block-heading\" ><strong>Andre alternativer er:<\/strong><\/h2>\n\n\n\n<ul class=\"wp-block-list\">\n<li>ambulansearbeider<\/li>\n\n\n\n<li>apotektekniker<\/li>\n\n\n\n<li>fotterapeut<\/li>\n\n\n\n<li>helsekret\u00e6r<\/li>\n\n\n\n<li>hudpleier<\/li>\n\n\n\n<li>IKT servicemedarbeider<\/li>\n\n\n\n<li>ortopedtekniker<\/li>\n\n\n\n<li>tannhelsesekret\u00e6r&nbsp;&nbsp;&nbsp;<\/li>\n<\/ul>\n\n\n\n<p><strong>Studienummer: HSHSF1<\/strong><\/p>\n\n\n\n<div class=\"wp-block-buttons is-horizontal is-content-justification-center is-layout-flex wp-container-core-buttons-is-layout-499968f5 wp-block-buttons-is-layout-flex\">\n<div class=\"wp-block-button is-style-primary\"><a class=\"wp-block-button__link wp-element-button\" href=\"https:\/\/www.blakors.no\/videregaende-skole-grimstad\/sok-skoleplass\/\">S\u00f8k skoleplass<\/a><\/div>\n<\/div>\n","protected":false},"excerpt":{"rendered":"<p>Tar du utdannelsen din&nbsp;innen&nbsp;helse- og oppvekstfag har du mulighet til \u00e5 jobbe i mange forskjellige yrker&nbsp;knyttet til helse og oppvekstsektoren. Utdannelsen f\u00f8rer fram til yrker hvor egne holdninger,&nbsp;gode kommunikasjonsevner og respekt for medmennesker er viktige faktorer.&nbsp; Det at du har innsikt&nbsp;i og kunnskap om&nbsp;helsefremmende arbeid, livsstilssykdommer, arbeidsmilj\u00f8 og kulturforskjeller kan gj\u00f8re deg til en god [&hellip;]<\/p>\n","protected":false},"author":23,"featured_media":647,"parent":0,"menu_order":0,"comment_status":"closed","ping_status":"closed","template":"","meta":{"_acf_changed":false,"_relevanssi_hide_post":"","_relevanssi_hide_content":"","_relevanssi_pin_for_all":"on","_relevanssi_pin_keywords":"Vg1 helse- og oppvekstfag, helse- og oppvekstfag, helsefag","_relevanssi_unpin_keywords":"","_relevanssi_related_keywords":"","_relevanssi_related_include_ids":"","_relevanssi_related_exclude_ids":"","_relevanssi_related_no_append":"","_relevanssi_related_not_related":"","_relevanssi_related_posts":"1","_relevanssi_noindex_reason":"","_custom_cards_description":"","footnotes":""},"class_list":["post-81","page","type-page","status-publish","has-post-thumbnail","hentry"],"acf":[],"_links":{"self":[{"href":"https:\/\/www.blakors.no\/videregaende-skole-grimstad\/wp-json\/wp\/v2\/pages\/81","targetHints":{"allow":["GET"]}}],"collection":[{"href":"https:\/\/www.blakors.no\/videregaende-skole-grimstad\/wp-json\/wp\/v2\/pages"}],"about":[{"href":"https:\/\/www.blakors.no\/videregaende-skole-grimstad\/wp-json\/wp\/v2\/types\/page"}],"author":[{"embeddable":true,"href":"https:\/\/www.blakors.no\/videregaende-skole-grimstad\/wp-json\/wp\/v2\/users\/23"}],"replies":[{"embeddable":true,"href":"https:\/\/www.blakors.no\/videregaende-skole-grimstad\/wp-json\/wp\/v2\/comments?post=81"}],"version-history":[{"count":4,"href":"https:\/\/www.blakors.no\/videregaende-skole-grimstad\/wp-json\/wp\/v2\/pages\/81\/revisions"}],"predecessor-version":[{"id":2164,"href":"https:\/\/www.blakors.no\/videregaende-skole-grimstad\/wp-json\/wp\/v2\/pages\/81\/revisions\/2164"}],"wp:featuredmedia":[{"embeddable":true,"href":"https:\/\/www.blakors.no\/videregaende-skole-grimstad\/wp-json\/wp\/v2\/media\/647"}],"wp:attachment":[{"href":"https:\/\/www.blakors.no\/videregaende-skole-grimstad\/wp-json\/wp\/v2\/media?parent=81"}],"curies":[{"name":"wp","href":"https:\/\/api.w.org\/{rel}","templated":true}]}}