{"id":87,"date":"2021-08-24T09:27:13","date_gmt":"2021-08-24T07:27:13","guid":{"rendered":"https:\/\/www.blakors.no\/videregaende-skole-grimstad\/?page_id=87"},"modified":"2021-11-04T08:07:26","modified_gmt":"2021-11-04T07:07:26","slug":"vg1-salg-service-og-reiseliv","status":"publish","type":"page","link":"https:\/\/www.blakors.no\/videregaende-skole-grimstad\/vg1-salg-service-og-reiseliv\/","title":{"rendered":"Vg1 Salg, service og reiseliv"},"content":{"rendered":"<div class=\"custom-block-banner alignwide contenthalf\"><div class=\"banner-image\" style=\"background-image:url(https:\/\/www.blakors.no\/content\/uploads\/sites\/24\/2021\/09\/Salg-service-og-reiseliv-1024x682.jpg)\"><\/div><div class=\"banner-inner\"><div><h1 id=\"vg1-salg-service-og-reiseliv\"  class=\"title small \" >Vg1 Salg, service og reiseliv<\/h1><p>Dette er et spennende studie med mange yrkesmuligheter. Det kan v\u00e6re alt fra \u00e5 jobbe i butikk, til kontor, med sikkerhet og reiseliv.<\/p><div class=\"wp-block-button is-style-primary small\"><a class=\"wp-block-button__link\" href=\"https:\/\/www.blakors.no\/videregaende-skole-grimstad\/sok-skoleplass\/\" target=\"\">S\u00f8k skoleplass<\/a><\/div><\/div><\/div><\/div>\n\n\n<p>Vg1 Salg, service og reiseliv gir deg en smakebit innenfor ulike yrker, der kommunikasjon og service blir vektlagt. Du b\u00f8r v\u00e6re interessert i \u00e5 arbeide med mennesker, \u00e5pen for ulike kulturer og tradisjoner, sosial og serviceinnstilt. <\/p>\n\n\n\n<p id=\"h-etter-to-r-kan-du-g-ut-i-l-re-som-l-rling-og-avslutte-med-et-fagbrev-p-vg1-starter-du-med-en-grunnutdanning-innen-dette-fagomr-det\">Etter 2 \u00e5r kan du g\u00e5 ut som l\u00e6rling, og avslutte med et fagbrev. P\u00e5 Vg1 starter du med en grunnutdanning innen dette fagomr\u00e5det.<\/p>\n\n\n\n<div class=\"wp-block-lib-accentuated-link\"><a class=\"lib-link__link\" href=\"https:\/\/www.udir.no\/lk20\/ssr01-01\" rel=\"noreferrer noopener\" target=\"_blank\"><div class=\"lib-link__text-content\"><h6 id=\"les-ogsa\"  class=\"lib-link__tagline\" >les ogs\u00e5<\/h6><h3 id=\"laereplan-i-vg1-salg-service-og-reiseliv\"  class=\"lib-link__title\" >L\u00e6replan i vg1 Salg, service og reiseliv<\/h3><span class=\"lib-link__link-source\">www.udir.no<SVG viewBox=\"0 0 13 13\" xmlns=\"http:\/\/www.w3.org\/2000\/svg\" width=\"16\" height=\"16\">\n\t\t<Path d=\"M12.5,0h.15l0,0,0,0,0,0,0,0,0,0v0h0l0,0L12.85.15a.27.27,0,0,1,.07.08.08.08,0,0,1,0,0,.08.08,0,0,1,0,0s0,0,0,0A.43.43,0,0,1,13,.4h0v0a.09.09,0,0,1,0,0v4a.5.5,0,0,1-1,.09V1.71L5.52,8.19a.51.51,0,0,1-.71,0,.5.5,0,0,1,0-.64l0-.07L11.29,1H8.5A.5.5,0,0,1,8,.59V.5A.5.5,0,0,1,8.41,0H12.5ZM5.83,2a.5.5,0,0,1,.5.5A.49.49,0,0,1,5.92,3H1.83a.87.87,0,0,0-.59.24A.8.8,0,0,0,1,3.72v7.45a.87.87,0,0,0,.24.59.8.8,0,0,0,.48.23H9.17a.87.87,0,0,0,.59-.24.8.8,0,0,0,.23-.48V7.17a.5.5,0,0,1,.5-.5.49.49,0,0,1,.49.41v4.09a1.8,1.8,0,0,1-.54,1.29A1.76,1.76,0,0,1,9.33,13H1.83a1.8,1.8,0,0,1-1.29-.54A1.76,1.76,0,0,1,0,11.33V3.83A1.8,1.8,0,0,1,.54,2.54,1.76,1.76,0,0,1,1.67,2H5.83Z\"\/>\n<\/SVG>\n<\/span><\/div><\/a><\/div>\n\n\n\n<h2 class=\"wp-block-heading\" id=\"h-dette-l-rer-du\">Dette l\u00e6rer du:<\/h2>\n\n\n\n<p>N\u00e6ringslivet og forbrukerne stiller stadig \u00f8kende krav. Det gjelder effektivitet, sikker og milj\u00f8vennlig forflytting av mennesker og leveranse av varer og tjenester.<\/p>\n\n\n\n<p>Oppl\u00e6ringen i felles programfag i Salg, service og reiseliv skal bidra til utvikling av kompetanse som m\u00f8ter disse kravene, til n\u00e6ringslivets, forbrukernes og samfunnets beste. Oppl\u00e6ringen skal fremme god service og kommunikasjon i virksomheters drift og produksjon.<\/p>\n\n\n\n<p>Salg, service og reiseliv er en aktuell utdannelse som gir mange muligheter for videre utdanning og jobb. Her kombineres teoretisk kunnskap med praktisk erfaring. Utdanningsprogrammet er et godt utgangspunkt enten du har en dr\u00f8m om \u00e5 starte egen bedrift, til \u00e5 jobbe i butikk eller p\u00e5 kontor.<\/p>\n\n\n\n<p><strong>Du l\u00e6rer om \u00f8konomisk og b\u00e6rekraftig drift, markedsf\u00f8ring, entrepren\u00f8rskap og innovasjon, administrasjon og digitale verkt\u00f8y, reiseliv, salg og service, samt planlegging og gjennomf\u00f8ring av sikkerhetstiltak.<\/strong><\/p>\n\n\n\n<h2 class=\"wp-block-heading\" id=\"h-interessert-i-jobbe-med-mennesker\">Interessert i \u00e5 jobbe med mennesker?<\/h2>\n\n\n\n<p>Liker du \u00e5 jobbe strukturert og mot resultater? Er du interessert i \u00e5 jobbe med kunder? Etter Vg1 Salg, service og reiseliv kan du velge <a href=\"https:\/\/www.blakors.no\/videregaende-skole-grimstad\/vg2-salg-og-reiseliv\/\">Vg2 Salg og reiseliv<\/a>. Etter disse 2 \u00e5rene p\u00e5 skole kan du velge 2 \u00e5r med oppl\u00e6ring i bedrift (l\u00e6rling) og ta et fagbrev, eller du kan ta p\u00e5bygg og f\u00e5 generell studiekompetanse.<\/p>\n\n\n\n<div class=\"wp-block-lib-accentuated-link\"><a class=\"lib-link__link\" href=\"https:\/\/www.blakors.no\/videregaende-skole-grimstad\/vg3-pabygging-til-generell-studiekompetanse\/\" rel=\"noreferrer noopener\" target=\"_blank\"><div class=\"lib-link__text-content\"><h6 id=\"les-mer\"  class=\"lib-link__tagline\" >Les mer<\/h6><h3 id=\"pabygging-til-generell-studiekompetanse\"  class=\"lib-link__title\" >P\u00e5bygging til generell studiekompetanse<\/h3><\/div><\/a><\/div>\n\n\n\n<p><strong>Studienummer: SRSSR1<\/strong><\/p>\n\n\n\n<div class=\"wp-block-buttons is-content-justification-center is-layout-flex wp-block-buttons-is-layout-flex\">\n<div class=\"wp-block-button is-style-primary\"><a class=\"wp-block-button__link\" href=\"https:\/\/www.blakors.no\/videregaende-skole-grimstad\/sok-skoleplass\/\">S\u00f8k skoleplass<\/a><\/div>\n<\/div>\n\n\n\n<div class=\"wp-block-lib-header alignfull hide\"><div class=\"image-wrapper\"><img decoding=\"async\" src=\"https:\/\/www.blakors.no\/content\/uploads\/sites\/24\/2021\/09\/Salg-service-og-reiseliv.jpg\"\/><\/div><div class=\"header-innercontent\"><\/div><\/div>\n","protected":false},"excerpt":{"rendered":"<p>Vg1 Salg, service og reiseliv gir deg en smakebit innenfor ulike yrker, der kommunikasjon og service blir vektlagt. Du b\u00f8r v\u00e6re interessert i \u00e5 arbeide med mennesker, \u00e5pen for ulike kulturer og tradisjoner, sosial og serviceinnstilt. Etter 2 \u00e5r kan du g\u00e5 ut som l\u00e6rling, og avslutte med et fagbrev. P\u00e5 Vg1 starter du med [&hellip;]<\/p>\n","protected":false},"author":23,"featured_media":900,"parent":0,"menu_order":0,"comment_status":"closed","ping_status":"closed","template":"","meta":{"_acf_changed":false,"_relevanssi_hide_post":"","_relevanssi_hide_content":"","_relevanssi_pin_for_all":"on","_relevanssi_pin_keywords":"Vg1 salg, service og reiseliv, reiselivsfag, salg og service","_relevanssi_unpin_keywords":"","_relevanssi_related_keywords":"","_relevanssi_related_include_ids":"","_relevanssi_related_exclude_ids":"","_relevanssi_related_no_append":"","_relevanssi_related_not_related":"","_relevanssi_related_posts":"1","_relevanssi_noindex_reason":"","_custom_cards_description":"","footnotes":""},"class_list":["post-87","page","type-page","status-publish","has-post-thumbnail","hentry"],"acf":[],"_links":{"self":[{"href":"https:\/\/www.blakors.no\/videregaende-skole-grimstad\/wp-json\/wp\/v2\/pages\/87","targetHints":{"allow":["GET"]}}],"collection":[{"href":"https:\/\/www.blakors.no\/videregaende-skole-grimstad\/wp-json\/wp\/v2\/pages"}],"about":[{"href":"https:\/\/www.blakors.no\/videregaende-skole-grimstad\/wp-json\/wp\/v2\/types\/page"}],"author":[{"embeddable":true,"href":"https:\/\/www.blakors.no\/videregaende-skole-grimstad\/wp-json\/wp\/v2\/users\/23"}],"replies":[{"embeddable":true,"href":"https:\/\/www.blakors.no\/videregaende-skole-grimstad\/wp-json\/wp\/v2\/comments?post=87"}],"version-history":[{"count":45,"href":"https:\/\/www.blakors.no\/videregaende-skole-grimstad\/wp-json\/wp\/v2\/pages\/87\/revisions"}],"predecessor-version":[{"id":1573,"href":"https:\/\/www.blakors.no\/videregaende-skole-grimstad\/wp-json\/wp\/v2\/pages\/87\/revisions\/1573"}],"wp:featuredmedia":[{"embeddable":true,"href":"https:\/\/www.blakors.no\/videregaende-skole-grimstad\/wp-json\/wp\/v2\/media\/900"}],"wp:attachment":[{"href":"https:\/\/www.blakors.no\/videregaende-skole-grimstad\/wp-json\/wp\/v2\/media?parent=87"}],"curies":[{"name":"wp","href":"https:\/\/api.w.org\/{rel}","templated":true}]}}