{"id":36,"date":"2022-06-01T13:42:44","date_gmt":"2022-06-01T11:42:44","guid":{"rendered":"https:\/\/www.blakors.no\/videregaende-skole-ovrebo\/?page_id=36"},"modified":"2025-03-07T10:05:35","modified_gmt":"2025-03-07T09:05:35","slug":"sok-skoleplass","status":"publish","type":"page","link":"https:\/\/www.blakors.no\/videregaende-skole-ovrebo\/sok-skoleplass\/","title":{"rendered":"S\u00f8k skoleplass"},"content":{"rendered":"\n<div class=\"wp-block-lib-header alignfull hide\"><div class=\"header-innercontent\"><\/div><\/div>\n\n\n<div class=\"custom-block-banner alignwide contenthalf\"><div class=\"banner-image\" style=\"background-image:url(https:\/\/www.blakors.no\/content\/uploads\/sites\/30\/2022\/09\/Sma\u030a-klasserom-1024x670.jpg)\"><\/div><div class=\"banner-inner\"><div><h1 id=\"sok-skoleplass\"  class=\"title large \" >S\u00f8k skoleplass<\/h1><p>Bl\u00e5 Kors videreg\u00e5ende skole, \u00d8vreb\u00f8 er en skole for elever med dokumentert behov for s\u00e6rskilt tilrettelagt oppl\u00e6ring. Velkommen som s\u00f8ker! <\/p><div class=\"wp-block-button is-style-primary small\"><a class=\"wp-block-button__link\" href=\"https:\/\/ovrebo.iskole.net\/jet_iskole_soker\/\" target=\"\" rel=\"noopener\">Klikk her for \u00e5 s\u00f8ke! <\/a><\/div><\/div><\/div><\/div>\n\n\n\t\t<div class=\"wp-block-lib-accentuated-link\">\n\t\t\t<a class=\"lib-link__link\" href=\"https:\/\/www.blakors.no\/videregaende-skole-ovrebo\/inntaksreglement\/\" target=\"\" rel=\"\">\n\t\t\t\t\n\t\t\t\t<div class=\"lib-link__text-content\">\n\t\t\t\t\t<span class=\"lib-link__tagline\">\n\t\t\t\t\t\tles ogs\u00e5\n\t\t\t\t\t<\/span>\n\n\t\t\t\t\t<h3 class=\"lib-link__title\">\n\t\t\t\t\t\tInntaksreglement\n\t\t\t\t\t<\/h3>\n\n\t\t\t\t\t\n\t\t\t\t<\/div>\n\t\t\t<\/a>\n\t\t<\/div>\n\n\n<h2 class=\"wp-block-heading\" id=\"h-viktig-a-huske\">Viktig \u00e5 huske<\/h2>\n\n\n\n<p>For \u00e5 v\u00e6re en reell s\u00f8ker, m\u00e5 du ogs\u00e5 sende dokumentasjon p\u00e5 behov for tilrettelegging og utskrift av karakterer fra tidligere skoler innen 15.mars \u00e5ret du s\u00f8ker.<\/p>\n\n\n\n<h2 class=\"wp-block-heading\" id=\"h-tilleggsskjema\">Tilleggsskjema<\/h2>\n\n\n\n<p>Her ligger tilleggsskjema for inns\u00f8king. Fylles ut av PPT, r\u00e5dgiver, ABUP, sosiall\u00e6rer, helsesykepleier eller andre instanser:<\/p>\n\n\n\n<div class=\"wp-block-file\"><a href=\"https:\/\/www.blakors.no\/content\/uploads\/sites\/30\/2022\/09\/tilleggskjema-for-innsoking-til-ovrebo-vgs-002-1.docx\">Tilleggsskjema for inns\u00f8king<\/a><a href=\"https:\/\/www.blakors.no\/content\/uploads\/sites\/30\/2022\/09\/tilleggskjema-for-innsoking-til-ovrebo-vgs-002-1.docx\" class=\"wp-block-file__button wp-element-button\" download>Last ned<\/a><\/div>\n\n\n\n<p>Dette sendes til \u00d8vreb\u00f8 videreg\u00e5ende skole, Lolandsvegen 37, 4715 \u00d8vreb\u00f8<\/p>\n\n\n\n\t\t<div class=\"wp-block-blakors-expanding-fact-box\">\n\t\t\t<h3 id=\"hvorfor-soke\"  class=\"blakors-fact-box__title\" >Hvorfor s\u00f8ke?<\/h3>\n\t\t\t<div class=\"blakors-fact-box__content\">\n\t\t\t\t\n\n<ul class=\"wp-block-list\">\n<li>Elever som mangler motivasjon og tro p\u00e5 egne evner<\/li>\n\n\n\n<li>Elever med d\u00e5rlig erfaring fra tidligere skolegang og manglende opplevelser av mestring<\/li>\n\n\n\n<li>Elever med stort frav\u00e6r og kunnskapshull fra tidligere skolegang<\/li>\n\n\n\n<li>Elever med skolevegring<\/li>\n\n\n\n<li>Elever som har lite struktur og manglende st\u00f8tte hjemmefra<\/li>\n\n\n\n<li>Elever med sammensatte l\u00e6revansker<\/li>\n\n\n\n<li>Elever med psykiske vansker<\/li>\n\n\n\n<li>Elever med nedsatt funksjonsevne<\/li>\n\n\n\n<li>Elever med sosiale og emosjonelle vansker<\/li>\n<\/ul>\n\n\n\t\t\t<\/div>\n\t\t\t<div class=\"blakors-fact-box__toggle\">\n\t\t\t\t<button class=\"blakors-fact-box__button\"><svg xmlns=\"http:\/\/www.w3.org\/2000\/svg\" viewBox=\"0 0 17.367 17.367\"><path d=\"M0-8.684v-2.133H13.2L7.16-16.91l1.523-1.523L17.367-9.75,8.684-1.066,7.109-2.59,13.2-8.684Z\" transform=\"translate(0 18.434)\" \/><\/svg><\/button>\n\t\t\t<\/div>\n\t\t<\/div>\n\n\n<div class=\"custom-block-factbox is-style-green\">\n\t<p>Den pedagogiske plattformen er preget av et helhetlig menneskesyn og verdier som respekt, anerkjennelse, inkludering og omsorg st\u00e5r sentralt. Som elev f\u00e5r du blant annet:<\/p>\n<ul>\n<li>Sm\u00e5 klasser med inntil 12 elever<\/li>\n<li>God faglig oppf\u00f8lging<\/li>\n<li>Undervisning tilpasset ditt niv\u00e5 og dine forutsetninger<\/li>\n<li>Tett oppf\u00f8lging av sosialr\u00e5dgiver<\/li>\n<li>Ikke lekser<\/li>\n<li>Mulighet til \u00e5 velg mellom 2 ulike kropps\u00f8vingsl\u00f8p<\/li>\n<li>Tilrettelegging for gode m\u00e5ltider<\/li>\n<li>Transport til og fra skolen i skolens egne busser med ansatte som sj\u00e5f\u00f8rer<\/li>\n<li>Vurdering 4 ganger i \u00e5ret (en gang per modul)<\/li>\n<li>Stort fokus p\u00e5 l\u00e6ringsmilj\u00f8 og sosialpedagogisk arbeid<\/li>\n<\/ul>\n<\/div>\n","protected":false},"excerpt":{"rendered":"<p>Viktig \u00e5 huske For \u00e5 v\u00e6re en reell s\u00f8ker, m\u00e5 du ogs\u00e5 sende dokumentasjon p\u00e5 behov for tilrettelegging og utskrift av karakterer fra tidligere skoler innen 15.mars \u00e5ret du s\u00f8ker. Tilleggsskjema Her ligger tilleggsskjema for inns\u00f8king. Fylles ut av PPT, r\u00e5dgiver, ABUP, sosiall\u00e6rer, helsesykepleier eller andre instanser: Dette sendes til \u00d8vreb\u00f8 videreg\u00e5ende skole, Lolandsvegen 37, [&hellip;]<\/p>\n","protected":false},"author":23,"featured_media":0,"parent":0,"menu_order":0,"comment_status":"closed","ping_status":"closed","template":"","meta":{"_acf_changed":false,"_relevanssi_hide_post":"","_relevanssi_hide_content":"","_relevanssi_pin_for_all":"","_relevanssi_pin_keywords":"","_relevanssi_unpin_keywords":"","_relevanssi_related_keywords":"","_relevanssi_related_include_ids":"","_relevanssi_related_exclude_ids":"","_relevanssi_related_no_append":"","_relevanssi_related_not_related":"","_relevanssi_related_posts":"1","_relevanssi_noindex_reason":"","_custom_cards_description":"","footnotes":""},"class_list":["post-36","page","type-page","status-publish","hentry"],"acf":[],"_links":{"self":[{"href":"https:\/\/www.blakors.no\/videregaende-skole-ovrebo\/wp-json\/wp\/v2\/pages\/36","targetHints":{"allow":["GET"]}}],"collection":[{"href":"https:\/\/www.blakors.no\/videregaende-skole-ovrebo\/wp-json\/wp\/v2\/pages"}],"about":[{"href":"https:\/\/www.blakors.no\/videregaende-skole-ovrebo\/wp-json\/wp\/v2\/types\/page"}],"author":[{"embeddable":true,"href":"https:\/\/www.blakors.no\/videregaende-skole-ovrebo\/wp-json\/wp\/v2\/users\/23"}],"replies":[{"embeddable":true,"href":"https:\/\/www.blakors.no\/videregaende-skole-ovrebo\/wp-json\/wp\/v2\/comments?post=36"}],"version-history":[{"count":5,"href":"https:\/\/www.blakors.no\/videregaende-skole-ovrebo\/wp-json\/wp\/v2\/pages\/36\/revisions"}],"predecessor-version":[{"id":1282,"href":"https:\/\/www.blakors.no\/videregaende-skole-ovrebo\/wp-json\/wp\/v2\/pages\/36\/revisions\/1282"}],"wp:attachment":[{"href":"https:\/\/www.blakors.no\/videregaende-skole-ovrebo\/wp-json\/wp\/v2\/media?parent=36"}],"curies":[{"name":"wp","href":"https:\/\/api.w.org\/{rel}","templated":true}]}}