{"id":50,"date":"2022-06-01T13:46:48","date_gmt":"2022-06-01T11:46:48","guid":{"rendered":"https:\/\/www.blakors.no\/videregaende-skole-ovrebo\/?page_id=50"},"modified":"2024-10-11T10:14:21","modified_gmt":"2024-10-11T08:14:21","slug":"eksamen","status":"publish","type":"page","link":"https:\/\/www.blakors.no\/videregaende-skole-ovrebo\/eksamen\/","title":{"rendered":"Eksamen"},"content":{"rendered":"\n<div class=\"wp-block-lib-header alignfull hide\"><div class=\"header-innercontent\"><\/div><\/div>\n\n\n<p>P\u00e5 alle yrkesfaglige utdanningsprogram skal alle elever p\u00e5 Vg2 opp til en obligatorisk tverrfaglig\u00a0<b>eksamen<\/b>\u00a0i programfag. I tillegg skal cirka 20 % av elevene p\u00e5 Vg1 og Vg2 trekkes ut til\u00a0<b>eksamen<\/b>\u00a0i ett fag. Andelen p\u00e5 20 % skal ses over en to-\u00e5rs periode. Denne trekkordningen er definert av Utdanningsdirektoratet.<\/p>\n<p>Hos Bl\u00e5 Kors videreg\u00e5ende skole \u00d8vreb\u00f8 kan du f\u00e5 tilrettelagt eksamen. Sosialr\u00e5dgiver p\u00e5 din avdeling vil hjelpe deg med \u00e5 ordne dette.\u00a0<\/p>\n<p>\u00a0<\/p>\n<p>\u00a0<\/p>","protected":false},"excerpt":{"rendered":"<p>P\u00e5 alle yrkesfaglige utdanningsprogram skal alle elever p\u00e5 Vg2 opp til en obligatorisk tverrfaglig\u00a0eksamen\u00a0i programfag. I tillegg skal cirka 20 % av elevene p\u00e5 Vg1 og Vg2 trekkes ut til\u00a0eksamen\u00a0i ett fag. Andelen p\u00e5 20 % skal ses over en to-\u00e5rs periode. Denne trekkordningen er definert av Utdanningsdirektoratet. Hos Bl\u00e5 Kors videreg\u00e5ende skole \u00d8vreb\u00f8 kan [&hellip;]<\/p>\n","protected":false},"author":23,"featured_media":0,"parent":0,"menu_order":0,"comment_status":"closed","ping_status":"closed","template":"","meta":{"_acf_changed":false,"_relevanssi_hide_post":"","_relevanssi_hide_content":"","_relevanssi_pin_for_all":"","_relevanssi_pin_keywords":"","_relevanssi_unpin_keywords":"","_relevanssi_related_keywords":"","_relevanssi_related_include_ids":"","_relevanssi_related_exclude_ids":"","_relevanssi_related_no_append":"","_relevanssi_related_not_related":"","_relevanssi_related_posts":"1","_relevanssi_noindex_reason":"","_custom_cards_description":"","footnotes":""},"class_list":["post-50","page","type-page","status-publish","hentry"],"acf":[],"_links":{"self":[{"href":"https:\/\/www.blakors.no\/videregaende-skole-ovrebo\/wp-json\/wp\/v2\/pages\/50","targetHints":{"allow":["GET"]}}],"collection":[{"href":"https:\/\/www.blakors.no\/videregaende-skole-ovrebo\/wp-json\/wp\/v2\/pages"}],"about":[{"href":"https:\/\/www.blakors.no\/videregaende-skole-ovrebo\/wp-json\/wp\/v2\/types\/page"}],"author":[{"embeddable":true,"href":"https:\/\/www.blakors.no\/videregaende-skole-ovrebo\/wp-json\/wp\/v2\/users\/23"}],"replies":[{"embeddable":true,"href":"https:\/\/www.blakors.no\/videregaende-skole-ovrebo\/wp-json\/wp\/v2\/comments?post=50"}],"version-history":[{"count":5,"href":"https:\/\/www.blakors.no\/videregaende-skole-ovrebo\/wp-json\/wp\/v2\/pages\/50\/revisions"}],"predecessor-version":[{"id":1100,"href":"https:\/\/www.blakors.no\/videregaende-skole-ovrebo\/wp-json\/wp\/v2\/pages\/50\/revisions\/1100"}],"wp:attachment":[{"href":"https:\/\/www.blakors.no\/videregaende-skole-ovrebo\/wp-json\/wp\/v2\/media?parent=50"}],"curies":[{"name":"wp","href":"https:\/\/api.w.org\/{rel}","templated":true}]}}