{"id":64,"date":"2022-06-01T13:54:02","date_gmt":"2022-06-01T11:54:02","guid":{"rendered":"https:\/\/www.blakors.no\/videregaende-skole-ovrebo\/?page_id=64"},"modified":"2025-07-30T09:23:55","modified_gmt":"2025-07-30T07:23:55","slug":"skolehelsetjenesten","status":"publish","type":"page","link":"https:\/\/www.blakors.no\/videregaende-skole-ovrebo\/skolehelsetjenesten\/","title":{"rendered":"Skolehelsetjenesten"},"content":{"rendered":"\n<div class=\"wp-block-lib-header alignfull hide\"><div class=\"header-innercontent\"><\/div><\/div>\n\n\n\n<p>Oppgaven til helsesykepleier i videreg\u00e5ende skole er \u00e5 drive helsefremmende og forebyggende arbeid i skolen. Fokuset er p\u00e5 fysisk, psykisk og seksuell helse.<\/p>\n\n\n\n<p>Skolehelsetjenesten \u00f8nsker \u00e5 medvirke til at ungdommene aktivt er med p\u00e5 \u00e5 p\u00e5virke eget liv, slik at den enkelte skal oppleve god helse\/trivsel og bli mest mulig tilfreds.<\/p>\n\n\n\n<p>Dette gj\u00f8res gjennom opplysningsvirksomhet og&nbsp;veiledning, individuelt eller i grupper. En viktig del av arbeidet er \u00e5 v\u00e6re til stede for den enkelte elev n\u00e5r de tar kontakt for samtale, r\u00e5d og veiledning.<\/p>\n\n\n\n<p>Helsetjenesten samarbeider med ulike instanser og deltar i noen av skolens m\u00f8ter. Skolehelsetjenesten har selvsagt taushetsplikt.<\/p>\n\n\n\n<p>Helsesykepleier kan ogs\u00e5 skrive ut resepter p\u00e5 prevensjon, ta graviditetstest og klamydiatest (v\/urinpr\u00f8ve) p\u00e5 de som m\u00e5tte ha behov for det. Tjenesten er gratis.<\/p>\n\n\n<div class=\"no-image wp-block-blakors-person-cards\">\n\t\t\t\n<div class=\"t2-featured-single-post compact-card-template t2-featured-content is-post-type-person compact-card-template wp-block-t2-featured-single-post\"><figure class=\"t2-post-featured-image has-image-ratio-1-1 wp-block-t2-post-featured-image\"><img decoding=\"async\" sizes=\"(min-width: 782px) 768px, 100vw\" class=\"fallback\" loading=\"lazy\" src=\"https:\/\/www.blakors.no\/content\/themes\/blakors\/assets\/icons\/t2-post-featured-image.svg\"><\/figure>\n\n<div class=\"wp-block-group alignfull is-layout-flow wp-block-group-is-layout-flow\">\n\t<div class=\"t2-post-dynamic-part is-source-filter filter-person_card_meta post-meta wp-block-t2-post-dynamic-part\"><div class=\"title\"><h2 id=\"kari-mygland-michaelsen\"  class=\"t2-post-title wp-block-t2-post-title\" >Kari Mygland Michaelsen<\/h2><p class=\"position\">Helsesykepleier<\/p><\/div><div class=\"contact-info\"><p class=\"phone\"><a href=\"tel:+4798299860\">+47 982 99 860<\/a><\/p><\/div><\/div>\n<\/div>\n\n<\/div>\n\n\t\t<\/div>\n\n\n<p>Kari er ogs\u00e5 p\u00e5 Snapchat: karihelsesykepl<\/p>\n\n\n\n<p>Hun er tilstede annenhver fredag.<\/p>\n","protected":false},"excerpt":{"rendered":"<p>Oppgaven til helsesykepleier i videreg\u00e5ende skole er \u00e5 drive helsefremmende og forebyggende arbeid i skolen. Fokuset er p\u00e5 fysisk, psykisk og seksuell helse. Skolehelsetjenesten \u00f8nsker \u00e5 medvirke til at ungdommene aktivt er med p\u00e5 \u00e5 p\u00e5virke eget liv, slik at den enkelte skal oppleve god helse\/trivsel og bli mest mulig tilfreds. Dette gj\u00f8res gjennom opplysningsvirksomhet [&hellip;]<\/p>\n","protected":false},"author":23,"featured_media":0,"parent":0,"menu_order":0,"comment_status":"closed","ping_status":"closed","template":"","meta":{"_acf_changed":false,"_relevanssi_hide_post":"","_relevanssi_hide_content":"","_relevanssi_pin_for_all":"","_relevanssi_pin_keywords":"","_relevanssi_unpin_keywords":"","_relevanssi_related_keywords":"","_relevanssi_related_include_ids":"","_relevanssi_related_exclude_ids":"","_relevanssi_related_no_append":"","_relevanssi_related_not_related":"","_relevanssi_related_posts":"1","_relevanssi_noindex_reason":"","_custom_cards_description":"","footnotes":""},"class_list":["post-64","page","type-page","status-publish","hentry"],"acf":[],"_links":{"self":[{"href":"https:\/\/www.blakors.no\/videregaende-skole-ovrebo\/wp-json\/wp\/v2\/pages\/64","targetHints":{"allow":["GET"]}}],"collection":[{"href":"https:\/\/www.blakors.no\/videregaende-skole-ovrebo\/wp-json\/wp\/v2\/pages"}],"about":[{"href":"https:\/\/www.blakors.no\/videregaende-skole-ovrebo\/wp-json\/wp\/v2\/types\/page"}],"author":[{"embeddable":true,"href":"https:\/\/www.blakors.no\/videregaende-skole-ovrebo\/wp-json\/wp\/v2\/users\/23"}],"replies":[{"embeddable":true,"href":"https:\/\/www.blakors.no\/videregaende-skole-ovrebo\/wp-json\/wp\/v2\/comments?post=64"}],"version-history":[{"count":5,"href":"https:\/\/www.blakors.no\/videregaende-skole-ovrebo\/wp-json\/wp\/v2\/pages\/64\/revisions"}],"predecessor-version":[{"id":1471,"href":"https:\/\/www.blakors.no\/videregaende-skole-ovrebo\/wp-json\/wp\/v2\/pages\/64\/revisions\/1471"}],"wp:attachment":[{"href":"https:\/\/www.blakors.no\/videregaende-skole-ovrebo\/wp-json\/wp\/v2\/media?parent=64"}],"curies":[{"name":"wp","href":"https:\/\/api.w.org\/{rel}","templated":true}]}}